000
CXUS52 KMHX 011822
CF6MRH
PRELIMINARY LOCAL CLIMATOLOGICAL DATA (WS FORM: F-6)
STATION: BEAUFORT/SMITH FIELD NC
MONTH: FEBRUARY
YEAR: 2024
LATITUDE: 34 43 N
LONGITUDE: 76 39 W
TEMPERATURE IN F: :PCPN: SNOW: WIND :SUNSHINE: SKY :PK WND
================================================================================
1 2 3 4 5 6A 6B 7 8 9 10 11 12 13 14 15 16 17 18
12Z AVG MX 2MIN
DY MAX MIN AVG DEP HDD CDD WTR SNW DPTH SPD SPD DIR MIN PSBL S-S WX SPD DR
================================================================================
1 59 40 50 4 15 0 0.00 0.0 0 9.7 17 340 M M 0 25 10
2 61 46 54 8 11 0 0.00 0.0 0 8.9 20 50 M M 2 28 20
3 54 40 47 1 18 0 0.00 0.0 0 10.0 21 10 M M 1 28 360
4 55 35 45 -2 20 0 0.00 0.0 0 7.8 16 50 M M 0 27 50
5 58 44 51 4 14 0 0.00 0.0 0 12.6 21 20 M M 4 32 20
6 54 42 48 1 17 0 0.00 0.0 M 21.1 32 20 M M 4 46 10
7 52 37 45 -2 20 0 0.00 0.0 M 14.7 23 10 M M 2 35 20
8 57 36 47 0 18 0 0.00 0.0 M 3.8 13 10 M M 0 19 20
9 57 41 49 2 16 0 0.00 0.0 M 4.1 10 210 M M 1 M M
10 65 53 59 12 6 0 0.00 0.0 M 10.2 18 210 M M 1 27 210
11 66 53 60 12 5 0 0.01 0.0 0 9.5 21 200 M M 4 29 210
12 62 56 59 11 6 0 1.11 0.0 0 4.3 12 150 M M 10 12 18 150
13 64 43 54 6 11 0 T 0.0 0 16.1 36 270 M M 4 13 48 270
14 63 40 52 4 13 0 0.00 0.0 0 7.2 20 340 M M 0 27 310
15 58 38 48 0 17 0 0.00 0.0 0 M M M M M M M M
16 67 50 59 11 6 0 0.00 0.0 0 6.7 14 80 M M 0 20 90
17 60 44 52 4 13 0 0.00 0.0 0 10.6 25 320 M M 2 31 310
18 50 38 44 -5 21 0 0.00 0.0 0 6.0 13 360 M M 0 17 360
19 56 39 48 -1 17 0 0.00 0.0 0 9.8 20 30 M M 1 29 30
20 57 43 50 1 15 0 0.00 0.0 0 13.8 24 10 M M 3 33 10
21 59 40 50 1 15 0 0.00 0.0 0 12.0 23 360 M M 1 29 20
22 58 36 47 -2 18 0 0.00 0.0 0 7.5 14 200 M M 0 1 21 210
23 60 52 56 6 9 0 0.21 0.0 0 14.4 22 280 M M 4 18 34 250
24 64 44 54 4 11 0 0.00 0.0 0 6.2 14 320 M M 4 12 19 320
25 56 36 46 -4 19 0 0.00 0.0 0 6.9 15 20 M M 2 22 20
26 62 35 49 -1 16 0 0.00 0.0 0 9.5 17 220 M M 1 M M
27 69 53 61 11 4 0 0.02 0.0 0 11.2 17 210 M M 2 21 180
28 67 61 64 14 1 0 0.03 0.0 0 18.4 29 210 M M 7 1 40 190
29 62 44 53 2 12 0 0.03 0.0 0 10.2 28 330 M M 2 1 39 310
================================================================================
SM 1732 1259 384 0 1.41 0.0 283.2 M 62
================================================================================
AV 59.7 43.4 10.1 FASTST M M 2 MAX(MPH)
MISC ----> 36 270 48 270
================================================================================
NOTES:
# LAST OF SEVERAL OCCURRENCES
COLUMN 17 PEAK WIND IN M.P.H.
PRELIMINARY LOCAL CLIMATOLOGICAL DATA (WS FORM: F-6) , PAGE 2
STATION: BEAUFORT/SMITH FIELD NC
MONTH: FEBRUARY
YEAR: 2024
LATITUDE: 34 43 N
LONGITUDE: 76 39 W
[TEMPERATURE DATA] [PRECIPITATION DATA] SYMBOLS USED IN COLUMN 16
AVERAGE MONTHLY: 51.6 TOTAL FOR MONTH: 1.41 1 = FOG OR MIST
DPTR FM NORMAL: 3.4 DPTR FM NORMAL: -1.92 2 = FOG REDUCING VISIBILITY
HIGHEST: 69 ON 27 GRTST 24HR 1.11 ON 12-12 TO 1/4 MILE OR LESS
LOWEST: 35 ON 26, 4 3 = THUNDER
SNOW, ICE PELLETS, HAIL 4 = ICE PELLETS
TOTAL MONTH: 0.0 INCH 5 = HAIL
GRTST 24HR 0.0 6 = FREEZING RAIN OR DRIZZLE
GRTST DEPTH: 0 7 = DUSTSTORM OR SANDSTORM:
VSBY 1/2 MILE OR LESS
8 = SMOKE OR HAZE
[NO. OF DAYS WITH] [WEATHER - DAYS WITH] 9 = BLOWING SNOW
X = TORNADO
MAX 32 OR BELOW: 0 0.01 INCH OR MORE: 6
MAX 90 OR ABOVE: 0 0.10 INCH OR MORE: 2
MIN 32 OR BELOW: 0 0.50 INCH OR MORE: 1
MIN 0 OR BELOW: 0 1.00 INCH OR MORE: 1
[HDD (BASE 65) ]
TOTAL THIS MO. 384 CLEAR (SCALE 0-3) 20
DPTR FM NORMAL -88 PTCLDY (SCALE 4-7) 7
TOTAL FM JUL 1 1536 CLOUDY (SCALE 8-10) 2
DPTR FM NORMAL -368
[CDD (BASE 65) ]
TOTAL THIS MO. 0
DPTR FM NORMAL -1 [PRESSURE DATA]
TOTAL FM JAN 1 3 HIGHEST SLP 30.49 ON 29
DPTR FM NORMAL 2 LOWEST SLP 29.38 ON 13
[REMARKS]
#FINAL-02-24#