000
CXUS56 KMTR 010900
CF6MRY
PRELIMINARY LOCAL CLIMATOLOGICAL DATA (WS FORM: F-6)
STATION: MONTEREY AIRPORT
MONTH: SEPTEMBER
YEAR: 2023
LATITUDE: 36 34 N
LONGITUDE: 121 51 W
TEMPERATURE IN F: :PCPN: SNOW: WIND :SUNSHINE: SKY :PK WND
================================================================================
1 2 3 4 5 6A 6B 7 8 9 10 11 12 13 14 15 16 17 18
12Z AVG MX 2MIN
DY MAX MIN AVG DEP HDD CDD WTR SNW DPTH SPD SPD DIR MIN PSBL S-S WX SPD DR
================================================================================
1 71 60 66 3 0 1 0.00 M M 6.4 15 250 M M 9 1 20 290
2 71 61 66 3 0 1 0.00 M M 3.0 12 250 M M 10 1 16 240
3 72 60 66 3 0 1 0.01 M M 5.1 14 290 M M 6 1 20 290
4 66 55 61 -2 4 0 0.00 M M 6.1 15 300 M M 5 12 20 300
5 69 54 62 -1 3 0 0.00 M M 6.0 15 230 M M 6 1 20 240
6 71 56 64 1 1 0 0.00 M M 7.2 16 270 M M 5 25 290
7 70 56 63 0 2 0 0.00 M M 4.1 14 340 M M 6 19 340
8 75 49 62 -1 3 0 0.00 M M 4.0 12 330 M M 6 12 15 340
9 69 52 61 -2 4 0 0.01 M M 4.6 13 270 M M 4 123 16 260
10 67 55 61 -2 4 0 0.00 M M 4.7 12 240 M M 5 18 18 340
11 67 50 59 -3 6 0 0.00 M M 7.8 16 260 M M 4 26 260
12 66 57 62 0 3 0 0.00 M M 7.4 13 280 M M 9 1 19 260
13 67 56 62 0 3 0 0.00 M M 5.5 15 260 M M 9 1 21 240
14 67 56 62 0 3 0 0.00 M M 5.2 15 270 M M 9 1 20 270
15 67 60 64 2 1 0 0.00 M M 5.0 15 270 M M 10 18 22 280
16 69 61 65 3 0 0 0.00 M M 4.4 14 260 M M 9 23 230
17 73 58 66 4 0 1 0.00 M M 5.1 14 270 M M 3 20 260
18 72 52 62 0 3 0 0.00 M M 4.8 14 310 M M 1 12 19 330
19 70 53 62 0 3 0 0.00 M M 5.1 14 270 M M 4 128 21 340
20 68 58 63 1 2 0 0.00 M M 7.1 20 250 M M 7 18 27 240
21 70 54 62 0 3 0 0.00 M M 7.4 18 260 M M 4 8 25 260
22 67 50 59 -3 6 0 0.00 M M 4.2 15 250 M M 6 18 21 250
23 67 52 60 -2 5 0 0.00 M M 5.5 15 260 M M 5 8 20 250
24 67 52 60 -2 5 0 0.00 M M 5.6 14 300 M M 5 19 260
25 72 53 63 1 2 0 0.00 M M 6.8 17 270 M M 0 22 270
26 71 59 65 3 0 0 0.00 M M 5.7 13 270 M M 4 18 250
27 70 52 61 -1 4 0 0.00 M M 6.7 17 270 M M 2 1 30 270
28 68 56 62 0 3 0 0.00 M M 6.2 15 270 M M 4 19 290
29 70 56 63 1 2 0 0.00 M M 8.0 16 260 M M 8 1 21 260
30 61 56 59 -3 6 0 0.04 M M 8.0 15 260 M M 10 1 23 240
================================================================================
SM 2070 1659 81 4 0.06 M 172.7 M 175
================================================================================
AV 69.0 55.3 5.8 FASTST M M 6 MAX(MPH)
MISC ----> 20 250 30 270
================================================================================
NOTES:
# LAST OF SEVERAL OCCURRENCES
COLUMN 17 PEAK WIND IN M.P.H.
PRELIMINARY LOCAL CLIMATOLOGICAL DATA (WS FORM: F-6) , PAGE 2
STATION: MONTEREY AIRPORT
MONTH: SEPTEMBER
YEAR: 2023
LATITUDE: 36 34 N
LONGITUDE: 121 51 W
[TEMPERATURE DATA] [PRECIPITATION DATA] SYMBOLS USED IN COLUMN 16
AVERAGE MONTHLY: 62.2 TOTAL FOR MONTH: 0.06 1 = FOG OR MIST
DPTR FM NORMAL: -0.2 DPTR FM NORMAL: -0.01 2 = FOG REDUCING VISIBILITY
HIGHEST: 75 ON 8 GRTST 24HR 0.04 ON 30-30 TO 1/4 MILE OR LESS
LOWEST: 49 ON 8 3 = THUNDER
SNOW, ICE PELLETS, HAIL 4 = ICE PELLETS
TOTAL MONTH: M 5 = HAIL
GRTST 24HR M ON M 6 = FREEZING RAIN OR DRIZZLE
GRTST DEPTH: M ON M 7 = DUSTSTORM OR SANDSTORM:
VSBY 1/2 MILE OR LESS
8 = SMOKE OR HAZE
[NO. OF DAYS WITH] [WEATHER - DAYS WITH] 9 = BLOWING SNOW
X = TORNADO
MAX 32 OR BELOW: 0 0.01 INCH OR MORE: 3
MAX 90 OR ABOVE: 0 0.10 INCH OR MORE: 0
MIN 32 OR BELOW: 0 0.50 INCH OR MORE: 0
MIN 0 OR BELOW: 0 1.00 INCH OR MORE: 0
[HDD (BASE 65) ]
TOTAL THIS MO. 81 CLEAR (SCALE 0-3) 4
DPTR FM NORMAL -21 PTCLDY (SCALE 4-7) 17
TOTAL FM JUL 1 278 CLOUDY (SCALE 8-10) 9
DPTR FM NORMAL -28
[CDD (BASE 65) ]
TOTAL THIS MO. 4
DPTR FM NORMAL -18 [PRESSURE DATA]
TOTAL FM JAN 1 33 HIGHEST SLP M ON M
DPTR FM NORMAL -23 LOWEST SLP 29.84 ON 30
[REMARKS]
#FINAL-09-23#