000
CXUS54 KHUN 010810
CF6MSL
PRELIMINARY LOCAL CLIMATOLOGICAL DATA (WS FORM: F-6)
STATION: MUSCLE SHOALS
MONTH: AUGUST
YEAR: 2022
LATITUDE: 34 45 N
LONGITUDE: 87 37 W
TEMPERATURE IN F: :PCPN: SNOW: WIND :SUNSHINE: SKY :PK WND
================================================================================
1 2 3 4 5 6A 6B 7 8 9 10 11 12 13 14 15 16 17 18
12Z AVG MX 2MIN
DY MAX MIN AVG DEP HDD CDD WTR SNW DPTH SPD SPD DIR MIN PSBL S-S WX SPD DR
================================================================================
1 86 74 80 -2 0 15 0.38 0.0 0 4.2 14 250 M M 5 1 20 260
2 94 72 83 1 0 18 0.00 0.0 0 3.2 17 210 M M 4 1 22 210
3 91 69 80 -2 0 15 0.00 0.0 0 4.2 10 190 M M 2 8 16 170
4 90 72 81 -1 0 16 0.00 0.0 0 5.0 13 190 M M 1 1 19 210
5 95 72 84 2 0 19 0.00 0.0 0 4.6 15 190 M M 2 21 180
6 97 72 85 4 0 20 0.45 0.0 0 3.5 25 140 M M 2 138 37 130
7 91 72 82 1 0 17 0.15 0.0 0 3.1 16 160 M M 1 13 22 170
8 95 70 83 2 0 18 0.63 0.0 0 3.7 22 290 M M 2 13 29 280
9 91 73 82 1 0 17 0.03 0.0 0 3.6 10 280 M M 1 3 14 280
10 86 72 79 -2 0 14 0.37 0.0 0 2.7 14 130 M M 4 13 23 120
11 90 71 81 0 0 16 0.00 0.0 0 2.8 13 40 M M 4 1 17 40
12 91 71 81 0 0 16 0.00 0.0 0 5.2 13 60 M M 1 1 18 90
13 89 64 77 -4 0 12 0.00 0.0 0 2.1 9 90 M M 0 14 40
14 94 63 79 -2 0 14 0.00 0.0 0 4.1 16 240 M M 1 1 20 260
15 96 71 84 3 0 19 0.00 0.0 0 6.5 18 290 M M 2 25 310
16 83 68 76 -5 0 11 T 0.0 0 3.7 12 20 M M 4 1 17 30
17 80 67 74 -7 0 9 0.02 0.0 0 2.8 8 40 M M 5 11 50
18 91 64 78 -3 0 13 0.00 0.0 0 1.9 10 70 M M 1 12 15 70
19 91 66 79 -1 0 14 0.00 0.0 0 3.5 10 210 M M 5 15 110
20 89 71 80 0 0 15 0.13 0.0 0 6.1 18 190 M M 6 13 25 170
21 83 73 78 -2 0 13 T 0.0 0 4.9 15 260 M M 5 1 19 270
22 86 73 80 0 0 15 0.00 0.0 0 4.0 16 180 M M 6 1 21 200
23 84 71 78 -2 0 13 0.00 0.0 0 2.9 10 240 M M 6 1 13 250
24 86 70 78 -2 0 13 T 0.0 0 2.5 13 150 M M 8 17 140
25 92 67 80 0 0 15 0.00 0.0 0 2.7 9 100 M M 5 1 14 30
26 92 71 82 2 0 17 0.00 0.0 0 2.7 12 340 M M 5 1 17 330
27 95 67 81 2 0 16 0.00 0.0 0 2.5 9 90 M M 2 12 14 120
28 96 70 83 4 0 18 0.00 0.0 0 4.9 15 160 M M 2 1 22 190
29 98 71 85 6 0 20 0.38 0.0 0 5.0 20 30 M M 3 13 28 340
30 93 72 83 4 0 18 0.01 0.0 0 2.4 13 320 M M 3 1 22 320
31 93 65 79 0 0 14 0.00 0.0 0 3.3 9 30 M M 1 12 16 10
================================================================================
SM 2808 2164 0 480 2.55 0.0 114.3 M 99
================================================================================
AV 90.6 69.8 3.7 FASTST M M 3 MAX(MPH)
MISC ----> 25 140 37 130
================================================================================
NOTES:
# LAST OF SEVERAL OCCURRENCES
COLUMN 17 PEAK WIND IN M.P.H.
PRELIMINARY LOCAL CLIMATOLOGICAL DATA (WS FORM: F-6) , PAGE 2
STATION: MUSCLE SHOALS
MONTH: AUGUST
YEAR: 2022
LATITUDE: 34 45 N
LONGITUDE: 87 37 W
[TEMPERATURE DATA] [PRECIPITATION DATA] SYMBOLS USED IN COLUMN 16
AVERAGE MONTHLY: 80.2 TOTAL FOR MONTH: 2.55 1 = FOG OR MIST
DPTR FM NORMAL: -0.3 DPTR FM NORMAL: -1.22 2 = FOG REDUCING VISIBILITY
HIGHEST: 98 ON 29 GRTST 24HR 0.63 ON 8- 8 TO 1/4 MILE OR LESS
LOWEST: 63 ON 14 3 = THUNDER
SNOW, ICE PELLETS, HAIL 4 = ICE PELLETS
TOTAL MONTH: 0.0 INCH 5 = HAIL
GRTST 24HR 0.0 6 = FREEZING RAIN OR DRIZZLE
GRTST DEPTH: 0 7 = DUSTSTORM OR SANDSTORM:
VSBY 1/2 MILE OR LESS
8 = SMOKE OR HAZE
[NO. OF DAYS WITH] [WEATHER - DAYS WITH] 9 = BLOWING SNOW
X = TORNADO
MAX 32 OR BELOW: 0 0.01 INCH OR MORE: 10
MAX 90 OR ABOVE: 21 0.10 INCH OR MORE: 7
MIN 32 OR BELOW: 0 0.50 INCH OR MORE: 1
MIN 0 OR BELOW: 0 1.00 INCH OR MORE: 0
[HDD (BASE 65) ]
TOTAL THIS MO. 0 CLEAR (SCALE 0-3) 17
DPTR FM NORMAL 0 PTCLDY (SCALE 4-7) 14
TOTAL FM JUL 1 0 CLOUDY (SCALE 8-10) 0
DPTR FM NORMAL 0
[CDD (BASE 65) ]
TOTAL THIS MO. 480
DPTR FM NORMAL -2 [PRESSURE DATA]
TOTAL FM JAN 1 1883 HIGHEST SLP M ON M
DPTR FM NORMAL 181 LOWEST SLP 29.84 ON 15
[REMARKS]
#FINAL-08-22#