000
CXUS54 KHUN 021712
CF6MSL
PRELIMINARY LOCAL CLIMATOLOGICAL DATA (WS FORM: F-6)
STATION: MUSCLE SHOALS
MONTH: JANUARY
YEAR: 2022
LATITUDE: 34 45 N
LONGITUDE: 87 37 W
TEMPERATURE IN F: :PCPN: SNOW: WIND :SUNSHINE: SKY :PK WND
================================================================================
1 2 3 4 5 6A 6B 7 8 9 10 11 12 13 14 15 16 17 18
12Z AVG MX 2MIN
DY MAX MIN AVG DEP HDD CDD WTR SNW DPTH SPD SPD DIR MIN PSBL S-S WX SPD DR
================================================================================
1 79 59 69 26 0 4 1.49 0.0 0 12.4 36 270 M M 9 138 42 270
2 60 32 46 3 19 0 0.30 0.5 0 9.6 18 290 M M 10 1 25 340
3 35 30 33 -10 32 0 T T 1 7.8 18 340 M M 10 1 30 350
4 50 26 38 -5 27 0 0.00 0.0 0 6.9 15 160 M M 3 1 20 220
5 57 35 46 3 19 0 0.00 0.0 0 4.2 14 210 M M 2 20 210
6 41 25 33 -10 32 0 0.37 0.0 0 8.5 16 340 M M 9 1 24 20
7 35 22 29 -14 36 0 0.00 0.0 0 6.2 13 20 M M 3 16 20
8 58 24 41 -2 24 0 0.00 0.0 0 9.5 21 150 M M 3 31 140
9 61 38 50 7 15 0 1.01 0.0 0 10.3 22 20 M M 9 18 32 20
10 49 29 39 -4 26 0 0.00 0.0 0 6.0 15 10 M M 0 23 30
11 49 28 39 -4 26 0 0.00 0.0 0 3.5 12 20 M M 0 16 20
12 58 26 42 -1 23 0 0.00 0.0 0 4.7 14 240 M M 0 17 260
13 61 38 50 7 15 0 0.00 0.0 0 6.7 16 300 M M 2 22 290
14 53 31 42 -1 23 0 0.00 0.0 0 1.2 6 100 M M 0 7 80
15 49 41 45 2 20 0 0.73 0.0 0 10.1 23 80 M M 10 1 32 80
16 44 33 39 -4 26 0 1.23 T 0 12.6 22 30 M M 8 1 33 30
17 39 28 34 -9 31 0 0.00 0.0 0 9.1 18 300 M M 7 1 24 300
18 55 26 41 -2 24 0 0.00 0.0 0 4.5 13 150 M M 0 1 16 150
19 67 41 54 11 11 0 1.32 0.0 0 9.5 23 200 M M 9 13 30 190
20 41 26 34 -9 31 0 0.01 0.0 0 12.7 21 20 M M 9 1 27 30
21 36 23 30 -13 35 0 0.00 0.0 0 8.4 15 20 M M 1 21 360
22 38 19 29 -14 36 0 0.00 0.0 0 3.2 8 90 M M 0 12 20
23 53 21 37 -6 28 0 0.00 0.0 0 6.0 16 270 M M 0 21 300
24 62 26 44 1 21 0 0.00 0.0 0 5.4 17 240 M M 0 21 230
25 53 29 41 -2 24 0 0.00 0.0 0 9.2 17 30 M M 2 22 30
26 41 23 32 -11 33 0 0.00 0.0 0 8.0 17 30 M M 0 26 10
27 56 23 40 -3 25 0 0.00 0.0 0 2.4 8 100 M M 2 10 100
28 47 27 37 -6 28 0 0.00 0.0 0 10.8 28 310 M M 5 39 310
29 40 20 30 -14 35 0 0.00 0.0 0 4.2 15 330 M M 1 20 320
30 61 25 43 -1 22 0 0.00 0.0 0 7.7 20 280 M M 0 26 280
31 63 26 45 1 20 0 0.00 0.0 0 4.3 9 100 M M 0 12 110
================================================================================
SM 1591 900 767 4 6.46 0.5 225.6 M 114
================================================================================
AV 51.3 29.0 7.3 FASTST M M 4 MAX(MPH)
MISC ----> 36 270 42 270
================================================================================
NOTES:
# LAST OF SEVERAL OCCURRENCES
COLUMN 17 PEAK WIND IN M.P.H.
PRELIMINARY LOCAL CLIMATOLOGICAL DATA (WS FORM: F-6) , PAGE 2
STATION: MUSCLE SHOALS
MONTH: JANUARY
YEAR: 2022
LATITUDE: 34 45 N
LONGITUDE: 87 37 W
[TEMPERATURE DATA] [PRECIPITATION DATA] SYMBOLS USED IN COLUMN 16
AVERAGE MONTHLY: 40.2 TOTAL FOR MONTH: 6.46 1 = FOG OR MIST
DPTR FM NORMAL: -2.7 DPTR FM NORMAL: 1.75 2 = FOG REDUCING VISIBILITY
HIGHEST: 79 ON 1 GRTST 24HR 1.76 ON 15-16 TO 1/4 MILE OR LESS
LOWEST: 19 ON 22 3 = THUNDER
SNOW, ICE PELLETS, HAIL 4 = ICE PELLETS
TOTAL MONTH: 0.5 INCH 5 = HAIL
GRTST 24HR 0.5 ON 2- 2 6 = FREEZING RAIN OR DRIZZLE
GRTST DEPTH: 1 ON 3 7 = DUSTSTORM OR SANDSTORM:
VSBY 1/2 MILE OR LESS
8 = SMOKE OR HAZE
[NO. OF DAYS WITH] [WEATHER - DAYS WITH] 9 = BLOWING SNOW
X = TORNADO
MAX 32 OR BELOW: 0 0.01 INCH OR MORE: 8
MAX 90 OR ABOVE: 0 0.10 INCH OR MORE: 7
MIN 32 OR BELOW: 24 0.50 INCH OR MORE: 5
MIN 0 OR BELOW: 0 1.00 INCH OR MORE: 4
[HDD (BASE 65) ]
TOTAL THIS MO. 767 CLEAR (SCALE 0-3) 19
DPTR FM NORMAL 83 PTCLDY (SCALE 4-7) 3
TOTAL FM JUL 1 1562 CLOUDY (SCALE 8-10) 9
DPTR FM NORMAL -242
[CDD (BASE 65) ]
TOTAL THIS MO. 4
DPTR FM NORMAL 3 [PRESSURE DATA]
TOTAL FM JAN 1 4 HIGHEST SLP 30.61 ON 10
DPTR FM NORMAL 3 LOWEST SLP 29.53 ON 1
[REMARKS] SNOWFALL AND SNOW DEPTH DATA FOR JANUARY 2ND AND 3RD WERE
TAKEN FROM THE MUSCLE SHOALS COOPERATIVE OBSERVER
(GHCND:USC00015751, MWPA1) AT THE MUSCLE SHOALS WATER TREATMENT
PLANT, WHICH IS LOCATED APPROXIMATELY 1.6 MILES NORTHWEST OF THE
MUSCLE SHOALS ASOS (KMSL).
#FINAL-01-22#