000
CXUS53 KMPX 020012
CLMMSP
CLIMATE REPORT
NATIONAL WEATHER SERVICE TWIN CITIES/CHANHASSEN MN
712 PM CDT SUN OCT 01 2023
...................................
...THE TWIN CITIES MN CLIMATE SUMMARY FOR THE MONTH OF SEPTEMBER 2023...
CLIMATE NORMAL PERIOD 1991 TO 2020
CLIMATE RECORD PERIOD 1871 TO 2023
WEATHER OBSERVED NORMAL DEPART LAST YEAR`S
VALUE DATE(S) VALUE FROM VALUE DATE(S)
NORMAL
................................................................
TEMPERATURE (F)
RECORD
HIGH 104 09/10/1931
LOW 26 09/22/1974
09/28/1942
09/30/1939
HIGHEST 98 09/04 80 18 92 09/20
LOWEST 47 09/13 43 4 37 09/28
AVG. MAXIMUM 78.0 72.9 5.1 75.8
AVG. MINIMUM 60.2 54.2 6.0 56.1
MEAN 69.1 63.5 5.6 66.0
DAYS MAX >= 90 5 1.0 4.0 1
DAYS MAX <= 32 0 0.0 0.0 0
DAYS MIN <= 32 0 0.2 -0.2 0
DAYS MIN <= 0 0 0.0 0.0 0
PRECIPITATION (INCHES)
RECORD
MAXIMUM 7.77 1903
MINIMUM 0.24 2022
TOTALS 5.72 3.02 2.70 0.24
DAILY AVG. 0.19 0.10 0.09 0.01
DAYS >= .01 11 9.3 1.7 4
DAYS >= .10 7 5.3 1.7 1
DAYS >= .50 3 1.9 1.1 0
DAYS >= 1.00 3 0.8 2.2 0
GREATEST
24 HR. TOTAL 1.90 09/25 TO 09/25
SNOWFALL (INCHES)
RECORDS
TOTAL 1.7 5
TOTALS 0.0 0.0 0.0 0.0
SINCE 7/1 T 0.0 0.0 MM
SNOWDEPTH AVG. 0 0
DAYS >= 1.0 0 0.0 0.0 0
GREATEST
SNOW DEPTH 0 0 MM
24 HR TOTAL MM
DEGREE DAYS
HEATING TOTAL 25 128 -103 83
SINCE 7/1 25 142 -117 MM
COOLING TOTAL 157 84 73 120
SINCE 1/1 1191 822 369 MM
................................................................
WIND (MPH)
AVERAGE WIND SPEED 8.7
HIGHEST WIND SPEED/DIRECTION 35/300 DATE 09/29
HIGHEST GUST SPEED/DIRECTION 65/300 DATE 09/29
SKY COVER
POSSIBLE SUNSHINE (PERCENT) MM
AVERAGE SKY COVER 0.57
NUMBER OF DAYS FAIR 6
NUMBER OF DAYS PC 14
NUMBER OF DAYS CLOUDY 10
AVERAGE RH (PERCENT) 66
WEATHER CONDITIONS. NUMBER OF DAYS WITH
THUNDERSTORM 7 MIXED PRECIP 0
HEAVY RAIN 3 RAIN 7
LIGHT RAIN 12 FREEZING RAIN 0
LT FREEZING RAIN 0 HAIL 0
HEAVY SNOW 0 SNOW 0
LIGHT SNOW 0 SLEET 0
FOG 11 FOG W/VIS <= 1/4 MILE 1
HAZE 7
- INDICATES NEGATIVE NUMBERS.
R INDICATES RECORD WAS SET OR TIED.
MM INDICATES DATA IS MISSING.
T INDICATES TRACE AMOUNT.
$$