000
CXUS55 KGJT 010910
CF6MTJ
PRELIMINARY LOCAL CLIMATOLOGICAL DATA (WS FORM: F-6)
STATION: MONTROSE CO
MONTH: APRIL
YEAR: 2023
LATITUDE: 38 30 N
LONGITUDE: 107 53 W
TEMPERATURE IN F: :PCPN: SNOW: WIND :SUNSHINE: SKY :PK WND
================================================================================
1 2 3 4 5 6A 6B 7 8 9 10 11 12 13 14 15 16 17 18
12Z AVG MX 2MIN
DY MAX MIN AVG DEP HDD CDD WTR SNW DPTH SPD SPD DIR MIN PSBL S-S WX SPD DR
================================================================================
1 59 27 43 -3 22 0 0.00 M M 8.9 22 210 M M 0 31 250
2 62 30 46 0 19 0 0.00 M M 10.0 24 220 M M 0 36 210
3 64 34 49 3 16 0 0.01 M M 17.3 40 220 M M 3 18 59 230
4 38 27 33 -13 32 0 T M M 11.3 26 220 M M 7 1 41 210
5 39 21 30 -17 35 0 0.00 M M 6.9 17 270 M M 4 23 290
6 48 18 33 -14 32 0 0.00 M M 4.9 13 130 M M 0 16 100
7 66 23 45 -2 20 0 0.00 M M 7.2 22 250 M M 0 31 250
8 62 33 48 1 17 0 0.00 M M 7.2 16 240 M M 5 22 220
9 66 32 49 1 16 0 0.00 M M 6.5 16 300 M M 0 21 310
10 72 32 52 4 13 0 0.00 M M 6.8 14 120 M M 0 16 150
11 79 36 58 10 7 0 0.00 M M 7.3 20 190 M M 0 26 200
12 77 44 61 13 4 0 0.00 M M 11.5 30 260 M M 1 44 260
13 69 48 59 11 6 0 0.00 M M 15.4 31 210 M M 2 48 160
14 50 33 42 -7 23 0 0.32 M M 7.1 26 250 M M 8 1 39 250
15 50 26 38 -11 27 0 0.00 M M 4.8 13 150 M M 0 16 150
16 63 26 45 -4 20 0 0.00 M M 5.6 13 140 M M 0 16 320
17 71 33 52 3 13 0 0.00 M M 8.9 23 240 M M 0 8 31 260
18 69 45 57 7 8 0 0.00 M M 15.0 39 210 M M 0 8 55 230
19 50 30 40 -10 25 0 T M M 10.5 25 310 M M 6 1 33 330
20 48 22 35 -15 30 0 0.00 M M 8.8 28 340 M M 4 37 340
21 53 22 38 -12 27 0 0.04 M M 7.0 22 200 M M 7 27 210
22 51 36 44 -7 21 0 0.02 M M 7.2 17 340 M M 10 24 340
23 60 31 46 -5 19 0 0.00 M M 6.1 13 350 M M 3 18 40
24 62 42 52 1 13 0 0.04 M M 8.0 35 320 M M 8 138 48 310
25 48 33 41 -11 24 0 0.37 M M 8.2 25 310 M M 9 1 35 310
26 58 33 46 -6 19 0 0.00 M M 5.2 15 150 M M 5 20 150
27 66 36 51 -1 14 0 0.00 M M 9.1 29 300 M M 2 36 310
28 60 36 48 -4 17 0 0.01 M M 9.3 28 310 M M 2 37 320
29 72 35 54 1 11 0 0.00 M M 6.9 15 140 M M 0 18 140
30 77 40 59 6 6 0 0.00 M M 7.4 21 310 M M 0 29 320
================================================================================
SM 1809 964 556 0 0.81 M 256.3 M 86
================================================================================
AV 60.3 32.1 8.5 FASTST M M 3 MAX(MPH)
MISC ----> 40 220 59 230
================================================================================
NOTES:
# LAST OF SEVERAL OCCURRENCES
COLUMN 17 PEAK WIND IN M.P.H.
PRELIMINARY LOCAL CLIMATOLOGICAL DATA (WS FORM: F-6) , PAGE 2
STATION: MONTROSE CO
MONTH: APRIL
YEAR: 2023
LATITUDE: 38 30 N
LONGITUDE: 107 53 W
[TEMPERATURE DATA] [PRECIPITATION DATA] SYMBOLS USED IN COLUMN 16
AVERAGE MONTHLY: 46.2 TOTAL FOR MONTH: 0.81 1 = FOG OR MIST
DPTR FM NORMAL: -3.0 DPTR FM NORMAL: 0.03 2 = FOG REDUCING VISIBILITY
HIGHEST: 79 ON 11 GRTST 24HR 0.37 ON 25-25 TO 1/4 MILE OR LESS
LOWEST: 18 ON 6 3 = THUNDER
SNOW, ICE PELLETS, HAIL 4 = ICE PELLETS
TOTAL MONTH: M 5 = HAIL
GRTST 24HR M ON M 6 = FREEZING RAIN OR DRIZZLE
GRTST DEPTH: M ON M 7 = DUSTSTORM OR SANDSTORM:
VSBY 1/2 MILE OR LESS
8 = SMOKE OR HAZE
[NO. OF DAYS WITH] [WEATHER - DAYS WITH] 9 = BLOWING SNOW
X = TORNADO
MAX 32 OR BELOW: 0 0.01 INCH OR MORE: 7
MAX 90 OR ABOVE: 0 0.10 INCH OR MORE: 2
MIN 32 OR BELOW: 14 0.50 INCH OR MORE: 0
MIN 0 OR BELOW: 0 1.00 INCH OR MORE: 0
[HDD (BASE 65) ]
TOTAL THIS MO. 556 CLEAR (SCALE 0-3) 19
DPTR FM NORMAL 80 PTCLDY (SCALE 4-7) 9
TOTAL FM JUL 1 6036 CLOUDY (SCALE 8-10) 2
DPTR FM NORMAL 276
[CDD (BASE 65) ]
TOTAL THIS MO. 0
DPTR FM NORMAL 0 [PRESSURE DATA]
TOTAL FM JAN 1 0 HIGHEST SLP M ON M
DPTR FM NORMAL 0 LOWEST SLP 29.12 ON 3
[REMARKS]
#FINAL-04-23#