000
CXUS55 KGJT 011010
CF6MTJ
PRELIMINARY LOCAL CLIMATOLOGICAL DATA (WS FORM: F-6)
STATION: MONTROSE CO
MONTH: NOVEMBER
YEAR: 2022
LATITUDE: 38 30 N
LONGITUDE: 107 53 W
TEMPERATURE IN F: :PCPN: SNOW: WIND :SUNSHINE: SKY :PK WND
================================================================================
1 2 3 4 5 6A 6B 7 8 9 10 11 12 13 14 15 16 17 18
12Z AVG MX 2MIN
DY MAX MIN AVG DEP HDD CDD WTR SNW DPTH SPD SPD DIR MIN PSBL S-S WX SPD DR
================================================================================
1 60 29 45 1 20 0 0.00 M M 5.8 14 110 M M 0 17 110
2 65 45 55 11 10 0 T M M 13.1 40 220 M M 2 8 61 220
3 47 31 39 -4 26 0 0.23 M M 8.8 24 260 M M 7 1 32 180
4 39 30 35 -8 30 0 0.01 M M 4.5 16 300 M M 8 1 21 310
5 47 30 39 -3 26 0 0.00 M M 2.2 9 160 M M 9 11 160
6 51 32 42 0 23 0 0.00 M M 4.9 14 150 M M 6 17 120
7 69 35 52 10 13 0 0.00 M M 7.3 21 210 M M 1 8 26 210
8 68 38 53 12 12 0 0.00 M M 11.4 28 210 M M 0 8 39 210
9 64 31 48 7 17 0 T M M 14.2 43 220 M M 4 18 64 220
10 42 24 33 -7 32 0 0.00 M M 5.6 16 310 M M 4 21 290
11 38 22 30 -10 35 0 0.00 M M 4.9 10 160 M M 3 12 160
12 40 18 29 -11 36 0 0.00 M M 4.2 10 150 M M 0 12 150
13 47 20 34 -5 31 0 0.00 M M 5.1 15 160 M M 1 19 160
14 40 21 31 -8 34 0 T M M 6.2 15 310 M M 6 19 300
15 36 17 27 -11 38 0 0.00 M M 5.5 13 330 M M 4 17 280
16 36 14 25 -13 40 0 0.00 M M 6.4 12 140 M M 0 13 140
17 41 13 27 -11 38 0 0.00 M M 5.3 10 330 M M 0 8 14 320
18 39 17 28 -9 37 0 0.00 M M 5.5 18 310 M M 1 8 24 310
19 37 12 25 -12 40 0 0.00 M M 6.4 12 170 M M 0 14 170
20 43 12 28 -8 37 0 0.00 M M 5.6 12 150 M M 0 14 170
21 45 13 29 -7 36 0 0.00 M M 6.2 12 160 M M 0 13 160
22 45 14 30 -5 35 0 0.00 M M 5.5 12 140 M M 0 12 140
23 40 13 27 -8 38 0 0.00 M M 5.3 12 330 M M 3 15 330
24 43 19 31 -3 34 0 0.00 M M 6.4 12 160 M M 1 17 330
25 45 17 31 -3 34 0 0.00 M M 5.1 13 150 M M 0 14 140
26 46 17 32 -2 33 0 0.08 M M 5.2 15 300 M M 3 1 20 300
27 39 23 31 -2 34 0 0.12 M M 3.9 9 180 M M 7 12 13 290
28 48 19 34 1 31 0 0.00 M M 12.8 39 230 M M 1 54 220
29 42 11 27 -5 38 0 0.13 M M 9.6 28 310 M M 5 12 42 230
30 40 7 24 -8 41 0 0.00 M M 5.5 13 170 M M 0 15 160
================================================================================
SM 1382 644 929 0 0.57 M 198.4 M 76
================================================================================
AV 46.1 21.5 6.6 FASTST M M 3 MAX(MPH)
MISC ----> 43 220 64 220
================================================================================
NOTES:
# LAST OF SEVERAL OCCURRENCES
COLUMN 17 PEAK WIND IN M.P.H.
PRELIMINARY LOCAL CLIMATOLOGICAL DATA (WS FORM: F-6) , PAGE 2
STATION: MONTROSE CO
MONTH: NOVEMBER
YEAR: 2022
LATITUDE: 38 30 N
LONGITUDE: 107 53 W
[TEMPERATURE DATA] [PRECIPITATION DATA] SYMBOLS USED IN COLUMN 16
AVERAGE MONTHLY: 33.8 TOTAL FOR MONTH: 0.57 1 = FOG OR MIST
DPTR FM NORMAL: -4.3 DPTR FM NORMAL: 0.01 2 = FOG REDUCING VISIBILITY
HIGHEST: 69 ON 7 GRTST 24HR 0.23 ON 3- 3 TO 1/4 MILE OR LESS
LOWEST: 7 ON 30 3 = THUNDER
SNOW, ICE PELLETS, HAIL 4 = ICE PELLETS
TOTAL MONTH: M 5 = HAIL
GRTST 24HR M ON M 6 = FREEZING RAIN OR DRIZZLE
GRTST DEPTH: M ON M 7 = DUSTSTORM OR SANDSTORM:
VSBY 1/2 MILE OR LESS
8 = SMOKE OR HAZE
[NO. OF DAYS WITH] [WEATHER - DAYS WITH] 9 = BLOWING SNOW
X = TORNADO
MAX 32 OR BELOW: 0 0.01 INCH OR MORE: 5
MAX 90 OR ABOVE: 0 0.10 INCH OR MORE: 3
MIN 32 OR BELOW: 27 0.50 INCH OR MORE: 0
MIN 0 OR BELOW: 0 1.00 INCH OR MORE: 0
[HDD (BASE 65) ]
TOTAL THIS MO. 929 CLEAR (SCALE 0-3) 19
DPTR FM NORMAL 122 PTCLDY (SCALE 4-7) 10
TOTAL FM JUL 1 1415 CLOUDY (SCALE 8-10) 1
DPTR FM NORMAL 59
[CDD (BASE 65) ]
TOTAL THIS MO. 0
DPTR FM NORMAL 0 [PRESSURE DATA]
TOTAL FM JAN 1 871 HIGHEST SLP 30.64 ON 16
DPTR FM NORMAL 172 LOWEST SLP 29.41 ON 29
[REMARKS]
#FINAL-11-22#