000
CXUS53 KILX 010900
CF6MTO
PRELIMINARY LOCAL CLIMATOLOGICAL DATA (WS FORM: F-6)
STATION: MATTOON IL AIRPORT
MONTH: MAY
YEAR: 2023
LATITUDE: 39 28 N
LONGITUDE: 88 17 W
TEMPERATURE IN F: :PCPN: SNOW: WIND :SUNSHINE: SKY :PK WND
================================================================================
1 2 3 4 5 6A 6B 7 8 9 10 11 12 13 14 15 16 17 18
12Z AVG MX 2MIN
DY MAX MIN AVG DEP HDD CDD WTR SNW DPTH SPD SPD DIR MIN PSBL S-S WX SPD DR
================================================================================
1 60 42 51 -8 14 0 0.00 M M 20.8 37 280 M M 7 53 270
2 63 42 53 -6 12 0 0.00 M M 16.9 35 280 M M 4 52 270
3 64 37 51 -9 14 0 0.00 M M 8.3 17 330 M M 0 29 290
4 72 40 56 -4 9 0 0.00 M M 4.5 12 170 M M 0 16 160
5 75 45 60 0 5 0 0.00 M M 9.5 20 150 M M 3 35 160
6 73 56 65 4 0 0 0.02 M M 11.7 23 140 M M 6 3 39 150
7 77 58 68 7 0 3 0.75 M M 13.5 47 20 M M 6 13 66 20
8 77 58 68 7 0 3 0.50 M M 9.8 46 310 M M 5 13 61 310
9 74 55 65 3 0 0 0.00 M M 9.2 17 60 M M 3 18 25 50
10 77 53 65 3 0 0 0.00 M M 7.7 12 140 M M 0 M M
11 80 57 69 7 0 4 0.00 M M 8.3 16 140 M M 0 22 150
12 79 65 72 9 0 7 T M M 7.6 14 200 M M 7 1 19 180
13 82 67 75 12 0 10 0.01 M M 4.7 17 10 M M 6 13 27 50
14 81 60 71 8 0 6 0.38 M M 6.9 18 60 M M 8 13 25 70
15 72 57 65 1 0 0 T M M 6.0 17 60 M M 7 22 60
16 69 55 62 -2 3 0 0.10 M M 7.3 16 360 M M 5 1 21 310
17 77 52 65 1 0 0 0.00 M M 7.0 13 50 M M 1 17 60
18 75 51 63 -2 2 0 0.00 M M 6.9 14 120 M M 1 17 130
19 80 58 69 4 0 4 0.16 M M 9.7 21 320 M M 6 18 31 270
20 71 48 60 -5 5 0 0.00 M M 10.0 17 10 M M 1 33 10
21 77 45 61 -5 4 0 0.00 M M 3.1 12 110 M M 0 15 120
22 78 50 64 -2 1 0 0.00 M M 2.6 12 140 M M 0 17 140
23 82 54 68 2 0 3 0.00 M M 3.6 15 100 M M 0 24 140
24 86 54 70 3 0 5 0.00 M M 5.8 18 50 M M 1 34 30
25 74 54 64 -3 1 0 0.00 M M 13.7 21 30 M M 0 35 30
26 77 42 60 -7 5 0 0.00 M M 8.1 20 50 M M 0 24 50
27 79 48 64 -4 1 0 0.00 M M 7.0 16 110 M M 0 26 130
28 81 52 67 -1 0 2 0.00 M M 3.1 12 60 M M 1 16 50
29 85 59 72 4 0 7 0.00 M M 4.0 15 120 M M 3 20 120
30 88 63 76 8 0 11 0.00 M M 4.7 12 100 M M 3 17 150
31 89 66 78 9 0 13 0.00 M M 6.2 15 130 M M 1 20 130
================================================================================
SM 2374 1643 76 78 1.92 M 248.2 M 85
================================================================================
AV 76.6 53.0 8.0 FASTST M M 3 MAX(MPH)
MISC ----> 47 20 66 20
================================================================================
NOTES:
# LAST OF SEVERAL OCCURRENCES
COLUMN 17 PEAK WIND IN M.P.H.
PRELIMINARY LOCAL CLIMATOLOGICAL DATA (WS FORM: F-6) , PAGE 2
STATION: MATTOON IL AIRPORT
MONTH: MAY
YEAR: 2023
LATITUDE: 39 28 N
LONGITUDE: 88 17 W
[TEMPERATURE DATA] [PRECIPITATION DATA] SYMBOLS USED IN COLUMN 16
AVERAGE MONTHLY: 64.8 TOTAL FOR MONTH: 1.92 1 = FOG OR MIST
DPTR FM NORMAL: 0.9 DPTR FM NORMAL: -1.94 2 = FOG REDUCING VISIBILITY
HIGHEST: 89 ON 31 GRTST 24HR 0.91 ON 7- 8 TO 1/4 MILE OR LESS
LOWEST: 37 ON 3 3 = THUNDER
SNOW, ICE PELLETS, HAIL 4 = ICE PELLETS
TOTAL MONTH: M 5 = HAIL
GRTST 24HR M ON M 6 = FREEZING RAIN OR DRIZZLE
GRTST DEPTH: M ON M 7 = DUSTSTORM OR SANDSTORM:
VSBY 1/2 MILE OR LESS
8 = SMOKE OR HAZE
[NO. OF DAYS WITH] [WEATHER - DAYS WITH] 9 = BLOWING SNOW
X = TORNADO
MAX 32 OR BELOW: 0 0.01 INCH OR MORE: 7
MAX 90 OR ABOVE: 0 0.10 INCH OR MORE: 5
MIN 32 OR BELOW: 0 0.50 INCH OR MORE: 2
MIN 0 OR BELOW: 0 1.00 INCH OR MORE: 0
[HDD (BASE 65) ]
TOTAL THIS MO. 76 CLEAR (SCALE 0-3) 18
DPTR FM NORMAL -48 PTCLDY (SCALE 4-7) 13
TOTAL FM JUL 1 4723 CLOUDY (SCALE 8-10) 0
DPTR FM NORMAL -562
[CDD (BASE 65) ]
TOTAL THIS MO. 78
DPTR FM NORMAL -13 [PRESSURE DATA]
TOTAL FM JAN 1 89 HIGHEST SLP 30.27 ON 26
DPTR FM NORMAL -17 LOWEST SLP 29.53 ON 1
[REMARKS]
#FINAL-05-23#