000
CXUS53 KILX 011428
CF6MTO
PRELIMINARY LOCAL CLIMATOLOGICAL DATA (WS FORM: F-6)
STATION: MATTOON IL AIRPORT
MONTH: NOVEMBER
YEAR: 2021
LATITUDE: 39 28 N
LONGITUDE: 88 17 W
TEMPERATURE IN F: :PCPN: SNOW: WIND :SUNSHINE: SKY :PK WND
================================================================================
1 2 3 4 5 6A 6B 7 8 9 10 11 12 13 14 15 16 17 18
12Z AVG MX 2MIN
DY MAX MIN AVG DEP HDD CDD WTR SNW DPTH SPD SPD DIR MIN PSBL S-S WX SPD DR
================================================================================
1 45 34 40 -9 25 0 0.00 M M 6.6 15 340 M M 7 20 350
2 49 32 41 -7 24 0 0.00 M M 7.3 16 330 M M 4 21 340
3 50 29 40 -8 25 0 0.00 M M 2.3 9 280 M M 3 12 290
4 51 27 39 -9 26 0 0.00 M M 3.0 10 20 M M 0 13 40
5 52 29 41 -6 24 0 0.00 M M 4.7 14 130 M M 0 1 21 140
6 57 29 43 -4 22 0 0.00 M M 5.9 13 200 M M 0 17 190
7 64 36 50 4 15 0 0.00 M M 8.7 14 190 M M 0 26 210
8 69 46 58 12 7 0 0.00 M M 9.0 15 200 M M 0 22 190
9 61 46 54 9 11 0 0.00 M M 6.0 12 200 M M 3 1 16 180
10 65 42 54 9 11 0 0.00 M M 8.0 15 180 M M 4 128 22 170
11 57 43 50 5 15 0 0.46 M M 11.5 24 280 M M 5 1 39 270
12 47 35 41 -3 24 0 T M M 14.1 26 290 M M 4 40 270
13 38 34 36 -8 29 0 T M M 11.0 23 290 M M 10 8 31 290
14 42 30 36 -7 29 0 0.12 M M 15.9 33 300 M M 9 1 44 310
15 47 29 38 -5 27 0 T M M 8.0 20 130 M M 4 25 160
16 61 32 47 4 18 0 0.00 M M 9.7 20 180 M M 2 31 160
17 65 43 54 12 11 0 0.17 M M 13.3 22 310 M M 8 1 30 200
18 44 26 35 -7 30 0 0.00 M M 12.9 26 290 M M 1 35 290
19 41 24 33 -9 32 0 0.00 M M 7.1 15 160 M M 0 20 150
20 52 35 44 3 21 0 0.02 M M 9.8 21 190 M M 4 28 160
21 55 33 44 3 21 0 0.32 M M 9.0 25 330 M M 5 13 33 310
22 37 25 31 -9 34 0 0.00 M M 8.6 18 330 M M 0 24 340
23 43 20 32 -8 33 0 0.00 M M 9.0 17 160 M M 0 24 170
24 55 37 46 6 19 0 T M M 14.7 23 180 M M 2 38 180
25 53 24 39 0 26 0 0.29 M M 15.4 25 290 M M 8 18 31 290
26 33 19 26 -13 39 0 0.00 M M 7.3 14 300 M M 3 21 160
27 48 31 40 1 25 0 0.00 M M 9.7 15 180 M M 3 22 190
28 44 27 36 -2 29 0 0.00 M M 10.5 24 310 M M 0 32 320
29 43 24 34 -4 31 0 T M M 9.3 18 170 M M 4 28 170
30 54 32 43 5 22 0 0.00 M M 6.6 14 210 M M 0 18 22 230
================================================================================
SM 1522 953 705 0 1.38 M 274.9 M 93
================================================================================
AV 50.7 31.8 9.2 FASTST M M 3 MAX(MPH)
MISC ----> 33 300 44 310
================================================================================
NOTES:
# LAST OF SEVERAL OCCURRENCES
COLUMN 17 PEAK WIND IN M.P.H.
PRELIMINARY LOCAL CLIMATOLOGICAL DATA (WS FORM: F-6) , PAGE 2
STATION: MATTOON IL AIRPORT
MONTH: NOVEMBER
YEAR: 2021
LATITUDE: 39 28 N
LONGITUDE: 88 17 W
[TEMPERATURE DATA] [PRECIPITATION DATA] SYMBOLS USED IN COLUMN 16
AVERAGE MONTHLY: 41.3 TOTAL FOR MONTH: 1.38 1 = FOG OR MIST
DPTR FM NORMAL: -1.7 DPTR FM NORMAL: -1.65 2 = FOG REDUCING VISIBILITY
HIGHEST: 69 ON 8 GRTST 24HR 0.46 ON 11-11 TO 1/4 MILE OR LESS
LOWEST: 19 ON 26 3 = THUNDER
SNOW, ICE PELLETS, HAIL 4 = ICE PELLETS
TOTAL MONTH: M 5 = HAIL
GRTST 24HR M ON M 6 = FREEZING RAIN OR DRIZZLE
GRTST DEPTH: M ON M 7 = DUSTSTORM OR SANDSTORM:
VSBY 1/2 MILE OR LESS
8 = SMOKE OR HAZE
[NO. OF DAYS WITH] [WEATHER - DAYS WITH] 9 = BLOWING SNOW
X = TORNADO
MAX 32 OR BELOW: 0 0.01 INCH OR MORE: 6
MAX 90 OR ABOVE: 0 0.10 INCH OR MORE: 5
MIN 32 OR BELOW: 18 0.50 INCH OR MORE: 0
MIN 0 OR BELOW: 0 1.00 INCH OR MORE: 0
[HDD (BASE 65) ]
TOTAL THIS MO. 705 CLEAR (SCALE 0-3) 17
DPTR FM NORMAL 43 PTCLDY (SCALE 4-7) 10
TOTAL FM JUL 1 910 CLOUDY (SCALE 8-10) 3
DPTR FM NORMAL -133
[CDD (BASE 65) ]
TOTAL THIS MO. 0
DPTR FM NORMAL -1 [PRESSURE DATA]
TOTAL FM JAN 1 1338 HIGHEST SLP 30.58 ON 19
DPTR FM NORMAL 221 LOWEST SLP 29.64 ON 11
[REMARKS]
#FINAL-11-21#