000
CXUS53 KILX 010900
CF6MTO
PRELIMINARY LOCAL CLIMATOLOGICAL DATA (WS FORM: F-6)
STATION: MATTOON IL AIRPORT
MONTH: JULY
YEAR: 2021
LATITUDE: 39 28 N
LONGITUDE: 88 17 W
TEMPERATURE IN F: :PCPN: SNOW: WIND :SUNSHINE: SKY :PK WND
================================================================================
1 2 3 4 5 6A 6B 7 8 9 10 11 12 13 14 15 16 17 18
12Z AVG MX 2MIN
DY MAX MIN AVG DEP HDD CDD WTR SNW DPTH SPD SPD DIR MIN PSBL S-S WX SPD DR
================================================================================
1 84 59 72 -3 0 7 0.01 M M 9.3 21 20 M M 5 1 26 10
2 76 55 66 -10 0 1 0.00 M M 8.4 17 30 M M 1 24 30
3 80 54 67 -9 0 2 0.00 M M 5.0 10 310 M M 0 16 330
4 86 66 76 0 0 11 0.00 M M 4.1 9 310 M M 0 14 290
5 86 67 77 1 0 12 0.00 M M 4.4 13 190 M M 0 17 230
6 88 70 79 3 0 14 0.00 M M 3.5 9 220 M M 0 18 12 210
7 87 71 79 3 0 14 1.26 M M 6.0 20 280 M M 3 13 29 280
8 85 66 76 0 0 11 T M M 8.0 20 320 M M 5 25 310
9 79 63 71 -5 0 6 0.05 M M 3.3 12 30 M M 4 12 22 20
10 78 67 73 -3 0 8 0.77 M M 8.8 26 170 M M 6 1 39 170
11 80 67 74 -2 0 9 0.50 M M 4.0 12 150 M M 8 12 16 180
12 81 70 76 0 0 11 0.08 M M 6.5 16 160 M M 8 13 21 170
13 81 69 75 -1 0 10 T M M 6.0 13 270 M M 7 12 19 280
14 84 68 76 0 0 11 0.00 M M 6.9 13 180 M M 0 1 18 190
15 86 69 78 2 0 13 1.76 M M 7.9 24 290 M M 4 13 34 290
16 80 69 75 -1 0 10 0.24 M M 5.2 10 320 M M 9 1 17 190
17 80 63 72 -4 0 7 0.00 M M 4.6 13 310 M M 3 1 19 330
18 84 67 76 0 0 11 0.00 M M 3.4 10 70 M M 4 12 14 100
19 83 64 74 -2 0 9 0.00 M M 4.4 13 30 M M 0 17 30
20 85 63 74 -2 0 9 0.00 M M 4.5 13 340 M M 0 1 15 330
21 86 66 76 0 0 11 0.00 M M 3.4 8 60 M M 1 18 13 60
22 87 69 78 2 0 13 0.00 M M 4.2 8 160 M M 0 18 12 110
23 86 73 80 4 0 15 0.00 M M 5.1 9 200 M M 1 18 13 220
24 89 73 81 5 0 16 0.05 M M 7.4 22 60 M M 1 18 30 60
25 89 71 80 4 0 15 1.91 M M 5.1 23 60 M M 3 13 32 60
26 88 68 78 2 0 13 0.00 M M 3.9 12 30 M M 0 17 20
27 88 67 78 3 0 13 0.00 M M 1.5 7 40 M M 0 13 60
28 87 70 79 4 0 14 0.00 M M 3.1 9 270 M M 1 18 17 280
29 88 75 82 7 0 17 T M M 6.7 21 220 M M 2 18 29 230
30 80 62 71 -4 0 6 0.00 M M 7.5 14 30 M M 1 21 360
31 68 58 63 -12 2 0 0.14 M M 3.5 10 20 M M 7 18 13 20
================================================================================
SM 2589 2059 2 319 6.77 M 165.6 M 84
================================================================================
AV 83.5 66.4 5.3 FASTST M M 3 MAX(MPH)
MISC ----> 26 170 39 170
================================================================================
NOTES:
# LAST OF SEVERAL OCCURRENCES
COLUMN 17 PEAK WIND IN M.P.H.
PRELIMINARY LOCAL CLIMATOLOGICAL DATA (WS FORM: F-6) , PAGE 2
STATION: MATTOON IL AIRPORT
MONTH: JULY
YEAR: 2021
LATITUDE: 39 28 N
LONGITUDE: 88 17 W
[TEMPERATURE DATA] [PRECIPITATION DATA] SYMBOLS USED IN COLUMN 16
AVERAGE MONTHLY: 75.0 TOTAL FOR MONTH: 6.77 1 = FOG OR MIST
DPTR FM NORMAL: -0.7 DPTR FM NORMAL: 2.81 2 = FOG REDUCING VISIBILITY
HIGHEST: 89 ON 25,24 GRTST 24HR 1.96 ON 24-25 TO 1/4 MILE OR LESS
LOWEST: 54 ON 3 3 = THUNDER
SNOW, ICE PELLETS, HAIL 4 = ICE PELLETS
TOTAL MONTH: M 5 = HAIL
GRTST 24HR M ON M 6 = FREEZING RAIN OR DRIZZLE
GRTST DEPTH: M ON M 7 = DUSTSTORM OR SANDSTORM:
VSBY 1/2 MILE OR LESS
8 = SMOKE OR HAZE
[NO. OF DAYS WITH] [WEATHER - DAYS WITH] 9 = BLOWING SNOW
X = TORNADO
MAX 32 OR BELOW: 0 0.01 INCH OR MORE: 11
MAX 90 OR ABOVE: 0 0.10 INCH OR MORE: 7
MIN 32 OR BELOW: 0 0.50 INCH OR MORE: 5
MIN 0 OR BELOW: 0 1.00 INCH OR MORE: 3
[HDD (BASE 65) ]
TOTAL THIS MO. 2 CLEAR (SCALE 0-3) 20
DPTR FM NORMAL 1 PTCLDY (SCALE 4-7) 10
TOTAL FM JUL 1 2 CLOUDY (SCALE 8-10) 1
DPTR FM NORMAL 2
[CDD (BASE 65) ]
TOTAL THIS MO. 319
DPTR FM NORMAL -12 [PRESSURE DATA]
TOTAL FM JAN 1 723 HIGHEST SLP 30.19 ON 22
DPTR FM NORMAL 42 LOWEST SLP 29.77 ON 11
[REMARKS]
#FINAL-07-21#