000
CXUS53 KILX 011000
CF6MTO
PRELIMINARY LOCAL CLIMATOLOGICAL DATA (WS FORM: F-6)
STATION: MATTOON IL AIRPORT
MONTH: FEBRUARY
YEAR: 2021
LATITUDE: 39 28 N
LONGITUDE: 88 17 W
TEMPERATURE IN F: :PCPN: SNOW: WIND :SUNSHINE: SKY :PK WND
================================================================================
1 2 3 4 5 6A 6B 7 8 9 10 11 12 13 14 15 16 17 18
12Z AVG MX 2MIN
DY MAX MIN AVG DEP HDD CDD WTR SNW DPTH SPD SPD DIR MIN PSBL S-S WX SPD DR
================================================================================
1 32 26 29 1 36 0 T M M 17.8 25 330 M M 7 1 32 340
2 36 22 29 1 36 0 0.00 M M 10.5 16 320 M M 2 1 21 330
3 37 18 28 0 37 0 0.00 M M 6.9 15 160 M M 0 1 20 160
4 39 25 32 3 33 0 0.22 M M 18.6 35 280 M M 8 1 48 290
5 34 21 28 -1 37 0 0.00 M M 12.7 33 280 M M 6 43 290
6 28 11 20 -9 45 0 T M M 8.0 20 330 M M 3 1 24 320
7 11 0 6 -23 59 0 T M M 9.6 18 350 M M 5 1 24 350
8 20 10 15 -15 50 0 T M M 7.1 14 10 M M 10 1 17 10
9 20 15 18 -12 47 0 0.01 M M 12.3 17 20 M M 9 1 22 10
10 23 14 19 -11 46 0 M M M 14.4 21 30 M M 9 18 27 30
11 25 15 20 -10 45 0 T M M 16.1 23 30 M M 9 1 29 30
12 21 10 16 -15 49 0 T M M 15.9 23 350 M M 7 29 350
13 18 2 10 -21 55 0 T M M 15.3 21 330 M M 10 1 25 350
14 11 -1 5 -26 60 0 0.01 M M 16.7 23 350 M M 5 1 28 340
15 10 2 6 -26 59 0 M M M 17.5 24 360 M M 10 128 33 10
16 11 -6 3 -29 62 0 M M M 9.2 21 340 M M 5 1 27 330
17 18 -7 6 -26 59 0 T M M 5.8 15 30 M M 7 1 18 40
18 21 2 12 -21 53 0 T M M 10.4 16 320 M M 5 18 19 330
19 23 0 12 -21 53 0 0.00 M M 7.0 12 300 M M 1 1 16 230
20 30 12 21 -13 44 0 0.00 M M 9.5 15 170 M M 4 19 150
21 42 24 33 -1 32 0 0.06 M M 13.5 23 160 M M 4 1 37 170
22 43 32 38 4 27 0 0.00 M M 13.1 25 280 M M 5 33 280
23 54 39 47 12 18 0 0.00 M M 10.2 16 210 M M 1 26 250
24 55 32 44 9 21 0 0.00 M M 12.6 20 330 M M 1 25 320
25 47 27 37 2 28 0 0.00 M M 4.6 13 340 M M 1 1 19 300
26 49 28 39 3 26 0 0.05 M M 10.4 20 140 M M 5 1 27 150
27 56 34 45 9 20 0 0.01 M M 8.1 15 130 M M 4 12 23 130
28 60 35 48 12 17 0 1.37 M M 11.3 28 320 M M 9 12 36 320
================================================================================
SM 874 442 1154 0 1.73 M 325.1 M 152
================================================================================
AV 31.2 15.8 11.6 FASTST M M 5 MAX(MPH)
MISC ----> 35 280 48 290
================================================================================
NOTES:
# LAST OF SEVERAL OCCURRENCES
COLUMN 17 PEAK WIND IN M.P.H.
PRELIMINARY LOCAL CLIMATOLOGICAL DATA (WS FORM: F-6) , PAGE 2
STATION: MATTOON IL AIRPORT
MONTH: FEBRUARY
YEAR: 2021
LATITUDE: 39 28 N
LONGITUDE: 88 17 W
[TEMPERATURE DATA] [PRECIPITATION DATA] SYMBOLS USED IN COLUMN 16
AVERAGE MONTHLY: 23.5 TOTAL FOR MONTH: 1.73 1 = FOG OR MIST
DPTR FM NORMAL: -8.3 DPTR FM NORMAL: -0.04 2 = FOG REDUCING VISIBILITY
HIGHEST: 60 ON 28 GRTST 24HR 1.38 ON 27-28 TO 1/4 MILE OR LESS
LOWEST: -7 ON 17 3 = THUNDER
SNOW, ICE PELLETS, HAIL 4 = ICE PELLETS
TOTAL MONTH: M 5 = HAIL
GRTST 24HR M ON M 6 = FREEZING RAIN OR DRIZZLE
GRTST DEPTH: M ON M 7 = DUSTSTORM OR SANDSTORM:
VSBY 1/2 MILE OR LESS
8 = SMOKE OR HAZE
[NO. OF DAYS WITH] [WEATHER - DAYS WITH] 9 = BLOWING SNOW
X = TORNADO
MAX 32 OR BELOW: 16 0.01 INCH OR MORE: 7
MAX 90 OR ABOVE: 0 0.10 INCH OR MORE: 2
MIN 32 OR BELOW: 25 0.50 INCH OR MORE: 1
MIN 0 OR BELOW: 5 1.00 INCH OR MORE: 1
[HDD (BASE 65) ]
TOTAL THIS MO. 1154 CLEAR (SCALE 0-3) 7
DPTR FM NORMAL 226 PTCLDY (SCALE 4-7) 14
TOTAL FM JUL 1 4076 CLOUDY (SCALE 8-10) 7
DPTR FM NORMAL -128
[CDD (BASE 65) ]
TOTAL THIS MO. 0
DPTR FM NORMAL 0 [PRESSURE DATA]
TOTAL FM JAN 1 0 HIGHEST SLP 30.52 ON 14
DPTR FM NORMAL 0 LOWEST SLP 29.43 ON 4
[REMARKS]
#FINAL-02-21#