000
CXUS53 KILX 012300
CF6MTO
PRELIMINARY LOCAL CLIMATOLOGICAL DATA (WS FORM: F-6)
STATION: MATTOON IL AIRPORT
MONTH: JULY
YEAR: 2020
LATITUDE: 39 28 N
LONGITUDE: 88 17 W
TEMPERATURE IN F: :PCPN: SNOW: WIND :SUNSHINE: SKY :PK WND
================================================================================
1 2 3 4 5 6A 6B 7 8 9 10 11 12 13 14 15 16 17 18
12Z AVG MX 2MIN
DY MAX MIN AVG DEP HDD CDD WTR SNW DPTH SPD SPD DIR MIN PSBL S-S WX SPD DR
================================================================================
1 85 68 77 2 0 12 0.00 M M 4.3 15 110 M M 2 12 19 110
2 91 70 81 6 0 16 0.00 M M 4.6 14 60 M M 1 1 18 70
3 90 67 79 3 0 14 0.00 M M 3.2 12 50 M M 1 15 50
4 90 69 80 4 0 15 0.00 M M 3.8 10 20 M M 0 1 13 30
5 92 71 82 6 0 17 0.00 M M 5.3 14 40 M M 0 18 18 40
6 93 70 82 6 0 17 M M M 3.5 16 180 M M 2 13 24 180
7 93 73 83 7 0 18 0.00 M M 3.6 9 170 M M 0 1 13 300
8 93 72 83 7 0 18 0.14 M M 3.5 30 260 M M 1 138 47 250
9 90 70 80 4 0 15 0.00 M M 6.9 14 160 M M 1 13 21 200
10 87 68 78 2 0 13 T M M 12.7 22 290 M M 3 1 30 300
11 90 66 78 2 0 13 M M M 8.2 32 340 M M 1 13 46 330
12 85 65 75 -1 0 10 M M M 5.3 18 20 M M 4 26 10
13 82 60 71 -5 0 6 0.00 M M 4.5 12 50 M M 0 17 40
14 86 60 73 -3 0 8 0.00 M M 3.9 10 160 M M 0 15 140
15 88 67 78 2 0 13 M M M 9.6 23 210 M M 2 13 33 200
16 85 67 76 0 0 11 0.00 M M 5.9 18 320 M M 7 1 24 300
17 87 66 77 1 0 12 0.00 M M 4.9 13 190 M M 1 1 19 180
18 90 71 81 5 0 16 0.00 M M 9.2 16 200 M M 0 25 210
19 88 71 80 4 0 15 1.21 M M 8.2 22 210 M M 4 13 41 180
20 84 69 77 1 0 12 0.06 M M 3.8 10 160 M M 1 13 14 150
21 84 68 76 0 0 11 1.25 M M 5.2 28 320 M M 4 13 36 310
22 86 71 79 3 0 14 0.04 M M 6.3 14 180 M M 4 21 210
23 85 68 77 1 0 12 0.00 M M 3.5 12 320 M M 2 19 360
24 85 65 75 -1 0 10 0.00 M M 3.6 9 50 M M 0 1 13 10
25 88 65 77 2 0 12 0.00 M M 3.5 8 180 M M 1 12 140
26 89 73 81 6 0 16 0.00 M M 6.2 12 200 M M 1 1 17 210
27 86 73 80 5 0 15 M M M 7.0 26 280 M M 3 13 37 280
28 86 66 76 1 0 11 0.00 M M 1.9 9 330 M M 1 12 290
29 87 68 78 3 0 13 T M M 4.7 10 200 M M 0 15 190
30 75 67 71 -4 0 6 2.71 M M 8.3 22 60 M M 9 1 29 60
31 77 66 72 -3 0 7 0.31 M M 8.6 16 50 M M 10 1 25 70
================================================================================
SM 2697 2110 0 398 5.72 M 173.7 M 66
================================================================================
AV 87.0 68.1 5.6 FASTST M M 2 MAX(MPH)
MISC ----> # 32 340 # 47 250
================================================================================
NOTES:
# LAST OF SEVERAL OCCURRENCES
COLUMN 17 PEAK WIND IN M.P.H.
PRELIMINARY LOCAL CLIMATOLOGICAL DATA (WS FORM: F-6) , PAGE 2
STATION: MATTOON IL AIRPORT
MONTH: JULY
YEAR: 2020
LATITUDE: 39 28 N
LONGITUDE: 88 17 W
[TEMPERATURE DATA] [PRECIPITATION DATA] SYMBOLS USED IN COLUMN 16
AVERAGE MONTHLY: 77.5 TOTAL FOR MONTH: 5.72 1 = FOG OR MIST
DPTR FM NORMAL: 1.9 DPTR FM NORMAL: 1.47 2 = FOG REDUCING VISIBILITY
HIGHEST: 93 ON 8, 7 GRTST 24HR 2.71 ON 30-30 TO 1/4 MILE OR LESS
LOWEST: 60 ON 14,13 3 = THUNDER
SNOW, ICE PELLETS, HAIL 4 = ICE PELLETS
TOTAL MONTH: M 5 = HAIL
GRTST 24HR M ON M 6 = FREEZING RAIN OR DRIZZLE
GRTST DEPTH: M ON M 7 = DUSTSTORM OR SANDSTORM:
VSBY 1/2 MILE OR LESS
8 = SMOKE OR HAZE
[NO. OF DAYS WITH] [WEATHER - DAYS WITH] 9 = BLOWING SNOW
X = TORNADO
MAX 32 OR BELOW: 0 0.01 INCH OR MORE: 7
MAX 90 OR ABOVE: 10 0.10 INCH OR MORE: 5
MIN 32 OR BELOW: 0 0.50 INCH OR MORE: 3
MIN 0 OR BELOW: 0 1.00 INCH OR MORE: 3
[HDD (BASE 65) ]
TOTAL THIS MO. 0 CLEAR (SCALE 0-3) 24
DPTR FM NORMAL -1 PTCLDY (SCALE 4-7) 5
TOTAL FM JUL 1 0 CLOUDY (SCALE 8-10) 2
DPTR FM NORMAL -1
[CDD (BASE 65) ]
TOTAL THIS MO. 398
DPTR FM NORMAL 68 [PRESSURE DATA]
TOTAL FM JAN 1 771 HIGHEST SLP 30.16 ON 24
DPTR FM NORMAL 130 LOWEST SLP 29.76 ON 30
[REMARKS]
#FINAL-07-20#