000
CXUS53 KILX 010900
CF6MTO
PRELIMINARY LOCAL CLIMATOLOGICAL DATA (WS FORM: F-6)
STATION: MATTOON IL AIRPORT
MONTH: JULY
YEAR: 2023
LATITUDE: 39 28 N
LONGITUDE: 88 17 W
TEMPERATURE IN F: :PCPN: SNOW: WIND :SUNSHINE: SKY :PK WND
================================================================================
1 2 3 4 5 6A 6B 7 8 9 10 11 12 13 14 15 16 17 18
12Z AVG MX 2MIN
DY MAX MIN AVG DEP HDD CDD WTR SNW DPTH SPD SPD DIR MIN PSBL S-S WX SPD DR
================================================================================
1 85 68 77 2 0 12 1.66 M M 9.3 28 340 M M 5 13 41 350
2 82 68 75 -1 0 10 T M M 8.7 18 270 M M 5 13 30 240
3 85 67 76 0 0 11 0.01 M M 6.7 24 340 M M 1 13 37 350
4 88 70 79 3 0 14 0.00 M M 6.4 13 170 M M 1 19 160
5 89 70 80 4 0 15 0.21 M M 6.9 15 250 M M 2 13 34 270
6 83 64 74 -2 0 9 0.00 M M 8.2 17 310 M M 4 1 22 310
7 80 59 70 -6 0 5 0.00 M M 4.0 8 260 M M 0 11 110
8 78 61 70 -6 0 5 0.60 M M 8.0 23 340 M M 8 13 33 360
9 81 59 70 -6 0 5 0.00 M M 3.5 9 330 M M 0 1 17 320
10 83 59 71 -5 0 6 0.00 M M 4.5 13 270 M M 1 18 260
11 86 66 76 0 0 11 0.00 M M 7.5 17 210 M M 0 31 250
12 85 69 77 1 0 12 T M M 7.4 18 170 M M 1 36 170
13 82 66 74 -2 0 9 0.00 M M 4.8 12 10 M M 4 18 17 30
14 90 64 77 1 0 12 0.00 M M 6.0 13 240 M M 1 1 19 190
15 84 67 76 0 0 11 0.02 M M 6.9 15 280 M M 4 138 29 240
16 85 67 76 0 0 11 0.00 M M 7.0 13 250 M M 3 18 22 250
17 84 66 75 -1 0 10 T M M 5.3 13 270 M M 1 13 18 220
18 81 63 72 -4 0 7 0.00 M M 4.1 14 20 M M 2 18 19 350
19 84 65 75 -1 0 10 0.00 M M 5.3 10 140 M M 6 1 16 30
20 88 64 76 0 0 11 0.01 M M 7.4 21 330 M M 5 13 37 180
21 80 58 69 -7 0 4 0.00 M M 5.9 14 330 M M 2 17 340
22 82 59 71 -5 0 6 0.00 M M 3.2 12 350 M M 1 1 18 10
23 86 63 75 -1 0 10 T M M 4.5 12 200 M M 2 3 15 210
24 88 66 77 1 0 12 T M M 4.3 13 320 M M 1 13 16 300
25 89 65 77 1 0 12 0.07 M M 5.6 14 110 M M 1 13 20 110
26 92 74 83 7 0 18 T M M 10.3 21 230 M M 2 3 39 210
27 95 76 86 11 0 21 T M M 5.8 18 220 M M 2 3 36 250
28 97 79 88 13 0 23 T M M 7.5 14 200 M M 1 3 19 180
29 89 69 79 4 0 14 0.01 M M 7.3 36 350 M M 1 3 51 340
30 88 63 76 1 0 11 0.00 M M 6.1 15 340 M M 1 1 21 310
31 83 61 72 -3 0 7 0.00 M M 4.7 14 50 M M 1 18 60
================================================================================
SM 2652 2035 0 334 2.59 M 193.1 M 69
================================================================================
AV 85.5 65.6 6.2 FASTST M M 2 MAX(MPH)
MISC ----> 36 350 51 340
================================================================================
NOTES:
# LAST OF SEVERAL OCCURRENCES
COLUMN 17 PEAK WIND IN M.P.H.
PRELIMINARY LOCAL CLIMATOLOGICAL DATA (WS FORM: F-6) , PAGE 2
STATION: MATTOON IL AIRPORT
MONTH: JULY
YEAR: 2023
LATITUDE: 39 28 N
LONGITUDE: 88 17 W
[TEMPERATURE DATA] [PRECIPITATION DATA] SYMBOLS USED IN COLUMN 16
AVERAGE MONTHLY: 75.6 TOTAL FOR MONTH: 2.59 1 = FOG OR MIST
DPTR FM NORMAL: -0.1 DPTR FM NORMAL: -1.37 2 = FOG REDUCING VISIBILITY
HIGHEST: 97 ON 28 GRTST 24HR 2.15 ON 30- 1 TO 1/4 MILE OR LESS
LOWEST: 58 ON 21 3 = THUNDER
SNOW, ICE PELLETS, HAIL 4 = ICE PELLETS
TOTAL MONTH: M 5 = HAIL
GRTST 24HR M ON M 6 = FREEZING RAIN OR DRIZZLE
GRTST DEPTH: M ON M 7 = DUSTSTORM OR SANDSTORM:
VSBY 1/2 MILE OR LESS
8 = SMOKE OR HAZE
[NO. OF DAYS WITH] [WEATHER - DAYS WITH] 9 = BLOWING SNOW
X = TORNADO
MAX 32 OR BELOW: 0 0.01 INCH OR MORE: 8
MAX 90 OR ABOVE: 4 0.10 INCH OR MORE: 3
MIN 32 OR BELOW: 0 0.50 INCH OR MORE: 2
MIN 0 OR BELOW: 0 1.00 INCH OR MORE: 1
[HDD (BASE 65) ]
TOTAL THIS MO. 0 CLEAR (SCALE 0-3) 23
DPTR FM NORMAL -1 PTCLDY (SCALE 4-7) 8
TOTAL FM JUL 1 0 CLOUDY (SCALE 8-10) 0
DPTR FM NORMAL 0
[CDD (BASE 65) ]
TOTAL THIS MO. 334
DPTR FM NORMAL 3 [PRESSURE DATA]
TOTAL FM JAN 1 612 HIGHEST SLP 30.16 ON 31
DPTR FM NORMAL -69 LOWEST SLP 29.70 ON 12
[REMARKS]
#FINAL-07-23#