000
CXUS55 KBOI 011002
CF6MUO
PRELIMINARY LOCAL CLIMATOLOGICAL DATA (WS FORM: F-6)
STATION: MOUNTAIN HOME AFB
MONTH: SEPTEMBER
YEAR: 2021
LATITUDE: 43 2 N
LONGITUDE: 115 52 W
TEMPERATURE IN F: :PCPN: SNOW: WIND :SUNSHINE: SKY :PK WND
================================================================================
1 2 3 4 5 6A 6B 7 8 9 10 11 12 13 14 15 16 17 18
12Z AVG MX 2MIN
DY MAX MIN AVG DEP HDD CDD WTR SNW DPTH SPD SPD DIR MIN PSBL S-S WX SPD DR
================================================================================
1 82 49 66 -3 0 1 0.00 M M 11.2 15 320 M M 0 8 20 290
2 81 46 64 -5 1 0 0.00 M M 11.6 21 320 M M 1 8 21 320
3 83 46 65 -4 0 0 0.00 M M 8.0 13 340 M M 0 M M
4 89 43 66 -2 0 1 0.00 M M 7.0 15 110 M M 0 M M
5 92 49 71 3 0 6 0.00 M M 5.7 15 120 M M 0 M M
6 92 49 71 4 0 6 0.00 M M 6.6 15 330 M M 1 M M
7 93 50 72 5 0 7 0.00 M M 4.4 9 100 M M 1 8 M M
8 97 53 75 8 0 10 0.00 M M 10.2 18 130 M M 0 8 77 M
9 96 54 75 9 0 10 0.00 M M 5.9 12 260 M M 2 8 M M
10 88 57 73 7 0 8 T M M 10.6 33 280 M M 5 8 44 290
11 80 52 66 1 0 1 T M M 7.0 15 330 M M 2 128 M M
12 85 47 66 1 0 1 0.00 M M 5.8 15 340 M M 0 M M
13 83 52 68 3 0 3 0.00 M M 8.4 16 330 M M 0 8 21 350
14 83 45 64 0 1 0 0.00 M M 7.2 15 310 M M 0 8 M M
15 85 46 66 2 0 1 0.00 M M 6.3 15 360 M M 0 22 340
16 72 44 58 -5 7 0 0.00 M M 15.1 27 320 M M 0 32 320
17 86 36 61 -2 4 0 0.00 M M 10.9 20 110 M M 0 M M
18 87 55 71 8 0 6 0.08 M M 14.9 45 320 M M 7 55 320
19 62 47 55 -7 10 0 0.51 M M 8.2 20 320 M M 7 26 320
20 66 43 55 -7 10 0 0.00 M M 8.8 14 330 M M 1 21 310
21 74 49 62 1 3 0 0.00 M M 10.0 20 110 M M 0 M M
22 81 48 65 4 0 0 T M M 10.3 23 110 M M 2 22 350
23 76 51 64 3 1 0 T M M 12.3 21 330 M M 1 M M
24 80 43 62 2 3 0 0.00 M M 4.8 9 120 M M 0 M M
25 87 46 67 7 0 2 0.00 M M 5.9 16 110 M M 0 M M
26 87 48 68 9 0 3 0.00 M M 4.7 12 90 M M 0 8 M M
27 84 46 65 6 0 0 0.00 M M 5.1 9 110 M M 0 M M
28 67 40 54 -5 11 0 0.03 M M 14.6 32 310 M M 4 7 48 310
29 65 32 49 -9 16 0 0.00 M M 7.2 14 330 M M 0 22 340
30 70 33 52 -6 13 0 0.00 M M 3.5 12 110 M M 0 M M
================================================================================
SM 2453 1399 80 66 0.62 M 252.3 M 34
================================================================================
AV 81.8 46.6 8.4 FASTST M M 1 MAX(MPH)
MISC ----> 45 320 77 9999
================================================================================
NOTES:
# LAST OF SEVERAL OCCURRENCES
COLUMN 17 PEAK WIND IN M.P.H.
PRELIMINARY LOCAL CLIMATOLOGICAL DATA (WS FORM: F-6) , PAGE 2
STATION: MOUNTAIN HOME AFB
MONTH: SEPTEMBER
YEAR: 2021
LATITUDE: 43 2 N
LONGITUDE: 115 52 W
[TEMPERATURE DATA] [PRECIPITATION DATA] SYMBOLS USED IN COLUMN 16
AVERAGE MONTHLY: 64.2 TOTAL FOR MONTH: 0.62 1 = FOG OR MIST
DPTR FM NORMAL: 0.7 DPTR FM NORMAL: 0.12 2 = FOG REDUCING VISIBILITY
HIGHEST: 97 ON 8 GRTST 24HR 0.51 ON 19-19 TO 1/4 MILE OR LESS
LOWEST: 32 ON 29 3 = THUNDER
SNOW, ICE PELLETS, HAIL 4 = ICE PELLETS
TOTAL MONTH: M 5 = HAIL
GRTST 24HR M ON M 6 = FREEZING RAIN OR DRIZZLE
GRTST DEPTH: M ON M 7 = DUSTSTORM OR SANDSTORM:
VSBY 1/2 MILE OR LESS
8 = SMOKE OR HAZE
[NO. OF DAYS WITH] [WEATHER - DAYS WITH] 9 = BLOWING SNOW
X = TORNADO
MAX 32 OR BELOW: 0 0.01 INCH OR MORE: 3
MAX 90 OR ABOVE: 5 0.10 INCH OR MORE: 1
MIN 32 OR BELOW: 1 0.50 INCH OR MORE: 1
MIN 0 OR BELOW: 0 1.00 INCH OR MORE: 0
[HDD (BASE 65) ]
TOTAL THIS MO. 80 CLEAR (SCALE 0-3) 26
DPTR FM NORMAL -39 PTCLDY (SCALE 4-7) 4
TOTAL FM JUL 1 86 CLOUDY (SCALE 8-10) 0
DPTR FM NORMAL -47
[CDD (BASE 65) ]
TOTAL THIS MO. 66
DPTR FM NORMAL -24 [PRESSURE DATA]
TOTAL FM JAN 1 1196 HIGHEST SLP M ON M
DPTR FM NORMAL 285 LOWEST SLP M ON M
[REMARKS]
#FINAL-09-21#