283
CXUS54 KFWD 010831
CF6MWL
PRELIMINARY LOCAL CLIMATOLOGICAL DATA (WS FORM: F-6)
STATION: MINERAL WELLS
MONTH: JANUARY
YEAR: 2021
LATITUDE: 32 46 N
LONGITUDE: 98 4 W
TEMPERATURE IN F: :PCPN: SNOW: WIND :SUNSHINE: SKY :PK WND
================================================================================
1 2 3 4 5 6A 6B 7 8 9 10 11 12 13 14 15 16 17 18
12Z AVG MX 2MIN
DY MAX MIN AVG DEP HDD CDD WTR SNW DPTH SPD SPD DIR MIN PSBL S-S WX SPD DR
================================================================================
1 39 31 35 -9 30 0 0.01 M M 11.9 21 310 M M 8 1 28 320
2 58 28 43 -1 22 0 0.00 M M 5.9 13 230 M M 4 19 200
3 64 33 49 5 16 0 0.00 M M 7.6 17 220 M M 0 24 230
4 67 32 50 6 15 0 0.00 M M 2.8 15 360 M M 0 21 330
5 66 31 49 5 16 0 0.00 M M 7.8 18 140 M M 0 27 130
6 58 45 52 8 13 0 0.00 M M 14.2 30 320 M M 8 38 310
7 54 37 46 2 19 0 0.00 M M 11.6 21 330 M M 5 29 330
8 51 32 42 -2 23 0 0.00 M M 6.3 14 360 M M 5 22 340
9 50 26 38 -6 27 0 0.00 M M 4.1 13 60 M M 1 1 18 70
10 39 32 36 -8 29 0 0.25 M M 8.3 17 320 M M 10 12 24 330
11 48 29 39 -5 26 0 0.00 M M 6.9 13 350 M M 5 18 360
12 53 24 39 -6 26 0 0.00 M M 4.8 13 190 M M 0 1 19 230
13 64 25 45 0 20 0 0.00 M M 7.3 15 200 M M 0 1 20 180
14 62 35 49 4 16 0 0.00 M M 13.8 35 340 M M 0 47 350
15 54 34 44 -1 21 0 0.00 M M 15.4 37 310 M M 4 55 310
16 59 25 42 -3 23 0 0.00 M M 5.0 13 310 M M 1 8 19 310
17 61 29 45 0 20 0 0.00 M M 5.6 15 320 M M 0 22 350
18 72 30 51 6 14 0 0.00 M M 9.6 20 190 M M 0 26 190
19 55 48 52 7 13 0 0.00 M M 11.4 20 360 M M 9 30 30
20 48 41 45 0 20 0 0.57 M M 4.5 14 150 M M 10 1 17 150
21 55 43 49 4 16 0 0.01 M M 4.6 10 150 M M 3 12 14 180
22 51 44 48 2 17 0 0.00 M M 4.3 13 50 M M 10 1 18 40
23 53 43 48 2 17 0 T M M 6.0 14 150 M M 10 12 18 160
24 61 53 57 11 8 0 0.02 M M 7.9 18 120 M M 10 12 23 130
25 67 38 53 7 12 0 T M M 10.5 33 280 M M 2 12 46 290
26 57 32 45 -1 20 0 T M M 7.0 20 340 M M 2 25 340
27 50 31 41 -5 24 0 0.00 M M 9.0 21 360 M M 2 18 30 360
28 49 26 38 -8 27 0 0.00 M M 5.4 13 140 M M 0 16 140
29 66 33 50 4 15 0 0.00 M M 9.6 18 170 M M 0 29 200
30 73 50 62 16 3 0 T M M 18.4 40 270 M M 5 138 55 270
31 57 37 47 1 18 0 0.00 M M 12.9 25 350 M M 0 34 330
================================================================================
SM 1761 1077 586 0 0.86 M 260.4 M 114
================================================================================
AV 56.8 34.7 8.4 FASTST M M 4 MAX(MPH)
MISC ----> 40 270 # 55 310
================================================================================
NOTES:
# LAST OF SEVERAL OCCURRENCES
COLUMN 17 PEAK WIND IN M.P.H.
PRELIMINARY LOCAL CLIMATOLOGICAL DATA (WS FORM: F-6) , PAGE 2
STATION: MINERAL WELLS
MONTH: JANUARY
YEAR: 2021
LATITUDE: 32 46 N
LONGITUDE: 98 4 W
[TEMPERATURE DATA] [PRECIPITATION DATA] SYMBOLS USED IN COLUMN 16
AVERAGE MONTHLY: 45.8 TOTAL FOR MONTH: 0.86 1 = FOG OR MIST
DPTR FM NORMAL: 0.8 DPTR FM NORMAL: -0.59 2 = FOG REDUCING VISIBILITY
HIGHEST: 73 ON 30 GRTST 24HR 0.87 ON 31- 1 TO 1/4 MILE OR LESS
LOWEST: 24 ON 12 3 = THUNDER
SNOW, ICE PELLETS, HAIL 4 = ICE PELLETS
TOTAL MONTH: M 5 = HAIL
GRTST 24HR M ON M 6 = FREEZING RAIN OR DRIZZLE
GRTST DEPTH: M ON M 7 = DUSTSTORM OR SANDSTORM:
VSBY 1/2 MILE OR LESS
8 = SMOKE OR HAZE
[NO. OF DAYS WITH] [WEATHER - DAYS WITH] 9 = BLOWING SNOW
X = TORNADO
MAX 32 OR BELOW: 0 0.01 INCH OR MORE: 5
MAX 90 OR ABOVE: 0 0.10 INCH OR MORE: 2
MIN 32 OR BELOW: 16 0.50 INCH OR MORE: 1
MIN 0 OR BELOW: 0 1.00 INCH OR MORE: 0
[HDD (BASE 65) ]
TOTAL THIS MO. 586 CLEAR (SCALE 0-3) 17
DPTR FM NORMAL -35 PTCLDY (SCALE 4-7) 6
TOTAL FM JUL 1 1507 CLOUDY (SCALE 8-10) 8
DPTR FM NORMAL -144
[CDD (BASE 65) ]
TOTAL THIS MO. 0
DPTR FM NORMAL -1 [PRESSURE DATA]
TOTAL FM JAN 1 0 HIGHEST SLP 30.61 ON 28
DPTR FM NORMAL -1 LOWEST SLP 29.52 ON 25
[REMARKS]
#FINAL-01-21#