000
CXUS54 KFWD 010731
CF6MWL
PRELIMINARY LOCAL CLIMATOLOGICAL DATA (WS FORM: F-6)
STATION: MINERAL WELLS
MONTH: JULY
YEAR: 2020
LATITUDE: 32 46 N
LONGITUDE: 98 4 W
TEMPERATURE IN F: :PCPN: SNOW: WIND :SUNSHINE: SKY :PK WND
================================================================================
1 2 3 4 5 6A 6B 7 8 9 10 11 12 13 14 15 16 17 18
12Z AVG MX 2MIN
DY MAX MIN AVG DEP HDD CDD WTR SNW DPTH SPD SPD DIR MIN PSBL S-S WX SPD DR
================================================================================
1 96 77 87 5 0 22 0.00 0.0 0 10.6 18 170 M M 1 25 180
2 96 74 85 3 0 20 0.00 0.0 0 8.1 21 180 M M 1 13 28 190
3 97 72 85 3 0 20 0.00 0.0 0 5.7 12 160 M M 0 18 160
4 100 71 86 4 0 21 0.00 0.0 0 5.7 13 120 M M 0 17 310
5 91 75 83 1 0 18 0.00 0.0 0 5.8 24 360 M M 2 138 32 10
6 88 72 80 -2 0 15 0.10 0.0 0 5.2 23 240 M M 3 13 33 240
7 91 71 81 -1 0 16 0.00 0.0 0 6.6 15 130 M M 3 20 140
8 96 73 85 3 0 20 T 0.0 0 8.7 20 130 M M 2 3 26 120
9 98 75 87 5 0 22 0.00 0.0 0 10.8 20 150 M M 0 31 150
10 97 74 86 3 0 21 0.00 0.0 0 9.2 18 140 M M 0 26 160
11 102 75 89 6 0 24 0.00 0.0 0 9.2 17 160 M M 0 24 180
12 105 76 91 8 0 26 T 0.0 0 11.4 37 70 M M 0 52 70
13 105 76 91 8 0 26 0.00 0.0 0 9.9 18 190 M M 0 25 140
14 108 75 92 9 0 27 0.00 0.0 0 12.7 21 160 M M 0 39 170
15 99 80 90 7 0 25 0.00 0.0 0 12.0 20 140 M M 0 29 140
16 102 76 89 6 0 24 0.00 0.0 0 9.4 15 120 M M 0 25 140
17 100 75 88 5 0 23 0.00 0.0 0 9.7 22 110 M M 0 28 130
18 95 74 85 2 0 20 0.00 0.0 0 10.3 21 130 M M 0 33 140
19 97 74 86 2 0 21 0.00 0.0 0 8.8 17 120 M M 1 23 120
20 98 74 86 2 0 21 0.00 0.0 0 9.8 21 120 M M 0 28 150
21 94 72 83 -1 0 18 0.00 0.0 0 8.8 17 100 M M 1 23 100
22 98 73 86 2 0 21 0.00 0.0 0 8.0 17 110 M M 2 24 150
23 98 75 87 3 0 22 0.00 0.0 0 9.3 17 120 M M 1 23 130
24 97 74 86 2 0 21 0.00 0.0 0 8.0 20 80 M M 2 30 70
25 92 75 84 0 0 19 0.00 0.0 0 8.4 16 80 M M 5 21 100
26 95 73 84 0 0 19 0.00 0.0 0 7.4 16 120 M M 5 22 110
27 97 70 84 0 0 19 T 0.0 0 8.0 17 120 M M 2 24 120
28 83 75 79 -5 0 14 0.48 0.0 0 6.8 15 170 M M 7 1 20 260
29 93 76 85 1 0 20 0.02 0.0 0 7.9 14 150 M M 3 19 160
30 101 73 87 3 0 22 0.04 0.0 0 10.1 22 340 M M 0 3 32 340
31 92 70 81 -3 0 16 0.00 0.0 0 8.6 17 350 M M 3 24 340
================================================================================
SM 3001 2295 0 643 0.64 0.0 270.9 M 44
================================================================================
AV 96.8 74.0 8.7 FASTST M M 1 MAX(MPH)
MISC ----> # 37 70 # 52 70
================================================================================
NOTES:
# LAST OF SEVERAL OCCURRENCES
COLUMN 17 PEAK WIND IN M.P.H.
PRELIMINARY LOCAL CLIMATOLOGICAL DATA (WS FORM: F-6) , PAGE 2
STATION: MINERAL WELLS
MONTH: JULY
YEAR: 2020
LATITUDE: 32 46 N
LONGITUDE: 98 4 W
[TEMPERATURE DATA] [PRECIPITATION DATA] SYMBOLS USED IN COLUMN 16
AVERAGE MONTHLY: 85.4 TOTAL FOR MONTH: 0.64 1 = FOG OR MIST
DPTR FM NORMAL: 2.3 DPTR FM NORMAL: -1.35 2 = FOG REDUCING VISIBILITY
HIGHEST: 108 ON 14 GRTST 24HR 0.48 ON 28-28 TO 1/4 MILE OR LESS
LOWEST: 70 ON 31,27 3 = THUNDER
SNOW, ICE PELLETS, HAIL 4 = ICE PELLETS
TOTAL MONTH: 0.0 INCH 5 = HAIL
GRTST 24HR 0.0 6 = FREEZING RAIN OR DRIZZLE
GRTST DEPTH: 0 7 = DUSTSTORM OR SANDSTORM:
VSBY 1/2 MILE OR LESS
8 = SMOKE OR HAZE
[NO. OF DAYS WITH] [WEATHER - DAYS WITH] 9 = BLOWING SNOW
X = TORNADO
MAX 32 OR BELOW: 0 0.01 INCH OR MORE: 4
MAX 90 OR ABOVE: 29 0.10 INCH OR MORE: 2
MIN 32 OR BELOW: 0 0.50 INCH OR MORE: 0
MIN 0 OR BELOW: 0 1.00 INCH OR MORE: 0
[HDD (BASE 65) ]
TOTAL THIS MO. 0 CLEAR (SCALE 0-3) 27
DPTR FM NORMAL 0 PTCLDY (SCALE 4-7) 4
TOTAL FM JUL 1 0 CLOUDY (SCALE 8-10) 0
DPTR FM NORMAL 0
[CDD (BASE 65) ]
TOTAL THIS MO. 643
DPTR FM NORMAL 84 [PRESSURE DATA]
TOTAL FM JAN 1 1506 HIGHEST SLP M ON M
DPTR FM NORMAL 161 LOWEST SLP 29.74 ON M
[REMARKS]
#FINAL-07-20#