000
CXUS54 KLZK 011230
CF6MWT
PRELIMINARY LOCAL CLIMATOLOGICAL DATA (WS FORM: F-6)
STATION: MOUNT IDA
MONTH: DECEMBER
YEAR: 2020
LATITUDE: 34 32 N
LONGITUDE: 93 35 W
TEMPERATURE IN F: :PCPN: SNOW: WIND :SUNSHINE: SKY :PK WND
================================================================================
1 2 3 4 5 6A 6B 7 8 9 10 11 12 13 14 15 16 17 18
12Z AVG MX 2MIN
DY MAX MIN AVG DEP HDD CDD WTR SNW DPTH SPD SPD DIR MIN PSBL S-S WX SPD DR
================================================================================
1 57 19 38 -7 27 0 0.00 0.0 0 0.9 9 230 M M 0 16 220
2 46 28 37 -7 28 0 0.49 M 0 1.3 6 120 M M 7 1 11 130
3 47 41 44 0 21 0 0.01 M 0 1.1 9 140 M M 10 1 12 80
4 57 32 45 1 20 0 T M 0 2.4 9 320 M M 4 14 330
5 67 28 48 4 17 0 0.00 0.0 0 0.4 7 190 M M 0 10 200
6 55 32 44 1 21 0 0.00 0.0 0 1.9 10 320 M M 1 15 320
7 61 29 45 2 20 0 0.00 0.0 0 2.2 10 340 M M 0 16 320
8 69 28 49 6 16 0 0.00 0.0 0 1.2 12 320 M M 0 16 310
9 78 30 54 11 11 0 0.00 0.0 0 1.0 9 330 M M 0 15 270
10 75 30 53 11 12 0 0.00 0.0 M 2.2 9 220 M M 0 16 220
11 63 48 56 14 9 0 0.63 0.0 0 3.3 12 210 M M 8 1 17 340
12 53 30 42 0 23 0 0.00 0.0 0 2.3 10 310 M M 0 1 15 290
13 41 29 35 -7 30 0 0.88 M M 1.8 8 330 M M 8 1 11 100
14 45 27 36 -6 29 0 0.00 0.0 0 2.4 9 90 M M 2 1 15 100
15 33 23 28 -13 37 0 0.02 T M 1.7 9 140 M M 7 1 13 130
16 41 31 36 -5 29 0 T T 0 3.8 12 340 M M 10 1 17 350
17 56 25 41 0 24 0 0.00 0.0 0 0.9 7 290 M M 1 11 300
18 55 26 41 0 24 0 0.00 0.0 0 3.3 14 150 M M 1 18 140
19 51 40 46 5 19 0 0.04 0.0 0 0.7 8 180 M M 10 12 12 160
20 62 31 47 6 18 0 T M M 1.1 13 280 M M 5 12 19 250
21 69 28 49 8 16 0 M M M 1.4 9 290 M M 0 M M
22 66 30 48 7 17 0 0.00 0.0 M 3.9 13 150 M M 0 21 150
23 68 34 51 10 14 0 0.01 M M 6.8 22 320 M M 6 39 330
24 41 24 33 -8 32 0 0.00 0.0 M 7.0 17 310 M M 2 31 310
25 49 24 37 -4 28 0 0.00 0.0 M 3.6 12 330 M M 0 17 290
26 69 26 48 7 17 0 0.00 0.0 M 1.6 10 170 M M 0 20 170
27 68 41 55 15 10 0 0.00 0.0 M 4.5 14 200 M M 3 26 190
28 57 33 45 5 20 0 0.00 0.0 M 1.6 7 120 M M 0 14 90
29 46 39 43 3 22 0 0.02 M M 1.4 8 120 M M 8 1 15 90
30 60 39 50 10 15 0 1.59 M M 4.5 14 230 M M 10 1 25 220
31 40 35 38 -2 27 0 2.29 M M 3.9 13 100 M M 10 1 24 80
================================================================================
SM 1745 960 653 0 5.98 T 76.1 M 113
================================================================================
AV 56.3 31.0 2.5 FASTST M M 4 MAX(MPH)
MISC ----> 22 320 39 330
================================================================================
NOTES:
# LAST OF SEVERAL OCCURRENCES
COLUMN 17 PEAK WIND IN M.P.H.
PRELIMINARY LOCAL CLIMATOLOGICAL DATA (WS FORM: F-6) , PAGE 2
STATION: MOUNT IDA
MONTH: DECEMBER
YEAR: 2020
LATITUDE: 34 32 N
LONGITUDE: 93 35 W
[TEMPERATURE DATA] [PRECIPITATION DATA] SYMBOLS USED IN COLUMN 16
AVERAGE MONTHLY: 43.6 TOTAL FOR MONTH: 5.98 1 = FOG OR MIST
DPTR FM NORMAL: 1.8 DPTR FM NORMAL: 0.80 2 = FOG REDUCING VISIBILITY
HIGHEST: 78 ON 9 GRTST 24HR 2.31 ON 31-31 TO 1/4 MILE OR LESS
LOWEST: 19 ON 1 3 = THUNDER
SNOW, ICE PELLETS, HAIL 4 = ICE PELLETS
TOTAL MONTH: T 5 = HAIL
GRTST 24HR T ON 15-15 6 = FREEZING RAIN OR DRIZZLE
GRTST DEPTH: 0 7 = DUSTSTORM OR SANDSTORM:
VSBY 1/2 MILE OR LESS
8 = SMOKE OR HAZE
[NO. OF DAYS WITH] [WEATHER - DAYS WITH] 9 = BLOWING SNOW
X = TORNADO
MAX 32 OR BELOW: 0 0.01 INCH OR MORE: 10
MAX 90 OR ABOVE: 0 0.10 INCH OR MORE: 5
MIN 32 OR BELOW: 22 0.50 INCH OR MORE: 4
MIN 0 OR BELOW: 0 1.00 INCH OR MORE: 2
[HDD (BASE 65) ]
TOTAL THIS MO. 653 CLEAR (SCALE 0-3) 17
DPTR FM NORMAL -67 PTCLDY (SCALE 4-7) 8
TOTAL FM JUL 1 1157 CLOUDY (SCALE 8-10) 6
DPTR FM NORMAL -179
[CDD (BASE 65) ]
TOTAL THIS MO. 0
DPTR FM NORMAL -2 [PRESSURE DATA]
TOTAL FM JAN 1 1774 HIGHEST SLP 30.36 ON 28
DPTR FM NORMAL 35 LOWEST SLP 29.66 ON 31
[REMARKS]
#FINAL-12-20#