000
CXUS56 KSGX 011245
CF6MYF
PRELIMINARY LOCAL CLIMATOLOGICAL DATA (WS FORM: F-6)
STATION: SAN DIEGO/MONTGOMERY FLD CA
MONTH: APRIL
YEAR: 2020
LATITUDE: 32 49 N
LONGITUDE: 117 9 W
TEMPERATURE IN F: :PCPN: SNOW: WIND :SUNSHINE: SKY :PK WND
================================================================================
1 2 3 4 5 6A 6B 7 8 9 10 11 12 13 14 15 16 17 18
12Z AVG MX 2MIN
DY MAX MIN AVG DEP HDD CDD WTR SNW DPTH SPD SPD DIR MIN PSBL S-S WX SPD DR
================================================================================
1 66 52 59 0 6 0 0.00 0.0 0 6.1 15 210 M M 6 128 18 220
2 65 52 59 0 6 0 0.00 0.0 0 7.6 17 180 M M 9 22 210
3 67 49 58 -1 7 0 0.00 0.0 0 4.8 15 230 M M 2 19 240
4 65 55 60 1 5 0 0.00 0.0 0 7.7 16 210 M M 9 21 220
5 65 54 60 1 5 0 0.05 0.0 0 8.1 16 250 M M 9 1 20 260
6 64 54 59 0 6 0 1.00 0.0 0 11.0 24 200 M M 8 1 32 210
7 63 52 58 -1 7 0 0.57 0.0 0 6.9 25 170 M M 10 1 34 180
8 60 50 55 -4 10 0 0.04 0.0 0 7.2 16 190 M M 7 1 23 200
9 62 51 57 -3 8 0 0.77 0.0 0 7.0 15 210 M M 9 1 19 210
10 56 52 54 -6 11 0 1.41 0.0 0 7.1 14 170 M M 10 1 19 170
11 66 49 58 -2 7 0 0.02 M 0 5.4 12 290 M M 7 15 280
12 61 55 58 -2 7 0 T 0.0 0 5.7 14 260 M M 10 8 17 260
13 62 54 58 -2 7 0 0.04 0.0 0 5.6 13 290 M M 9 1 17 160
14 70 56 63 3 2 0 T 0.0 0 5.5 16 310 M M 4 21 330
15 80 53 67 7 0 2 0.00 0.0 0 4.1 13 260 M M 0 20 260
16 74 52 63 3 2 0 0.00 0.0 0 4.6 14 240 M M 0 17 230
17 66 54 60 -1 5 0 T 0.0 0 6.5 14 240 M M 7 19 200
18 66 55 61 0 4 0 0.05 0.0 0 6.4 15 310 M M 9 1 20 310
19 65 56 61 0 4 0 0.04 0.0 0 6.4 14 300 M M 9 18 19 310
20 66 57 62 1 3 0 T 0.0 0 6.3 16 280 M M 10 8 19 290
21 70 56 63 2 2 0 T 0.0 0 6.8 15 250 M M 6 18 270
22 83 54 69 8 0 4 0.00 0.0 0 3.8 14 290 M M 0 17 310
23 83 57 70 8 0 5 0.00 0.0 0 3.3 10 230 M M 0 15 220
24 89 59 74 12 0 9 0.00 0.0 0 3.5 14 310 M M 0 17 300
25 89 61 75 13 0 10 0.00 0.0 0 3.8 12 310 M M 2 128 14 290
26 87 61 74 12 0 9 0.00 0.0 0 3.1 12 230 M M 1 12 15 250
27 76 62 69 7 0 4 0.00 0.0 0 4.2 13 210 M M 3 18 17 200
28 76 60 68 6 0 3 0.00 0.0 0 4.4 14 260 M M 4 18 18 270
29 73 62 68 6 0 3 0.00 0.0 0 4.4 14 260 M M 9 18 18 250
30 77 63 70 8 0 5 0.00 0.0 0 4.4 12 280 M M 8 18 15 270
================================================================================
SM 2112 1657 114 54 3.99 0.0 171.7 M 177
================================================================================
AV 70.4 55.2 5.7 FASTST M M 6 MAX(MPH)
MISC ----> # 25 170 # 34 180
================================================================================
NOTES:
# LAST OF SEVERAL OCCURRENCES
COLUMN 17 PEAK WIND IN M.P.H.
PRELIMINARY LOCAL CLIMATOLOGICAL DATA (WS FORM: F-6) , PAGE 2
STATION: SAN DIEGO/MONTGOMERY FLD CA
MONTH: APRIL
YEAR: 2020
LATITUDE: 32 49 N
LONGITUDE: 117 9 W
[TEMPERATURE DATA] [PRECIPITATION DATA] SYMBOLS USED IN COLUMN 16
AVERAGE MONTHLY: 62.8 TOTAL FOR MONTH: 3.99 1 = FOG OR MIST
DPTR FM NORMAL: 2.4 DPTR FM NORMAL: 3.13 2 = FOG REDUCING VISIBILITY
HIGHEST: 89 ON 25,24 GRTST 24HR 1.41 ON 10-10 TO 1/4 MILE OR LESS
LOWEST: 49 ON 11, 3 3 = THUNDER
SNOW, ICE PELLETS, HAIL 4 = ICE PELLETS
TOTAL MONTH: 0.0 INCH 5 = HAIL
GRTST 24HR 0.0 6 = FREEZING RAIN OR DRIZZLE
GRTST DEPTH: 0 7 = DUSTSTORM OR SANDSTORM:
VSBY 1/2 MILE OR LESS
8 = SMOKE OR HAZE
[NO. OF DAYS WITH] [WEATHER - DAYS WITH] 9 = BLOWING SNOW
X = TORNADO
MAX 32 OR BELOW: 0 0.01 INCH OR MORE: 10
MAX 90 OR ABOVE: 0 0.10 INCH OR MORE: 4
MIN 32 OR BELOW: 0 0.50 INCH OR MORE: 4
MIN 0 OR BELOW: 0 1.00 INCH OR MORE: 2
[HDD (BASE 65) ]
TOTAL THIS MO. 114 CLEAR (SCALE 0-3) 9
DPTR FM NORMAL -38 PTCLDY (SCALE 4-7) 9
TOTAL FM JUL 1 1087 CLOUDY (SCALE 8-10) 12
DPTR FM NORMAL -364
[CDD (BASE 65) ]
TOTAL THIS MO. 54
DPTR FM NORMAL 39 [PRESSURE DATA]
TOTAL FM JAN 1 63 HIGHEST SLP 30.16 ON 9
DPTR FM NORMAL 39 LOWEST SLP 29.83 ON 1
[REMARKS]
#FINAL-04-20#