000
CXUS55 KBOI 011002
CF6MYL
PRELIMINARY LOCAL CLIMATOLOGICAL DATA (WS FORM: F-6)
STATION: MCCALL ID
MONTH: MAY
YEAR: 2021
LATITUDE: 44 52 N
LONGITUDE: 116 6 W
TEMPERATURE IN F: :PCPN: SNOW: WIND :SUNSHINE: SKY :PK WND
================================================================================
1 2 3 4 5 6A 6B 7 8 9 10 11 12 13 14 15 16 17 18
12Z AVG MX 2MIN
DY MAX MIN AVG DEP HDD CDD WTR SNW DPTH SPD SPD DIR MIN PSBL S-S WX SPD DR
================================================================================
1 62 40 51 7 14 0 0.11 M M 6.7 17 320 M M 4 13 25 30
2 52 35 44 0 21 0 0.00 M M 10.3 22 360 M M 1 34 10
3 58 31 45 0 20 0 0.00 M M 5.9 13 290 M M 2 18 300
4 58 32 45 0 20 0 0.00 M M 4.7 17 270 M M 3 24 290
5 64 28 46 0 19 0 0.00 M M 3.5 15 200 M M 0 22 170
6 77 33 55 9 10 0 T M M 6.2 26 230 M M 2 38 210
7 59 34 47 1 18 0 T M M 8.1 24 180 M M 6 33 190
8 50 26 38 -9 27 0 0.00 M M 4.7 16 260 M M 3 24 260
9 50 26 38 -9 27 0 0.00 M M 5.8 15 20 M M 4 25 20
10 55 29 42 -5 23 0 0.00 M M 8.8 21 10 M M 2 30 10
11 61 27 44 -4 21 0 0.00 M M 3.7 12 300 M M 2 19 310
12 66 30 48 0 17 0 0.00 M M 4.0 15 240 M M 1 22 220
13 71 34 53 5 12 0 0.00 M M 4.1 13 360 M M 0 20 280
14 69 40 55 7 10 0 0.00 M M 5.5 15 330 M M 1 20 310
15 71 41 56 7 9 0 0.00 M M 10.0 18 350 M M 0 28 350
16 75 39 57 8 8 0 0.00 M M 5.5 15 10 M M 0 22 360
17 75 38 57 8 8 0 0.00 M M 4.8 15 190 M M 1 20 190
18 62 41 52 3 13 0 0.00 M M 7.6 21 200 M M 3 28 210
19 44 33 39 -11 26 0 0.19 M M 5.0 14 290 M M 10 1 20 270
20 47 35 41 -9 24 0 0.01 M M 11.2 23 10 M M 10 38 360
21 51 37 44 -6 21 0 T M M 13.3 22 350 M M 7 33 360
22 53 32 43 -7 22 0 0.10 M M 5.4 15 320 M M 5 13 21 280
23 49 29 39 -11 26 0 0.14 M M 2.8 16 240 M M 8 12 23 240
24 52 38 45 -5 20 0 0.02 M M 4.7 16 200 M M 9 1 21 190
25 55 31 43 -8 22 0 0.29 M M 4.7 17 190 M M 8 12 22 190
26 59 37 48 -3 17 0 0.40 M M 2.7 9 230 M M 6 1 13 220
27 67 33 50 -1 15 0 0.00 M M 7.2 24 190 M M 2 32 220
28 59 41 50 -1 15 0 0.00 M M 5.7 15 250 M M 0 20 290
29 69 31 50 -1 15 0 0.00 M M 4.8 14 310 M M 0 19 280
30 74 35 55 3 10 0 0.00 M M 4.3 13 300 M M 0 19 260
31 77 42 60 8 5 0 0.00 M M 5.2 13 290 M M 0 19 240
================================================================================
SM 1891 1058 535 0 1.26 M 186.9 M 100
================================================================================
AV 61.0 34.1 6.0 FASTST M M 3 MAX(MPH)
MISC ----> 26 230 # 38 210
================================================================================
NOTES:
# LAST OF SEVERAL OCCURRENCES
COLUMN 17 PEAK WIND IN M.P.H.
PRELIMINARY LOCAL CLIMATOLOGICAL DATA (WS FORM: F-6) , PAGE 2
STATION: MCCALL ID
MONTH: MAY
YEAR: 2021
LATITUDE: 44 52 N
LONGITUDE: 116 6 W
[TEMPERATURE DATA] [PRECIPITATION DATA] SYMBOLS USED IN COLUMN 16
AVERAGE MONTHLY: 47.6 TOTAL FOR MONTH: 1.26 1 = FOG OR MIST
DPTR FM NORMAL: -0.9 DPTR FM NORMAL: -1.04 2 = FOG REDUCING VISIBILITY
HIGHEST: 77 ON 31, 6 GRTST 24HR 0.40 ON 26-26 TO 1/4 MILE OR LESS
LOWEST: 26 ON 9, 8 3 = THUNDER
SNOW, ICE PELLETS, HAIL 4 = ICE PELLETS
TOTAL MONTH: M 5 = HAIL
GRTST 24HR M ON M 6 = FREEZING RAIN OR DRIZZLE
GRTST DEPTH: M ON M 7 = DUSTSTORM OR SANDSTORM:
VSBY 1/2 MILE OR LESS
8 = SMOKE OR HAZE
[NO. OF DAYS WITH] [WEATHER - DAYS WITH] 9 = BLOWING SNOW
X = TORNADO
MAX 32 OR BELOW: 0 0.01 INCH OR MORE: 8
MAX 90 OR ABOVE: 0 0.10 INCH OR MORE: 6
MIN 32 OR BELOW: 12 0.50 INCH OR MORE: 0
MIN 0 OR BELOW: 0 1.00 INCH OR MORE: 0
[HDD (BASE 65) ]
TOTAL THIS MO. 535 CLEAR (SCALE 0-3) 19
DPTR FM NORMAL 23 PTCLDY (SCALE 4-7) 8
TOTAL FM JUL 1 8415 CLOUDY (SCALE 8-10) 4
DPTR FM NORMAL 47
[CDD (BASE 65) ]
TOTAL THIS MO. 0
DPTR FM NORMAL 0 [PRESSURE DATA]
TOTAL FM JAN 1 0 HIGHEST SLP 30.24 ON 5
DPTR FM NORMAL 0 LOWEST SLP 29.74 ON 17
[REMARKS]
#FINAL-05-21#