000
CXUS56 KSTO 250211
CF6MYV
PRELIMINARY LOCAL CLIMATOLOGICAL DATA (WS FORM: F-6)
STATION: MARYSVILLE
MONTH: DECEMBER
YEAR: 2022
LATITUDE: 39 6 N
LONGITUDE: 121-34 E
TEMPERATURE IN F: :PCPN: SNOW: WIND :SUNSHINE: SKY :PK WND
================================================================================
1 2 3 4 5 6A 6B 7 8 9 10 11 12 13 14 15 16 17 18
12Z AVG MX 2MIN
DY MAX MIN AVG DEP HDD CDD WTR SNW DPTH SPD SPD DIR MIN PSBL S-S WX SPD DR
================================================================================
1 51 34 43 -5 22 0 0.73 M M 11.3 26 160 M M M 33 150
2 52 30 41 -7 24 0 0.00 M M 4.3 16 320 M M M 19 320
3 44 37 41 -7 24 0 1.18 M M 4.1 10 320 M M M 13 330
4 56 42 49 1 16 0 0.20 M M 9.2 16 140 M M M 21 130
5 60 43 52 5 13 0 0.40 M M 9.3 18 180 M M M 23 150
6 59 38 49 2 16 0 0.08 M M 4.9 16 350 M M M 20 350
7 56 32 44 -3 21 0 0.00 M M 3.6 9 150 M M M 12 160
8 54 36 45 -2 20 0 0.04 M M 8.6 17 160 M M M 23 150
9 52 47 50 3 15 0 0.00 M M 6.9 20 160 M M M 23 160
10 55 49 52 5 13 0 1.02 M M 17.4 36 160 M M M 48 150
11 54 43 49 2 16 0 0.60 M M 10.4 18 160 M M M 20 160
12 53 35 44 -2 21 0 0.02 M M 5.5 15 330 M M M 20 330
13 53 30 42 -4 23 0 0.00 M M 2.4 7 90 M M M 9 110
14 53 30 42 -4 23 0 0.00 M M 1.8 6 260 M M M 8 230
15 54 29 42 -4 23 0 0.00 M M M M M M M M M M
16 56 28 42 -4 23 0 0.00 M M M M M M M M M M
17 56 29 43 -3 22 0 0.00 0.0 M 1.1 7 260 M M M 8 260
18 52 28 40 -6 25 0 0.00 M M M M M M M M M M
19 M M M M M M 0.00 M M M M M M M M M M
20 M M M M M M 0.00 M M M M M M M M M M
21 M M M M M M 0.00 M M M M M M M M M M
22 M M M M M M 0.00 M M M M M M M M M M
23 M M M M M M 0.00 M M M M M M M M M M
24 M M M M M M 0.00 M M M M M M M M M M
25 M M M M M M 0.00 M M M M M M M M M M
26 M M M M M M 0.00 M M M M M M M M M M
27 M M M M M M 0.00 M M M M M M M M M M
28 M M M M M M 0.00 M M M M M M M M M M
29 M M M M M M 0.00 M M M M M M M M M M
30 M M M M M M M M M M M M M M M M M
31 M M M M M M 0.00 M M M M M M M M M M
================================================================================
SM 970 640 360 0 4.27 0.0 100.8 M M
================================================================================
AV 53.9 35.6 6.7 FASTST M M M MAX(MPH)
MISC ----> 36 160 48 150
================================================================================
NOTES:
# LAST OF SEVERAL OCCURRENCES
COLUMN 17 PEAK WIND IN M.P.H.
PRELIMINARY LOCAL CLIMATOLOGICAL DATA (WS FORM: F-6) , PAGE 2
STATION: MARYSVILLE
MONTH: DECEMBER
YEAR: 2022
LATITUDE: 39 6 N
LONGITUDE: 121-34 E
[TEMPERATURE DATA] [PRECIPITATION DATA] SYMBOLS USED IN COLUMN 16
AVERAGE MONTHLY: 44.7 TOTAL FOR MONTH: 4.27 1 = FOG OR MIST
DPTR FM NORMAL: -1.9 DPTR FM NORMAL: 0.59 2 = FOG REDUCING VISIBILITY
HIGHEST: 60 ON 5 GRTST 24HR 1.18 ON 3- 3 TO 1/4 MILE OR LESS
LOWEST: 28 ON 18,16 3 = THUNDER
SNOW, ICE PELLETS, HAIL 4 = ICE PELLETS
TOTAL MONTH: 0.0 INCH 5 = HAIL
GRTST 24HR 0.0 6 = FREEZING RAIN OR DRIZZLE
GRTST DEPTH: M ON M 7 = DUSTSTORM OR SANDSTORM:
VSBY 1/2 MILE OR LESS
8 = SMOKE OR HAZE
[NO. OF DAYS WITH] [WEATHER - DAYS WITH] 9 = BLOWING SNOW
X = TORNADO
MAX 32 OR BELOW: 0 0.01 INCH OR MORE: 9
MAX 90 OR ABOVE: 0 0.10 INCH OR MORE: 6
MIN 32 OR BELOW: 8 0.50 INCH OR MORE: 4
MIN 0 OR BELOW: 0 1.00 INCH OR MORE: 2
[HDD (BASE 65) ]
TOTAL THIS MO. 360 CLEAR (SCALE 0-3) 0
DPTR FM NORMAL -212 PTCLDY (SCALE 4-7) 0
TOTAL FM JUL 1 856 CLOUDY (SCALE 8-10) 31
DPTR FM NORMAL -178
[CDD (BASE 65) ]
TOTAL THIS MO. 0
DPTR FM NORMAL 0 [PRESSURE DATA]
TOTAL FM JAN 1 1990 HIGHEST SLP M ON M
DPTR FM NORMAL 491 LOWEST SLP M ON M
[REMARKS]
#FINAL-12-22#