000
CXUS56 KSTO 011425
CF6MYV
PRELIMINARY LOCAL CLIMATOLOGICAL DATA (WS FORM: F-6)
STATION: MARYSVILLE AIRPORT CA
MONTH: APRIL
YEAR: 2021
LATITUDE: 39 5 N
LONGITUDE: 121 34 W
TEMPERATURE IN F: :PCPN: SNOW: WIND :SUNSHINE: SKY :PK WND
================================================================================
1 2 3 4 5 6A 6B 7 8 9 10 11 12 13 14 15 16 17 18
12Z AVG MX 2MIN
DY MAX MIN AVG DEP HDD CDD WTR SNW DPTH SPD SPD DIR MIN PSBL S-S WX SPD DR
================================================================================
1 84 43 64 9 1 0 0.00 0.0 0 4.1 10 190 M M 0 15 180
2 83 44 64 8 1 0 0.00 0.0 0 5.5 13 180 M M 0 16 180
3 73 47 60 4 5 0 0.00 0.0 0 9.8 15 140 M M 0 20 140
4 69 44 57 1 8 0 0.00 0.0 0 7.1 14 180 M M 0 8 18 130
5 71 48 60 4 5 0 T 0.0 0 6.2 21 130 M M 1 27 140
6 77 44 61 5 4 0 0.00 0.0 0 5.1 15 150 M M 0 19 150
7 76 46 61 5 4 0 0.00 0.0 0 10.2 16 150 M M 0 20 150
8 77 39 58 1 7 0 0.00 0.0 0 2.1 9 320 M M 0 13 360
9 78 40 59 2 6 0 0.00 0.0 0 6.5 15 180 M M 0 19 140
10 80 41 61 4 4 0 0.00 0.0 0 4.2 13 160 M M 0 17 150
11 83 43 63 6 2 0 0.00 0.0 0 3.7 10 340 M M 0 8 14 360
12 84 44 64 6 1 0 0.00 0.0 0 6.2 15 140 M M 0 8 21 150
13 77 47 62 4 3 0 0.00 0.0 0 8.3 20 80 M M 0 28 80
14 75 42 59 1 6 0 0.00 0.0 0 5.3 15 130 M M 0 21 120
15 76 47 62 4 3 0 0.00 0.0 0 5.3 12 180 M M 0 14 170
16 85 43 64 5 1 0 0.00 0.0 0 4.6 13 320 M M 0 8 16 340
17 87 47 67 8 0 2 0.00 0.0 0 8.9 21 330 M M 0 27 330
18 90 47 69 10 0 4 0.00 0.0 0 3.8 10 340 M M 0 16 330
19 87 46 67 7 0 2 0.00 0.0 0 5.1 14 160 M M 0 18 140
20 78 52 65 5 0 0 0.00 0.0 0 7.3 16 270 M M 0 21 170
21 82 44 63 3 2 0 0.00 0.0 0 5.3 14 160 M M 0 18 140
22 78 49 64 4 1 0 0.00 0.0 0 10.3 17 140 M M 0 22 130
23 77 47 62 1 3 0 0.00 0.0 0 10.9 26 160 M M 1 34 160
24 72 51 62 1 3 0 T 0.0 0 12.7 24 150 M M 6 32 160
25 62 46 54 -7 11 0 0.03 0.0 0 12.2 23 170 M M 7 30 170
26 69 41 55 -7 10 0 0.00 0.0 0 5.4 12 240 M M 2 16 150
27 79 42 61 -1 4 0 0.00 0.0 0 10.2 21 340 M M 0 8 26 350
28 87 43 65 3 0 0 0.00 0.0 0 3.1 13 320 M M 0 15 330
29 90 48 69 7 0 4 0.00 0.0 0 4.2 12 130 M M 0 8 15 140
30 88 50 69 6 0 4 0.00 0.0 0 7.2 20 150 M M 0 24 150
================================================================================
SM 2374 1355 95 16 0.03 0.0 200.8 M 17
================================================================================
AV 79.1 45.2 6.7 FASTST M M 1 MAX(MPH)
MISC ----> # 26 160 # 34 160
================================================================================
NOTES:
# LAST OF SEVERAL OCCURRENCES
COLUMN 17 PEAK WIND IN M.P.H.
PRELIMINARY LOCAL CLIMATOLOGICAL DATA (WS FORM: F-6) , PAGE 2
STATION: MARYSVILLE AIRPORT CA
MONTH: APRIL
YEAR: 2021
LATITUDE: 39 5 N
LONGITUDE: 121 34 W
[TEMPERATURE DATA] [PRECIPITATION DATA] SYMBOLS USED IN COLUMN 16
AVERAGE MONTHLY: 62.2 TOTAL FOR MONTH: 0.03 1 = FOG OR MIST
DPTR FM NORMAL: 3.5 DPTR FM NORMAL: -1.67 2 = FOG REDUCING VISIBILITY
HIGHEST: 90 ON 29,18 GRTST 24HR 0.03 ON 25-25 TO 1/4 MILE OR LESS
LOWEST: 39 ON 8 3 = THUNDER
SNOW, ICE PELLETS, HAIL 4 = ICE PELLETS
TOTAL MONTH: 0.0 INCH 5 = HAIL
GRTST 24HR 0.0 6 = FREEZING RAIN OR DRIZZLE
GRTST DEPTH: 0 7 = DUSTSTORM OR SANDSTORM:
VSBY 1/2 MILE OR LESS
8 = SMOKE OR HAZE
[NO. OF DAYS WITH] [WEATHER - DAYS WITH] 9 = BLOWING SNOW
X = TORNADO
MAX 32 OR BELOW: 0 0.01 INCH OR MORE: 1
MAX 90 OR ABOVE: 2 0.10 INCH OR MORE: 0
MIN 32 OR BELOW: 0 0.50 INCH OR MORE: 0
MIN 0 OR BELOW: 0 1.00 INCH OR MORE: 0
[HDD (BASE 65) ]
TOTAL THIS MO. 95 CLEAR (SCALE 0-3) 28
DPTR FM NORMAL -110 PTCLDY (SCALE 4-7) 2
TOTAL FM JUL 1 2285 CLOUDY (SCALE 8-10) 0
DPTR FM NORMAL -390
[CDD (BASE 65) ]
TOTAL THIS MO. 16
DPTR FM NORMAL -1 [PRESSURE DATA]
TOTAL FM JAN 1 16 HIGHEST SLP 30.20 ON 29
DPTR FM NORMAL -2 LOWEST SLP 29.72 ON 12
[REMARKS]
#FINAL-04-21#