000
CXUS56 KSTO 020144
CF6MYV
PRELIMINARY LOCAL CLIMATOLOGICAL DATA (WS FORM: F-6)
STATION: MARYSVILLE AIRPORT CA
MONTH: APRIL
YEAR: 2020
LATITUDE: 39 5 N
LONGITUDE: 121 34 W
TEMPERATURE IN F: :PCPN: SNOW: WIND :SUNSHINE: SKY :PK WND
================================================================================
1 2 3 4 5 6A 6B 7 8 9 10 11 12 13 14 15 16 17 18
12Z AVG MX 2MIN
DY MAX MIN AVG DEP HDD CDD WTR SNW DPTH SPD SPD DIR MIN PSBL S-S WX SPD DR
================================================================================
1 65 41 53 -2 12 0 0.00 0.0 0 8.1 17 330 M M 1 24 330
2 69 41 55 -1 10 0 0.00 0.0 0 10.3 20 310 M M 0 25 300
3 69 36 53 -3 12 0 0.00 0.0 0 4.0 10 130 M M 0 8 13 130
4 53 46 50 -6 15 0 0.25 0.0 0 13.5 22 160 M M 7 1 34 90
5 54 46 50 -6 15 0 0.59 0.0 0 12.5 25 170 M M 9 13 33 160
6 61 40 51 -5 14 0 0.02 0.0 0 5.4 14 330 M M 6 18 340
7 67 45 56 0 9 0 T 0.0 0 3.5 12 340 M M 4 13 340
8 64 47 56 -1 9 0 0.00 0.0 0 6.9 16 130 M M 0 20 130
9 64 49 57 0 8 0 0.00 0.0 0 7.7 16 160 M M 8 20 170
10 73 47 60 3 5 0 0.00 0.0 0 5.8 16 170 M M 2 30 160
11 72 47 60 3 5 0 0.00 0.0 0 7.6 17 170 M M 1 33 330
12 75 51 63 5 2 0 0.00 0.0 0 4.8 12 150 M M 3 15 150
13 77 47 62 4 3 0 0.00 0.0 0 6.5 21 340 M M 1 29 90
14 81 46 64 6 1 0 0.00 0.0 0 7.0 18 330 M M 0 22 310
15 79 43 61 3 4 0 0.00 0.0 0 4.6 12 130 M M 0 15 150
16 83 47 65 6 0 0 0.00 0.0 0 3.2 13 160 M M 0 17 150
17 75 46 61 2 4 0 0.00 0.0 0 9.2 23 160 M M 0 26 150
18 71 50 61 2 4 0 0.00 0.0 0 10.2 18 160 M M 3 23 160
19 71 51 61 1 4 0 0.00 0.0 0 8.8 16 160 M M 2 20 130
20 66 51 59 -1 6 0 0.00 0.0 0 5.8 13 180 M M 4 17 180
21 80 44 62 2 3 0 0.00 0.0 0 4.2 12 150 M M 0 14 150
22 83 47 65 5 0 0 0.00 0.0 0 2.5 10 140 M M 0 13 150
23 86 51 69 8 0 4 0.00 0.0 0 6.7 18 320 M M 0 22 320
24 91 51 71 10 0 6 0.00 0.0 0 6.9 16 340 M M 0 21 340
25 89 55 72 11 0 7 0.00 0.0 0 3.9 10 330 M M 0 14 330
26 86 52 69 7 0 4 0.00 0.0 0 5.9 16 180 M M 0 20 190
27 88 50 69 7 0 4 0.00 0.0 0 3.5 12 340 M M 0 17 330
28 92 56 74 12 0 9 0.00 0.0 0 5.1 12 150 M M 0 16 340
29 84 61 73 11 0 8 0.00 0.0 0 9.9 15 140 M M 0 33 120
30 84 54 69 6 0 4 0.00 0.0 0 6.6 13 150 M M 0 17 150
================================================================================
SM 2252 1438 145 46 0.86 0.0 200.6 M 51
================================================================================
AV 75.1 47.9 6.7 FASTST M M 2 MAX(MPH)
MISC ----> # 25 170 # 34 90
================================================================================
NOTES:
# LAST OF SEVERAL OCCURRENCES
COLUMN 17 PEAK WIND IN M.P.H.
PRELIMINARY LOCAL CLIMATOLOGICAL DATA (WS FORM: F-6) , PAGE 2
STATION: MARYSVILLE AIRPORT CA
MONTH: APRIL
YEAR: 2020
LATITUDE: 39 5 N
LONGITUDE: 121 34 W
[TEMPERATURE DATA] [PRECIPITATION DATA] SYMBOLS USED IN COLUMN 16
AVERAGE MONTHLY: 61.5 TOTAL FOR MONTH: 0.86 1 = FOG OR MIST
DPTR FM NORMAL: 2.8 DPTR FM NORMAL: -0.84 2 = FOG REDUCING VISIBILITY
HIGHEST: 92 ON 28 GRTST 24HR 0.59 ON 5- 5 TO 1/4 MILE OR LESS
LOWEST: 36 ON 3 3 = THUNDER
SNOW, ICE PELLETS, HAIL 4 = ICE PELLETS
TOTAL MONTH: 0.0 INCH 5 = HAIL
GRTST 24HR 0.0 6 = FREEZING RAIN OR DRIZZLE
GRTST DEPTH: 0 7 = DUSTSTORM OR SANDSTORM:
VSBY 1/2 MILE OR LESS
8 = SMOKE OR HAZE
[NO. OF DAYS WITH] [WEATHER - DAYS WITH] 9 = BLOWING SNOW
X = TORNADO
MAX 32 OR BELOW: 0 0.01 INCH OR MORE: 3
MAX 90 OR ABOVE: 2 0.10 INCH OR MORE: 2
MIN 32 OR BELOW: 0 0.50 INCH OR MORE: 1
MIN 0 OR BELOW: 0 1.00 INCH OR MORE: 0
[HDD (BASE 65) ]
TOTAL THIS MO. 145 CLEAR (SCALE 0-3) 23
DPTR FM NORMAL -60 PTCLDY (SCALE 4-7) 6
TOTAL FM JUL 1 2292 CLOUDY (SCALE 8-10) 1
DPTR FM NORMAL -383
[CDD (BASE 65) ]
TOTAL THIS MO. 46
DPTR FM NORMAL 29 [PRESSURE DATA]
TOTAL FM JAN 1 46 HIGHEST SLP 30.29 ON 22
DPTR FM NORMAL 28 LOWEST SLP 29.60 ON 5
[REMARKS]
#FINAL-04-20#