000
CXUS53 KBIS 010830
CF6N60
PRELIMINARY LOCAL CLIMATOLOGICAL DATA (WS FORM: F-6)
STATION: GARRISON (AMOS) ND
MONTH: AUGUST
YEAR: 2023
LATITUDE: 47 39 N
LONGITUDE: 101 23 W
TEMPERATURE IN F: :PCPN: SNOW: WIND :SUNSHINE: SKY :PK WND
================================================================================
1 2 3 4 5 6A 6B 7 8 9 10 11 12 13 14 15 16 17 18
12Z AVG MX 2MIN
DY MAX MIN AVG DEP HDD CDD WTR SNW DPTH SPD SPD DIR MIN PSBL S-S WX SPD DR
================================================================================
1 93 63 78 9 0 13 0.16 M M 7.9 30 140 M M 0 43 30
2 89 59 74 5 0 9 0.00 M M 5.2 15 320 M M 0 19 330
3 90 60 75 6 0 10 0.00 M M 6.3 15 270 M M 0 23 250
4 71 64 68 -1 0 3 0.97 M M 6.2 16 70 M M 0 26 60
5 78 59 69 0 0 4 0.00 M M 6.3 15 20 M M 0 22 20
6 80 53 67 -2 0 2 0.00 M M 7.1 15 340 M M 0 25 320
7 80 50 65 -4 0 0 0.00 M M 4.4 12 200 M M 0 16 200
8 83 58 71 2 0 6 0.01 M M 6.2 20 340 M M 0 33 330
9 76 54 65 -4 0 0 0.21 M M 7.4 18 70 M M 0 26 60
10 80 56 68 -1 0 3 0.08 M M 8.8 24 120 M M 0 32 120
11 80 54 67 -2 0 2 0.00 M M 12.6 26 310 M M 0 37 300
12 81 51 66 -3 0 1 0.00 M M 8.2 18 310 M M 0 25 310
13 69 55 62 -6 3 0 0.21 M M 9.0 20 310 M M 0 25 320
14 81 49 65 -3 0 0 0.00 M M 5.8 16 210 M M 0 23 180
15 92 58 75 7 0 10 0.00 M M 5.9 15 210 M M 0 22 200
16 81 51 66 -2 0 1 0.00 M M 17.6 36 320 M M 0 50 340
17 79 48 64 -4 1 0 0.00 M M 8.6 13 150 M M 0 19 170
18 94 59 77 9 0 12 0.00 M M 8.2 15 170 M M 0 21 160
19 76 52 64 -3 1 0 0.00 M M 12.8 28 330 M M 0 36 330
20 60 54 57 -10 8 0 0.18 M M 6.6 16 100 M M 0 22 80
21 65 54 60 -7 5 0 0.10 M M 11.6 18 100 M M 0 26 90
22 82 59 71 4 0 6 0.01 M M 5.7 12 90 M M 0 14 80
23 90 64 77 11 0 12 0.05 M M 7.8 22 330 M M 0 29 330
24 89 59 74 8 0 9 0.29 M M 3.6 13 310 M M 0 19 160
25 72 51 62 -4 3 0 0.00 M M 9.2 18 340 M M 0 27 320
26 76 50 63 -3 2 0 0.00 M M 10.2 18 160 M M 0 26 180
27 90 56 73 8 0 8 0.00 M M 7.2 16 20 M M 0 25 10
28 85 52 69 4 0 4 0.00 M M 9.1 21 340 M M 0 27 310
29 85 54 70 5 0 5 0.00 M M 6.2 13 350 M M 0 20 330
30 83 59 71 7 0 6 0.04 M M 15.4 33 120 M M 0 50 100
31 84 55 70 6 0 5 0.00 M M 12.0 25 240 M M 0 35 240
================================================================================
SM 2514 1720 23 131 2.31 M 259.1 M 0
================================================================================
AV 81.1 55.5 8.4 FASTST M M 0 MAX(MPH)
MISC ----> 36 320 # 50 340
================================================================================
NOTES:
# LAST OF SEVERAL OCCURRENCES
COLUMN 17 PEAK WIND IN M.P.H.
PRELIMINARY LOCAL CLIMATOLOGICAL DATA (WS FORM: F-6) , PAGE 2
STATION: GARRISON (AMOS) ND
MONTH: AUGUST
YEAR: 2023
LATITUDE: 47 39 N
LONGITUDE: 101 23 W
[TEMPERATURE DATA] [PRECIPITATION DATA] SYMBOLS USED IN COLUMN 16
AVERAGE MONTHLY: 68.3 TOTAL FOR MONTH: 2.31 1 = FOG OR MIST
DPTR FM NORMAL: 0.8 DPTR FM NORMAL: 0.54 2 = FOG REDUCING VISIBILITY
HIGHEST: 94 ON 18 GRTST 24HR 0.97 ON 4- 4 TO 1/4 MILE OR LESS
LOWEST: 48 ON 17 3 = THUNDER
SNOW, ICE PELLETS, HAIL 4 = ICE PELLETS
TOTAL MONTH: M 5 = HAIL
GRTST 24HR M ON M 6 = FREEZING RAIN OR DRIZZLE
GRTST DEPTH: M ON M 7 = DUSTSTORM OR SANDSTORM:
VSBY 1/2 MILE OR LESS
8 = SMOKE OR HAZE
[NO. OF DAYS WITH] [WEATHER - DAYS WITH] 9 = BLOWING SNOW
X = TORNADO
MAX 32 OR BELOW: 0 0.01 INCH OR MORE: 12
MAX 90 OR ABOVE: 6 0.10 INCH OR MORE: 7
MIN 32 OR BELOW: 0 0.50 INCH OR MORE: 1
MIN 0 OR BELOW: 0 1.00 INCH OR MORE: 0
[HDD (BASE 65) ]
TOTAL THIS MO. 23 CLEAR (SCALE 0-3) 31
DPTR FM NORMAL -25 PTCLDY (SCALE 4-7) 0
TOTAL FM JUL 1 76 CLOUDY (SCALE 8-10) 0
DPTR FM NORMAL -6
[CDD (BASE 65) ]
TOTAL THIS MO. 131
DPTR FM NORMAL 4 [PRESSURE DATA]
TOTAL FM JAN 1 421 HIGHEST SLP 30.37 ON 20
DPTR FM NORMAL 116 LOWEST SLP 29.48 ON 18
[REMARKS]
#FINAL-08-23#