000
CXUS51 KOKX 010910
CF6NYC
PRELIMINARY LOCAL CLIMATOLOGICAL DATA (WS FORM: F-6)
STATION: CENTRAL PARK NY
MONTH: MARCH
YEAR: 2021
LATITUDE: 40 46 N
LONGITUDE: 73 58 W
TEMPERATURE IN F: :PCPN: SNOW: WIND :SUNSHINE: SKY :PK WND
================================================================================
1 2 3 4 5 6A 6B 7 8 9 10 11 12 13 14 15 16 17 18
12Z AVG MX 2MIN
DY MAX MIN AVG DEP HDD CDD WTR SNW DPTH SPD SPD DIR MIN PSBL S-S WX SPD DR
================================================================================
1 49 31 40 2 25 0 0.16 0.0 0 8.9 23 300 M M 8 1 39 310
2 33 21 27 -11 38 0 0.00 0.0 0 10.8 25 300 M M 1 39 310
3 52 32 42 3 23 0 0.00 0.0 0 6.0 15 280 M M 1 23 250
4 45 27 36 -3 29 0 0.00 0.0 0 10.4 23 300 M M 4 35 310
5 37 23 30 -9 35 0 0.00 0.0 0 11.6 21 300 M M 0 35 300
6 34 29 32 -7 33 0 0.00 0.0 0 8.7 17 290 M M 8 29 290
7 41 29 35 -5 30 0 0.00 0.0 0 7.2 15 270 M M 3 20 280
8 43 26 35 -5 30 0 0.00 0.0 0 5.0 12 250 M M 0 18 220
9 64 42 53 13 12 0 0.00 0.0 0 7.3 15 300 M M 2 24 240
10 54 41 48 8 17 0 0.00 0.0 0 6.1 13 140 M M 2 19 150
11 71 44 58 17 7 0 0.00 0.0 0 2.7 14 220 M M 1 18 23 200
12 68 52 60 19 5 0 T 0.0 0 7.3 18 300 M M 2 31 290
13 52 33 43 2 22 0 0.00 0.0 0 8.1 23 310 M M 0 36 290
14 54 31 43 1 22 0 0.00 0.0 0 10.9 24 300 M M 2 40 300
15 39 24 32 -10 33 0 0.00 0.0 0 8.4 25 300 M M 0 38 300
16 37 29 33 -9 32 0 T T 0 4.6 13 50 M M 6 4 16 50
17 47 34 41 -2 24 0 0.00 0.0 0 3.0 8 140 M M 10 12 160
18 47 41 44 1 21 0 0.60 0.0 0 6.1 17 20 M M 10 18 29 40
19 43 31 37 -6 28 0 0.07 T 0 11.5 23 10 M M 2 35 10
20 59 33 46 2 19 0 0.00 0.0 0 2.7 10 270 M M 0 16 260
21 63 42 53 9 12 0 0.00 0.0 0 3.2 10 140 M M 0 15 140
22 62 42 52 8 13 0 0.00 0.0 0 3.7 10 140 M M 0 8 15 140
23 66 43 55 10 10 0 0.00 0.0 0 4.7 12 140 M M 2 18 19 150
24 56 47 52 7 13 0 1.27 0.0 0 4.0 10 70 M M 7 1 14 70
25 68 49 59 14 6 0 0.01 0.0 0 3.5 14 230 M M 7 18 19 230
26 82 52 67 21 0 2 0.19 0.0 0 8.1 28 210 M M 5 18 44 220
27 69 50 60 14 5 0 0.00 0.0 0 5.6 15 240 M M 0 24 210
28 60 48 54 8 11 0 0.76 0.0 0 6.7 21 210 M M 8 1 32 190
29 55 45 50 3 15 0 T 0.0 0 10.0 26 220 M M 3 38 230
30 61 42 52 5 13 0 0.00 0.0 0 6.0 16 90 M M 0 25 100
31 67 50 59 11 6 0 0.35 0.0 0 5.0 13 110 M M 7 1 19 120
================================================================================
SM 1678 1163 589 2 3.41 T 207.8 M 101
================================================================================
AV 54.1 37.5 6.7 FASTST M M 3 MAX(MPH)
MISC ----> 28 210 44 220
================================================================================
NOTES:
# LAST OF SEVERAL OCCURRENCES
COLUMN 17 PEAK WIND IN M.P.H.
PRELIMINARY LOCAL CLIMATOLOGICAL DATA (WS FORM: F-6) , PAGE 2
STATION: CENTRAL PARK NY
MONTH: MARCH
YEAR: 2021
LATITUDE: 40 46 N
LONGITUDE: 73 58 W
[TEMPERATURE DATA] [PRECIPITATION DATA] SYMBOLS USED IN COLUMN 16
AVERAGE MONTHLY: 45.8 TOTAL FOR MONTH: 3.41 1 = FOG OR MIST
DPTR FM NORMAL: 3.3 DPTR FM NORMAL: -0.95 2 = FOG REDUCING VISIBILITY
HIGHEST: 82 ON 26 GRTST 24HR 1.27 ON 24-24 TO 1/4 MILE OR LESS
LOWEST: 21 ON 2 3 = THUNDER
SNOW, ICE PELLETS, HAIL 4 = ICE PELLETS
TOTAL MONTH: T 5 = HAIL
GRTST 24HR T ON 16-16 6 = FREEZING RAIN OR DRIZZLE
GRTST DEPTH: 0 7 = DUSTSTORM OR SANDSTORM:
VSBY 1/2 MILE OR LESS
8 = SMOKE OR HAZE
[NO. OF DAYS WITH] [WEATHER - DAYS WITH] 9 = BLOWING SNOW
X = TORNADO
MAX 32 OR BELOW: 0 0.01 INCH OR MORE: 8
MAX 90 OR ABOVE: 0 0.10 INCH OR MORE: 6
MIN 32 OR BELOW: 12 0.50 INCH OR MORE: 3
MIN 0 OR BELOW: 0 1.00 INCH OR MORE: 1
[HDD (BASE 65) ]
TOTAL THIS MO. 589 CLEAR (SCALE 0-3) 19
DPTR FM NORMAL -111 PTCLDY (SCALE 4-7) 10
TOTAL FM JUL 1 3785 CLOUDY (SCALE 8-10) 2
DPTR FM NORMAL -436
[CDD (BASE 65) ]
TOTAL THIS MO. 2
DPTR FM NORMAL 1 [PRESSURE DATA]
TOTAL FM JAN 1 2 HIGHEST SLP M ON M
DPTR FM NORMAL 1 LOWEST SLP 29.41 ON 28
[REMARKS]
#FINAL-03-21#