000
CXUS51 KOKX 051835
CLANYC

NYCCLMNYC 000
TTAA00 KOKX 051637


CLIMATE REPORT
NATIONAL WEATHER SERVICE NEW YORK NY
135 PM EST TUE JAN 5 2010

...................................

...THE CENTRAL PARK NY CLIMATE SUMMARY FOR THE YEAR OF 2009...

CLIMATE NORMAL PERIOD 1971 TO 2000
CLIMATE RECORD PERIOD 1869 TO 2010

WEATHER         OBSERVED          NORMAL  DEPART  LAST YEAR`S
                 VALUE   DATE(S)  VALUE   FROM    VALUE  DATE(S)
                                          NORMAL
................................................................
TEMPERATURE (F)
RECORD
 HIGH             106   07/09/1936
 LOW              -15   02/09/1934
HIGHEST            92   08/17        MM      MM       96  07/19
                        04/26                             06/10
                                                          06/09
LOWEST              6   01/17        MM      MM       10  02/11
AVG. MAXIMUM     60.9              62.3    -1.4     62.8
AVG. MINIMUM     47.1              47.0     0.1     47.9
MEAN             54.0              54.7    -0.7     55.3
DAYS MAX >= 90      7              18.1   -11.1       12
DAYS MAX <= 32     25              19.5     5.5       12
DAYS MIN <= 32     78              71.4     6.6       72
DAYS MIN <= 0       0               0.3    -0.3        0

PRECIPITATION (INCHES)
RECORD
 MAXIMUM        80.56   1983
 MINIMUM        26.09   1965
TOTALS          53.63             47.25    6.38    53.61
DAILY AVG.       0.15             11.81  -11.66     0.15
DAYS >= .01       130             120.6     9.4      141
DAYS >= .10        91              78.3    12.7       86
DAYS >= .50        43              32.7    10.3       33
DAYS >= 1.00       15              13.0     2.0       14
GREATEST
 24 HR. TOTAL    2.30   06/18 TO 06/18              3.54  09/05 TO 09/06
 STORM TOTAL       MM   MM                            MM  MM
 (MM/DD(HH))


SNOWFALL (INCHES)
RECORDS
 TOTAL           75.6   1996
 24 HR TOTAL     25.5   12/26/1947
 SNOW DEPTH        19   02/19/2003
                        02/18/2003
TOTALS           34.0              22.4    11.6     15.0
 LIQUID EQUIV    3.40                MM      MM     1.50
SINCE 7/1        12.4               3.0     9.4      6.0
 LIQUID 7/1      1.24                MM      MM     0.60
SNOWDEPTH AVG.      0                 0       0        0
DAYS >= TRACE      25              10.9    14.1       24
DAYS >= 1.0        11               6.0     5.0        4
GREATEST
 SNOW DEPTH        10   12/20                          5  02/23
 24 HR TOTAL     10.9   12/19 TO 12/20               6.0  02/22 TO 02/22
 STORM TOTAL       MM   MM                            MM  MM
 (MM/DD(HH))

DEGREE_DAYS
HEATING TOTAL    4759              4805     -46     4598
 SINCE 7/1       1647              1682     -35     1723
COOLING TOTAL     876              1151    -275     1163
 SINCE 1/1        876              1151    -275     1163

FREEZE DATES
RECORD
 EARLIEST     MM
 LATEST       MM
EARLIEST                        MM
LATEST                          MM
.................................................................

WIND (MPH)
AVERAGE WIND SPEED              6.2
RESULTANT WIND SPEED/DIRECTION   1/071
HIGHEST WIND SPEED/DIRECTION    30/280    DATE  02/12
HIGHEST GUST SPEED/DIRECTION    48/280    DATE  02/12

SKY COVER
POSSIBLE SUNSHINE (PERCENT)   MM

NUMBER OF DAYS FAIR          191
NUMBER OF DAYS PC            100
NUMBER OF DAYS CLOUDY         74

AVERAGE RH (PERCENT)     65

WEATHER CONDITIONS. NUMBER OF DAYS WITH
THUNDERSTORM              2     MIXED PRECIP               0
HEAVY RAIN               46     RAIN                      78
LIGHT RAIN              127     FREEZING RAIN              2
LT FREEZING RAIN          5     HAIL                       0
HEAVY SNOW                3     SNOW                       9
LIGHT SNOW               20     SLEET                      2
FOG                     151     FOG W/VIS <= 1/4 MILE     19
HAZE                     48

-  INDICATES NEGATIVE NUMBERS.
R  INDICATES RECORD WAS SET OR TIED.
MM INDICATES DATA IS MISSING.
T  INDICATES TRACE AMOUNT.

$$
