000
CXUS51 KOKX 012326
CLANYC

NYCCLMNYC 000
TTAA00 KOKX 012211


CLIMATE REPORT
NATIONAL WEATHER SERVICE NEW YORK NY
626 PM EST SUN JAN 1 2012

...................................

...THE CENTRAL PARK NY CLIMATE SUMMARY FOR THE YEAR OF 2011...

CLIMATE NORMAL PERIOD 1981 TO 2010
CLIMATE RECORD PERIOD 1869 TO 2011

WEATHER         OBSERVED          NORMAL  DEPART  LAST YEAR`S
                 VALUE   DATE(S)  VALUE   FROM    VALUE  DATE(S)
                                          NORMAL
................................................................
TEMPERATURE (F)
RECORD
 HIGH             106   07/09/1936
 LOW              -15   02/09/1934
HIGHEST           104   07/22        MM      MM      103  07/06
LOWEST              6   01/24        MM      MM       13  01/30
AVG. MAXIMUM     63.6              62.0     1.6     63.8
AVG. MINIMUM     49.2              48.0     1.2     49.5
MEAN             56.4              55.0     1.4     56.7
DAYS MAX >= 90     20              12.2     7.8       37
DAYS MAX <= 32     16              17.6    -1.6       17
DAYS MIN <= 32     69              65.6     3.4       71
DAYS MIN <= 0       0               0.0     0.0        0

PRECIPITATION (INCHES)
RECORD
 MAXIMUM        80.56   1983
 MINIMUM        26.09   1965
TOTALS          72.81             49.94   22.87    49.37
DAILY AVG.       0.20              0.14    0.06     0.14
DAYS >= .01       126             122.0     4.0      102
DAYS >= .10        87              78.0     9.0       60
DAYS >= .50        45              33.0    12.0       30
DAYS >= 1.00       24              13.9    10.1       23
GREATEST
 24 HR. TOTAL    6.86   MM
 STORM TOTAL       MM                                 MM
 (MM/DD(HH))            MM

SNOWFALL (INCHES)
RECORDS
 TOTAL           64.0   1896
 24 HR TOTAL       MM   MM
 SNOW DEPTH        MM   MM
TOTALS           44.7              25.1    19.6     59.1
 LIQUID EQUIV    4.47              2.50    1.97     5.91
SINCE 7/1         2.9               5.1    -2.2     20.1
 LIQUID 7/1      0.29              0.50   -0.21     2.01
SNOWDEPTH AVG.      1                MM      MM        1
DAYS >= TRACE      25              11.1    13.9       30
DAYS >= 1.0        12               6.0     6.0        7
GREATEST
 SNOW DEPTH        23   01/27                         21  02/27
 24 HR TOTAL     12.3   MM

 STORM TOTAL       MM                                 MM
 (MM/DD(HH))            MM

DEGREE_DAYS
HEATING TOTAL    4335              4750    -415     4447
 SINCE 7/1         MM              1685      MM     1718
COOLING TOTAL    1331              1105     226     1549
 SINCE 1/1       1331              1105     226     1549
..................................................

WIND (MPH)
AVERAGE WIND SPEED              5.8
RESULTANT WIND SPEED/DIRECTION   1/106
HIGHEST WIND SPEED/DIRECTION    32/070    DATE  08/28
HIGHEST GUST SPEED/DIRECTION    60/070    DATE  08/28

SKY COVER
POSSIBLE SUNSHINE (PERCENT)   MM
AVERAGE SKY COVER           0.40
NUMBER OF DAYS FAIR          197
NUMBER OF DAYS PC            101
NUMBER OF DAYS CLOUDY         66

AVERAGE RH (PERCENT)     65

WEATHER CONDITIONS. NUMBER OF DAYS WITH
THUNDERSTORM              0     MIXED PRECIP               0
HEAVY RAIN               53     RAIN                      69
LIGHT RAIN              114     FREEZING RAIN              3
LT FREEZING RAIN          4     HAIL                       0
HEAVY SNOW                5     SNOW                       9
LIGHT SNOW               20     SLEET                      1
FOG                     158     FOG W/VIS <= 1/4 MILE     24
HAZE                     86

-  INDICATES NEGATIVE NUMBERS.
R  INDICATES RECORD WAS SET OR TIED.
MM INDICATES DATA IS MISSING.
T  INDICATES TRACE AMOUNT.

$$
