000
CXUS51 KOKX 061444
CLANYC

CLIMATE REPORT
NATIONAL WEATHER SERVICE NEW YORK NY
944 AM EST MON JAN 6 2014


...THE CENTRAL PARK NY CLIMATE SUMMARY FOR THE YEAR OF 2013...

CLIMATE NORMAL PERIOD 1981 TO 2010
CLIMATE RECORD PERIOD 1869 TO 2014

WEATHER         OBSERVED          NORMAL  DEPART  LAST YEAR`S
                 VALUE   DATE(S)  VALUE   FROM    VALUE  DATE(S)
                                          NORMAL
................................................................
TEMPERATURE (F)
RECORD
 HIGH             106   07/09/1936
 LOW              -15   02/09/1934
HIGHEST            98   07/18        MM      MM      100  07/18
LOWEST             11   01/23        MM      MM       13  01/04
AVG. MAXIMUM     62.2              62.0     0.2     64.3
AVG. MINIMUM     48.4              48.0     0.4     50.3
MEAN             55.3              55.0     0.3     57.3
DAYS MAX >= 90     17              12.2     4.8       19
DAYS MAX <= 32     20              17.6     2.4        5
DAYS MIN <= 32     77              65.6    11.4       38
DAYS MIN <= 0       0               0.0     0.0        0

PRECIPITATION (INCHES)
RECORD
 MAXIMUM        72.81   2011
 MINIMUM        38.51   2012
TOTALS          46.32             49.94   -3.62    38.51
DAILY AVG.       0.13              0.14   -0.01     0.10
DAYS >= .01       119             122.0    -3.0      134
DAYS >= .10        69              78.0    -9.0       75
DAYS >= .50        33              33.0     0.0       26
DAYS >= 1.00       11              13.9    -2.9        8
GREATEST
 24 HR. TOTAL    4.60   MM                       12/31 TO 12/31
                                                          12/31 TO 12/31
                                                          12/31 TO 12/31
 STORM TOTAL       MM                                 MM
 (MM/DD(HH))            MM                    12/31(00) TO 12/31(00)
                                                 12/31(00) TO 12/31(00)1
                                                 12/31(00) TO 12/31(00)1

SNOWFALL (INCHES)
RECORDS
 TOTAL           59.1   2010
 24 HR TOTAL     24.1   MM
 SNOW DEPTH        23   01/27/2011
TOTALS           29.6              25.8     3.8      9.6
 LIQUID EQUIV    2.96              2.60    0.36     0.96
SINCE 7/1         8.6               5.1     3.5      5.1
 LIQUID 7/1      0.86              0.50    0.36     0.51
SNOWDEPTH AVG.      0                MM      MM        0
DAYS >= TRACE      34              11.4    22.6       21
DAYS >= 1.0         8               6.2     1.8        2
GREATEST
 SNOW DEPTH        10   02/10                          4  11/08
 24 HR TOTAL      6.3   MM                       12/31 TO 12/31
                                                          12/31 TO 12/31
                                                          12/31 TO 12/31
 STORM TOTAL       MM                                0.0
 (MM/DD(HH))            MM                    12/31(00) TO 12/31(00)
                                                 12/31(00) TO 12/31(00)1
                                                 12/31(00) TO 12/31(00)1

DEGREE_DAYS
HEATING TOTAL    4670              4750     -80     3978
 SINCE 7/1         MM              1685      MM       MM
COOLING TOTAL    1272              1105     167     1277
 SINCE 1/1       1272              1105     167     1277
..................................................

WIND (MPH)
AVERAGE WIND SPEED              5.5
RESULTANT WIND SPEED/DIRECTION   1/064
HIGHEST WIND SPEED/DIRECTION    30/060    DATE  03/06
HIGHEST GUST SPEED/DIRECTION    46/050    DATE  03/06

SKY COVER
POSSIBLE SUNSHINE (PERCENT)   MM
AVERAGE SKY COVER           0.40
NUMBER OF DAYS FAIR          188
NUMBER OF DAYS PC            118
NUMBER OF DAYS CLOUDY         59

AVERAGE RH (PERCENT)     61

WEATHER CONDITIONS. NUMBER OF DAYS WITH
THUNDERSTORM              0     MIXED PRECIP               0
HEAVY RAIN               38     RAIN                      63
LIGHT RAIN              112     FREEZING RAIN              1
LT FREEZING RAIN          4     HAIL                       0
HEAVY SNOW                4     SNOW                       9
LIGHT SNOW               30     SLEET                      1
FOG                     137     FOG W/VIS <= 1/4 MILE     13
HAZE                    102

-  INDICATES NEGATIVE NUMBERS.
R  INDICATES RECORD WAS SET OR TIED.
MM INDICATES DATA IS MISSING.
T  INDICATES TRACE AMOUNT.

$$
