745
CXUS51 KOKX 061942 CCA
CLANYC

CLIMATE REPORT...CORRECTED
NATIONAL WEATHER SERVICE NEW YORK NY
241 PM EST WED JAN 6 2016

...................................

...THE CENTRAL PARK NY CLIMATE SUMMARY FOR THE YEAR OF 2015...

CLIMATE NORMAL PERIOD 1981 TO 2010
CLIMATE RECORD PERIOD 1869 TO 2015

WEATHER         OBSERVED          NORMAL  DEPART  LAST YEAR`S
                 VALUE   DATE(S)  VALUE   FROM    VALUE  DATE(S)
                                          NORMAL
................................................................
TEMPERATURE (F)
RECORD
 HIGH             106   07/09/1936
 LOW              -15   02/09/1934
HIGHEST            97   09/08        MM      MM       92  09/02
LOWEST              2   02/20        MM      MM        4  01/07
AVG. MAXIMUM     64.1              62.0     2.1     61.5
AVG. MINIMUM     49.2              48.0     1.2     47.2
MEAN             56.7              55.0     1.7     54.4
DAYS MAX >= 90     20              12.2     7.8        8
DAYS MAX <= 32     26              17.6     8.4       29
DAYS MIN <= 32     71              65.6     5.4       82
DAYS MIN <= 0       0               0.0     0.0        0

PRECIPITATION (INCHES)
RECORD
 MAXIMUM        80.56   1983
 MINIMUM        26.09   1965
TOTALS          40.97             49.94   -8.97    53.79
DAILY AVG.       0.11              0.14   -0.03     0.15
DAYS >= .01       110             122.0   -12.0      129
DAYS >= .10        70              78.0    -8.0       78
DAYS >= .50        25              33.0    -8.0       32
DAYS >= 1.00       14              13.9     0.1       17
GREATEST
 24 HR. TOTAL    2.10   MM                       12/31 TO 12/31
                                                          12/31 TO 12/31
                                                          12/31 TO 12/31
 STORM TOTAL       MM                                 MM
 (MM/DD(HH))            MM                    12/31(00) TO 12/31(00)
                                                 12/31(00) TO 12/31(00)1
                                                 12/31(00) TO 12/31(00)1

SNOWFALL (INCHES)
RECORDS
 TOTAL           64.0   1896
 24 HR TOTAL     24.1   MM
 SNOW DEPTH        26   12/27/1947
TOTALS           49.1              25.8    23.3     50.0
 LIQUID EQUIV    4.91              2.60    2.31     5.00
SINCE 7/1           T               5.1    -5.1      1.2
 LIQUID 7/1        MM              0.50      MM     0.12
SNOWDEPTH AVG.      1                MM      MM        1
DAYS >= TRACE      31              11.4    19.6       31
DAYS >= 1.0        14               6.2     7.8       12
GREATEST
 SNOW DEPTH        19   03/06                         18  02/18
                                                          02/15
                                                          02/16
 24 HR TOTAL      7.5   MM                       12/31 TO 12/31
                                                          12/31 TO 12/31
                                                          12/31 TO 12/31
 STORM TOTAL       MM                                 MM
 (MM/DD(HH))            MM                    12/31(00) TO 12/31(00)
                                                 12/31(00) TO 12/31(00)1
                                                 12/31(00) TO 12/31(00)1

DEGREE_DAYS
HEATING TOTAL    4460              4750    -290     4875
 SINCE 7/1         MM              1685      MM       MM
COOLING TOTAL    1581              1105     476     1128
 SINCE 1/1       1581              1105     476     1128
..................................................

WIND (MPH)
AVERAGE WIND SPEED              5.2
RESULTANT WIND SPEED/DIRECTION   1/063
HIGHEST WIND SPEED/DIRECTION    29/280    DATE  01/04
HIGHEST GUST SPEED/DIRECTION    46/260    DATE  01/04

SKY COVER
POSSIBLE SUNSHINE (PERCENT)   MM
AVERAGE SKY COVER           0.40
NUMBER OF DAYS FAIR          195
NUMBER OF DAYS PC            103
NUMBER OF DAYS CLOUDY         65

AVERAGE RH (PERCENT)     57

WEATHER CONDITIONS. NUMBER OF DAYS WITH
THUNDERSTORM              0     MIXED PRECIP               0
HEAVY RAIN               38     RAIN                      55
LIGHT RAIN               97     FREEZING RAIN              2
LT FREEZING RAIN          4     HAIL                       0
HEAVY SNOW                8     SNOW                      14
LIGHT SNOW               27     SLEET                      3
FOG                     110     FOG W/VIS <= 1/4 MILE      8
HAZE                    108

-  INDICATES NEGATIVE NUMBERS.
R  INDICATES RECORD WAS SET OR TIED.
MM INDICATES DATA IS MISSING.
T  INDICATES TRACE AMOUNT.

$$
