000
CXUS51 KOKX 011948
CLANYC

CLIMATE REPORT
NATIONAL WEATHER SERVICE NEW YORK NY
242 PM EST SUN JAN 1 2017

...................................

...THE CENTRAL PARK NY CLIMATE SUMMARY FOR THE YEAR OF 2016...

CLIMATE NORMAL PERIOD 1981 TO 2010
CLIMATE RECORD PERIOD 1869 TO 2016

WEATHER         OBSERVED          NORMAL  DEPART  LAST YEAR`S
                 VALUE   DATE(S)  VALUE   FROM    VALUE  DATE(S)
                                          NORMAL
................................................................
TEMPERATURE (F)
RECORD
 HIGH             106   07/09/1936
 LOW              -15   02/09/1934
HIGHEST            96   08/13        MM      MM       97  09/08
                        07/23
LOWEST             -1   02/14        MM      MM        2  02/20
AVG. MAXIMUM     64.6              62.0     2.6     64.1
AVG. MINIMUM     49.8              48.0     1.8     49.2
MEAN             57.2              55.0     2.2     56.6
DAYS MAX >= 90     22              12.2     9.8       MM
DAYS MAX <= 32     12              17.6    -5.6       MM
DAYS MIN <= 32     58              65.6    -7.6       MM
DAYS MIN <= 0       1               0.0     1.0       MM

PRECIPITATION (INCHES)
RECORD
 MAXIMUM        80.56   1983
 MINIMUM        26.09   1965
TOTALS          42.17             49.94   -7.77    40.97
DAILY AVG.       0.11              0.14   -0.03     0.11
DAYS >= .01       116             122.0    -6.0       MM
DAYS >= .10        71              78.0    -7.0       MM
DAYS >= .50        30              33.0    -3.0       MM
DAYS >= 1.00       12              13.9    -1.9       MM
GREATEST
 24 HR. TOTAL    2.32   MM                       12/31 TO 12/31
                                                          12/31 TO 12/31
                                                          12/31 TO 12/31
 STORM TOTAL       MM                                 MM
 (MM/DD(HH))            MM                    12/31(00) TO 12/31(00)
                                                 12/31(00) TO 12/31(00)1
                                                 12/31(00) TO 12/31(00)1

SNOWFALL (INCHES)
RECORDS
 TOTAL           64.0   1896
 24 HR TOTAL     24.1   MM
 SNOW DEPTH        26   12/27/1947
TOTALS           35.3              25.8     9.5     49.1
 LIQUID EQUIV    3.53              2.60    0.93     4.91
SINCE 7/1         3.2               5.1    -1.9        T
 LIQUID 7/1      0.32              0.50   -0.18       MM
SNOWDEPTH AVG.      0                MM      MM        1
DAYS >= TRACE      25              11.4    13.6       MM
DAYS >= 1.0         4               6.2    -2.2       MM
GREATEST
 SNOW DEPTH        22   01/24                         19  03/06
 24 HR TOTAL     26.6R  MM                       12/31 TO 12/31
                                                          12/31 TO 12/31
                                                          12/31 TO 12/31
 STORM TOTAL       MM                                 MM
 (MM/DD(HH))            MM                    12/31(00) TO 12/31(00)
                                                 12/31(00) TO 12/31(00)1
                                                 12/31(00) TO 12/31(00)1

DEGREE_DAYS
HEATING TOTAL    4252              4750    -498     4460
 SINCE 7/1         MM              1685      MM       MM
COOLING TOTAL    1489              1105     384     1581
 SINCE 1/1       1489              1105     384     1581
..................................................

WIND (MPH)
AVERAGE WIND SPEED              5.3
RESULTANT WIND SPEED/DIRECTION   1/062
HIGHEST WIND SPEED/DIRECTION    28/070    DATE  03/14
HIGHEST GUST SPEED/DIRECTION    45/280    DATE  04/03

SKY COVER
POSSIBLE SUNSHINE (PERCENT)   MM
AVERAGE SKY COVER           0.40
NUMBER OF DAYS FAIR          218
NUMBER OF DAYS PC             84
NUMBER OF DAYS CLOUDY         62

AVERAGE RH (PERCENT)     59

WEATHER CONDITIONS. NUMBER OF DAYS WITH
THUNDERSTORM              0     MIXED PRECIP               0
HEAVY RAIN               39     RAIN                      54
LIGHT RAIN              114     FREEZING RAIN              1
LT FREEZING RAIN          2     HAIL                       0
HEAVY SNOW                1     SNOW                       6
LIGHT SNOW               22     SLEET                      1
FOG                     131     FOG W/VIS <= 1/4 MILE      6
HAZE                     99

-  INDICATES NEGATIVE NUMBERS.
R  INDICATES RECORD WAS SET OR TIED.
MM INDICATES DATA IS MISSING.
T  INDICATES TRACE AMOUNT.

$$
