000
CDUS41 KOKX 020706
CLINYC


CLIMATE REPORT
NATIONAL WEATHER SERVICE NEW YORK NY
306 AM EDT THU JUL 2 2015


...................................

...THE CENTRAL PARK NY CLIMATE SUMMARY FOR JULY 1 2015...

CLIMATE NORMAL PERIOD 1981 TO 2010
CLIMATE RECORD PERIOD 1869 TO 2015


WEATHER ITEM   OBSERVED TIME   RECORD YEAR NORMAL DEPARTURE LAST
                VALUE   (LST)  VALUE       VALUE  FROM      YEAR
                                                  NORMAL
..................................................................
TEMPERATURE (F)
 YESTERDAY
  MAXIMUM         82    444 PM 100    1901  83     -1       89
  MINIMUM         69    649 AM  52    1943  68      1       72
  AVERAGE         76                        75      1       81

PRECIPITATION (IN)
  YESTERDAY        0.39          2.17 1933   0.12   0.27     0.00
  MONTH TO DATE    0.39                      0.12   0.27     0.00
  SINCE JUN 1      5.18                      4.53   0.65     4.26
  SINCE JAN 1     21.11                     24.32  -3.21    28.42

SNOWFALL (IN)
  YESTERDAY        0.0           0.0  2002   0.0    0.0      0.0
                                      2001
  MONTH TO DATE    0.0                       0.0    0.0      0.0
  SINCE OCT 1     50.3                      25.8   24.5     57.4
  SINCE JUL 1      0.0                       0.0    0.0      0.0
  SNOW DEPTH       0

DEGREE DAYS
 HEATING
  YESTERDAY        0                         0      0        0
  MONTH TO DATE    0                         0      0        0
  SINCE JUN 1     33                        19     14        0
  SINCE JUL 1      0                         0      0        0

 COOLING
  YESTERDAY       11                        10      1       16
  MONTH TO DATE   11                        10      1       16
  SINCE JUN 1    239                       222     17      248
  SINCE JAN 1    398                       291    107      302
..................................................................


WIND (MPH)
  HIGHEST WIND SPEED    14   HIGHEST WIND DIRECTION     W (260)
  HIGHEST GUST SPEED    31   HIGHEST GUST DIRECTION     W (270)
  AVERAGE WIND SPEED     4.3


SKY COVER
  AVERAGE SKY COVER 0.5


WEATHER CONDITIONS
 THE FOLLOWING WEATHER WAS RECORDED YESTERDAY.
  HEAVY RAIN
  RAIN
  LIGHT RAIN
  FOG
  HAZE


RELATIVE HUMIDITY (PERCENT)
 HIGHEST    90           600 AM
 LOWEST     45           600 PM
 AVERAGE    68

..........................................................


THE CENTRAL PARK NY CLIMATE NORMALS FOR TODAY
                         NORMAL    RECORD    YEAR
 MAXIMUM TEMPERATURE (F)   83       100      1966
                                             1901
 MINIMUM TEMPERATURE (F)   68        56      2001
                                             1888


SUNRISE AND SUNSET
JULY  2 2015..........SUNRISE   529 AM EDT   SUNSET   831 PM EDT
JULY  3 2015..........SUNRISE   529 AM EDT   SUNSET   831 PM EDT


-  INDICATES NEGATIVE NUMBERS.
R  INDICATES RECORD WAS SET OR TIED.
MM INDICATES DATA IS MISSING.
T  INDICATES TRACE AMOUNT.




$$
