000
CDUS41 KOKX 270626
CLINYC


CLIMATE REPORT
NATIONAL WEATHER SERVICE NEW YORK NY
225 AM EDT WED AUG 27 2014


...................................

...THE CENTRAL PARK NY CLIMATE SUMMARY FOR AUGUST 26 2014...

CLIMATE NORMAL PERIOD 1981 TO 2010
CLIMATE RECORD PERIOD 1869 TO 2014


WEATHER ITEM   OBSERVED TIME   RECORD YEAR NORMAL DEPARTURE LAST
                VALUE   (LST)  VALUE       VALUE  FROM      YEAR
                                                  NORMAL
..................................................................
TEMPERATURE (F)
 YESTERDAY
  MAXIMUM         89   1229 PM 103    1948  81      8       84
  MINIMUM         70    506 AM  53    1887  67      3       68
  AVERAGE         80                        74      6       76

PRECIPITATION (IN)
  YESTERDAY        0.00          3.24 1908   0.12  -0.12     0.04
  MONTH TO DATE    1.63                      3.82  -2.19     2.41
  SINCE JUN 1     11.48                     12.83  -1.35    15.35
  SINCE JAN 1     35.64                     32.62   3.02    34.57

SNOWFALL (IN)
  YESTERDAY        0.0           0.0  2002   0.0    0.0      0.0
                                      2001
  MONTH TO DATE    0.0                       0.0    0.0      0.0
  SINCE OCT 1     57.4                      25.8   31.6     26.1
  SINCE JUL 1      0.0                       0.0    0.0      0.0
  SNOW DEPTH       0

DEGREE DAYS
 HEATING
  YESTERDAY        0                         0      0        0
  MONTH TO DATE    0                         0      0        0
  SINCE JUN 1      0                        19    -19        9
  SINCE JUL 1      0                         0      0        0

 COOLING
  YESTERDAY       15                         9      6       11
  MONTH TO DATE  246                       273    -27      238
  SINCE JUN 1    829                       840    -11      947
  SINCE JAN 1    883                       909    -26     1026
..................................................................


WIND (MPH)
  HIGHEST WIND SPEED     7   HIGHEST WIND DIRECTION    SW (240)
  HIGHEST GUST SPEED    14   HIGHEST GUST DIRECTION     S (170)
  AVERAGE WIND SPEED     2.3


SKY COVER
  AVERAGE SKY COVER 0.0


WEATHER CONDITIONS
 THE FOLLOWING WEATHER WAS RECORDED YESTERDAY.
  HAZE


RELATIVE HUMIDITY (PERCENT)
 HIGHEST    84           500 AM
 LOWEST     36          1200 PM
 AVERAGE    60

..........................................................


THE CENTRAL PARK NY CLIMATE NORMALS FOR TODAY
                         NORMAL    RECORD    YEAR
 MAXIMUM TEMPERATURE (F)   81       101      1948
 MINIMUM TEMPERATURE (F)   67        50      1885


SUNRISE AND SUNSET
AUGUST 27 2014........SUNRISE   618 AM EDT   SUNSET   736 PM EDT
AUGUST 28 2014........SUNRISE   619 AM EDT   SUNSET   735 PM EDT


-  INDICATES NEGATIVE NUMBERS.
R  INDICATES RECORD WAS SET OR TIED.
MM INDICATES DATA IS MISSING.
T  INDICATES TRACE AMOUNT.




$$
