000
CDUS41 KOKX 030624
CLINYC


CLIMATE REPORT
NATIONAL WEATHER SERVICE NEW YORK NY
224 AM EDT TUE MAY 3 2016


...................................

...THE CENTRAL PARK NY CLIMATE SUMMARY FOR MAY 2 2016...

CLIMATE NORMAL PERIOD 1981 TO 2010
CLIMATE RECORD PERIOD 1869 TO 2016


WEATHER ITEM   OBSERVED TIME   RECORD YEAR NORMAL DEPARTURE LAST
                VALUE   (LST)  VALUE       VALUE  FROM      YEAR
                                                  NORMAL
..................................................................
TEMPERATURE (F)
 YESTERDAY
  MAXIMUM         60    457 PM  90    2001  67     -7       74
  MINIMUM         45    454 AM  37    1903  50     -5       48
  AVERAGE         53                        58     -5       61

PRECIPITATION (IN)
  YESTERDAY        0.04          1.10 1897   0.12  -0.08     0.00
  MONTH TO DATE    0.20                      0.24  -0.04     0.00
  SINCE MAR 1      2.98                      9.10  -6.12     6.80
  SINCE JAN 1     11.79                     15.84  -4.05    14.07

SNOWFALL (IN)
  YESTERDAY        0.0           0.0  2002   0.0    0.0      0.0
                                      2001
  MONTH TO DATE    0.0                       0.0    0.0      0.0
  SINCE OCT 1     32.1                      25.8    6.3     50.3
  SINCE JUL 1     32.1                      25.8    6.3     50.3
  SNOW DEPTH       0

DEGREE DAYS
 HEATING
  YESTERDAY       12                         7      5        4
  MONTH TO DATE   29                        15     14       13
  SINCE MAR 1    882                      1086   -204     1158
  SINCE JUL 1   3629                      4608   -979     4917

 COOLING
  YESTERDAY        0                         1     -1        0
  MONTH TO DATE    0                         2     -2        0
  SINCE MAR 1     19                        14      5        5
  SINCE JAN 1     19                        14      5        5
..................................................................


WIND (MPH)
  HIGHEST WIND SPEED     9   HIGHEST WIND DIRECTION    NE (60)
  HIGHEST GUST SPEED    12   HIGHEST GUST DIRECTION    NW (300)
  AVERAGE WIND SPEED     2.3


SKY COVER
  AVERAGE SKY COVER 0.8


WEATHER CONDITIONS
 THE FOLLOWING WEATHER WAS RECORDED YESTERDAY.
  LIGHT RAIN
  FOG
  HAZE


RELATIVE HUMIDITY (PERCENT)
 HIGHEST    93           700 AM
 LOWEST     72           300 PM
 AVERAGE    83

..........................................................


THE CENTRAL PARK NY CLIMATE NORMALS FOR TODAY
                         NORMAL    RECORD    YEAR
 MAXIMUM TEMPERATURE (F)   67        90      2001
 MINIMUM TEMPERATURE (F)   50        36      1874


SUNRISE AND SUNSET
MAY  3 2016...........SUNRISE   551 AM EDT   SUNSET   755 PM EDT
MAY  4 2016...........SUNRISE   550 AM EDT   SUNSET   756 PM EDT


-  INDICATES NEGATIVE NUMBERS.
R  INDICATES RECORD WAS SET OR TIED.
MM INDICATES DATA IS MISSING.
T  INDICATES TRACE AMOUNT.




$$
