000
CDUS41 KOKX 200619
CLINYC


CLIMATE REPORT
NATIONAL WEATHER SERVICE NEW YORK NY
118 AM EST THU NOV 20 2014


...................................

...THE CENTRAL PARK NY CLIMATE SUMMARY FOR NOVEMBER 19 2014...

CLIMATE NORMAL PERIOD 1981 TO 2010
CLIMATE RECORD PERIOD 1869 TO 2014


WEATHER ITEM   OBSERVED TIME   RECORD YEAR NORMAL DEPARTURE LAST
                VALUE   (LST)  VALUE       VALUE  FROM      YEAR
                                                  NORMAL
..................................................................
TEMPERATURE (F)
 YESTERDAY
  MAXIMUM         36   1159 PM  72    1921  53    -17       51
  MINIMUM         22    733 AM  18    1936  41    -19       36
  AVERAGE         29                        47    -18       44

PRECIPITATION (IN)
  YESTERDAY        0.00          1.95 1932   0.14  -0.14     0.00
  MONTH TO DATE    2.55                      2.50   0.05     0.59
  SINCE SEP 1      9.53                     11.18  -1.65     3.90
  SINCE JAN 1     45.79                     44.42   1.37    38.91

SNOWFALL (IN)
  YESTERDAY        0.0           1.0  1955   0.1   -0.1      0.0
  MONTH TO DATE    T                         0.1   -0.1       T
  SINCE OCT 1      T                         0.1   -0.1       T
  SINCE JUL 1      T                         0.1   -0.1       T
  SNOW DEPTH       0

DEGREE DAYS
 HEATING
  YESTERDAY       36                        18     18       21
  MONTH TO DATE  345                       295     50      293
  SINCE SEP 1    546                       606    -60      516
  SINCE JUL 1    546                       608    -62      516

 COOLING
  YESTERDAY        0                         0      0        0
  MONTH TO DATE    0                         0      0        0
  SINCE SEP 1    190                       150     40      178
  SINCE JAN 1   1128                      1104     24     1271
..................................................................


WIND (MPH)
  HIGHEST WIND SPEED    16   HIGHEST WIND DIRECTION     W (250)
  HIGHEST GUST SPEED    25   HIGHEST GUST DIRECTION     W (250)
  AVERAGE WIND SPEED     7.1


SKY COVER
  AVERAGE SKY COVER 0.1


WEATHER CONDITIONS
 THE FOLLOWING WEATHER WAS RECORDED YESTERDAY.
  NO SIGNIFICANT WEATHER WAS OBSERVED.


RELATIVE HUMIDITY (PERCENT)
 HIGHEST    47           700 AM
 LOWEST     29           200 PM
 AVERAGE    38

..........................................................


THE CENTRAL PARK NY CLIMATE NORMALS FOR TODAY
                         NORMAL    RECORD    YEAR
 MAXIMUM TEMPERATURE (F)   52        77      1985
 MINIMUM TEMPERATURE (F)   40        20      1873


SUNRISE AND SUNSET
NOVEMBER 20 2014......SUNRISE   649 AM EST   SUNSET   434 PM EST
NOVEMBER 21 2014......SUNRISE   650 AM EST   SUNSET   433 PM EST


-  INDICATES NEGATIVE NUMBERS.
R  INDICATES RECORD WAS SET OR TIED.
MM INDICATES DATA IS MISSING.
T  INDICATES TRACE AMOUNT.




$$
