000
CDUS41 KOKX 230618
CLINYC


CLIMATE REPORT
NATIONAL WEATHER SERVICE NEW YORK NY
218 AM EDT SUN JUL 23 2017


...................................

...THE CENTRAL PARK NY CLIMATE SUMMARY FOR JULY 22 2017...

CLIMATE NORMAL PERIOD 1981 TO 2010
CLIMATE RECORD PERIOD 1869 TO 2017


WEATHER ITEM   OBSERVED TIME   RECORD YEAR NORMAL DEPARTURE LAST
                VALUE   (LST)  VALUE       VALUE  FROM      YEAR
                                                  NORMAL
..................................................................
TEMPERATURE (F)
 YESTERDAY
  MAXIMUM         92    146 PM 104    2011  84      8       94
  MINIMUM         71   1146 PM  55    1873  69      2       74
  AVERAGE         82                        77      5       84

PRECIPITATION (IN)
  YESTERDAY        0.57          1.86 1880   0.14   0.43     0.00
  MONTH TO DATE    3.39                      3.15   0.24     3.60
  SINCE JUN 1      8.15                      7.56   0.59     6.20
  SINCE JAN 1     30.93                     27.35   3.58    21.54

SNOWFALL (IN)
  YESTERDAY        0.0           0.0  2002   0.0    0.0      0.0
                                      2001
  MONTH TO DATE    0.0                       0.0    0.0      0.0
  SINCE OCT 1     30.2                      25.8    4.4     32.8
  SINCE JUL 1      0.0                       0.0    0.0      0.0
  SNOW DEPTH       0

DEGREE DAYS
 HEATING
  YESTERDAY        0                         0      0        0
  MONTH TO DATE    0                         0      0        0
  SINCE JUN 1     24                        19      5        7
  SINCE JUL 1      0                         0      0        0

 COOLING
  YESTERDAY       17                        12      5       19
  MONTH TO DATE  304                       252     52      281
  SINCE JUN 1    546                       464     82      513
  SINCE JAN 1    635                       533    102      632
..................................................................


WIND (MPH)
  HIGHEST WIND SPEED     8   HIGHEST WIND DIRECTION     S (170)
  HIGHEST GUST SPEED    13   HIGHEST GUST DIRECTION    SE (150)
  AVERAGE WIND SPEED     2.4


SKY COVER
  AVERAGE SKY COVER 0.3


WEATHER CONDITIONS
 THE FOLLOWING WEATHER WAS RECORDED YESTERDAY.
  HEAVY RAIN
  RAIN
  LIGHT RAIN
  FOG


RELATIVE HUMIDITY (PERCENT)
 HIGHEST    79           900 PM
 LOWEST     32           200 PM
 AVERAGE    56

..........................................................


THE CENTRAL PARK NY CLIMATE NORMALS FOR TODAY
                         NORMAL    RECORD    YEAR
 MAXIMUM TEMPERATURE (F)   84       100      2011
 MINIMUM TEMPERATURE (F)   69        58      1890
                                             1871


SUNRISE AND SUNSET
JULY 23 2017..........SUNRISE   544 AM EDT   SUNSET   820 PM EDT
JULY 24 2017..........SUNRISE   545 AM EDT   SUNSET   819 PM EDT


-  INDICATES NEGATIVE NUMBERS.
R  INDICATES RECORD WAS SET OR TIED.
MM INDICATES DATA IS MISSING.
T  INDICATES TRACE AMOUNT.




$$
