090
CDUS41 KOKX 220626
CLINYC


CLIMATE REPORT
NATIONAL WEATHER SERVICE NEW YORK NY
126 AM EST WED FEB 22 2017


...................................

...THE CENTRAL PARK NY CLIMATE SUMMARY FOR FEBRUARY 21 2017...

CLIMATE NORMAL PERIOD 1981 TO 2010
CLIMATE RECORD PERIOD 1869 TO 2017


WEATHER ITEM   OBSERVED TIME   RECORD YEAR NORMAL DEPARTURE LAST
                VALUE   (LST)  VALUE       VALUE  FROM      YEAR
                                                  NORMAL
..................................................................
TEMPERATURE (F)
 YESTERDAY
  MAXIMUM         47    209 PM  68    1930  43      4       55
  MINIMUM         34    708 AM   4    1896  30      4       44
  AVERAGE         41                        36      5       50

PRECIPITATION (IN)
  YESTERDAY        0.00          1.86 1902   0.11  -0.11     0.03
  MONTH TO DATE    1.94                      2.27  -0.33     2.81
  SINCE DEC 1      9.66                      9.92  -0.26    11.94
  SINCE JAN 1      6.77                      5.92   0.85     7.22

SNOWFALL (IN)
  YESTERDAY        0.0           8.0  1929   0.4   -0.4      0.0
  MONTH TO DATE    9.4                       7.1    2.3      4.0
  SINCE OCT 1     20.5                      19.2    1.3     31.9
  SINCE JUL 1     20.5                      19.2    1.3     31.9
  SNOW DEPTH       0

DEGREE DAYS
 HEATING
  YESTERDAY       24                        29     -5       15
  MONTH TO DATE  554                       638    -84      615
  SINCE DEC 1   2202                      2494   -292     1989
  SINCE JUL 1   2889                      3327   -438     2577

 COOLING
  YESTERDAY        0                         0      0        0
  MONTH TO DATE    0                         0      0        0
  SINCE DEC 1      0                         0      0        3
  SINCE JAN 1      0                         0      0        0
..................................................................


WIND (MPH)
  HIGHEST WIND SPEED    14   HIGHEST WIND DIRECTION     S (170)
  HIGHEST GUST SPEED    22   HIGHEST GUST DIRECTION    SW (240)
  AVERAGE WIND SPEED     5.7


SKY COVER
  AVERAGE SKY COVER 0.0


WEATHER CONDITIONS
 THE FOLLOWING WEATHER WAS RECORDED YESTERDAY.
  NO SIGNIFICANT WEATHER WAS OBSERVED.


RELATIVE HUMIDITY (PERCENT)
 HIGHEST    67           700 PM
 LOWEST     27           100 AM
 AVERAGE    47

..........................................................


THE CENTRAL PARK NY CLIMATE NORMALS FOR TODAY
                         NORMAL    RECORD    YEAR
 MAXIMUM TEMPERATURE (F)   43        69      1997
 MINIMUM TEMPERATURE (F)   30         8      1963
                                             1918


SUNRISE AND SUNSET
FEBRUARY 22 2017......SUNRISE   640 AM EST   SUNSET   539 PM EST
FEBRUARY 23 2017......SUNRISE   638 AM EST   SUNSET   540 PM EST


-  INDICATES NEGATIVE NUMBERS.
R  INDICATES RECORD WAS SET OR TIED.
MM INDICATES DATA IS MISSING.
T  INDICATES TRACE AMOUNT.




$$
