435
CDUS41 KOKX 270618
CLINYC


CLIMATE REPORT
NATIONAL WEATHER SERVICE NEW YORK NY
218 AM EDT WED APR 27 2016


...................................

...THE CENTRAL PARK NY CLIMATE SUMMARY FOR APRIL 26 2016...

CLIMATE NORMAL PERIOD 1981 TO 2010
CLIMATE RECORD PERIOD 1869 TO 2016


WEATHER ITEM   OBSERVED TIME   RECORD YEAR NORMAL DEPARTURE LAST
                VALUE   (LST)  VALUE       VALUE  FROM      YEAR
                                                  NORMAL
..................................................................
TEMPERATURE (F)
 YESTERDAY
  MAXIMUM         60    151 PM  92    2009  65     -5       64
  MINIMUM         47   1159 PM  31    1919  48     -1       46
  AVERAGE         54                        57     -3       55

PRECIPITATION (IN)
  YESTERDAY        0.24          1.88 1889   0.14   0.10     0.00
  MONTH TO DATE    1.56                      3.94  -2.38     2.08
  SINCE MAR 1      2.73                      8.30  -5.57     6.80
  SINCE JAN 1     11.54                     15.04  -3.50    14.07

SNOWFALL (IN)
  YESTERDAY        0.0           T    1919   0.0    0.0      0.0
                                      2000
  MONTH TO DATE    T                         0.6   -0.6      0.0
  SINCE OCT 1     32.1                      25.8    6.3     50.3
  SINCE JUL 1     32.1                      25.8    6.3     50.3
  SNOW DEPTH       0

DEGREE DAYS
 HEATING
  YESTERDAY       11                         9      2       10
  MONTH TO DATE  311                       337    -26      298
  SINCE MAR 1    809                      1037   -228     1124
  SINCE JUL 1   3556                      4559  -1003     4883

 COOLING
  YESTERDAY        0                         1     -1        0
  MONTH TO DATE   13                         5      8        5
  SINCE MAR 1     19                         6     13        5
  SINCE JAN 1     19                         6     13        5
..................................................................


WIND (MPH)
  HIGHEST WIND SPEED    17   HIGHEST WIND DIRECTION     E (70)
  HIGHEST GUST SPEED    26   HIGHEST GUST DIRECTION    NE (60)
  AVERAGE WIND SPEED     7.2


SKY COVER
  AVERAGE SKY COVER 0.8


WEATHER CONDITIONS
 THE FOLLOWING WEATHER WAS RECORDED YESTERDAY.
  HEAVY RAIN
  RAIN
  LIGHT RAIN
  FOG
  HAZE


RELATIVE HUMIDITY (PERCENT)
 HIGHEST    89           500 AM
 LOWEST     60           200 PM
 AVERAGE    75

..........................................................


THE CENTRAL PARK NY CLIMATE NORMALS FOR TODAY
                         NORMAL    RECORD    YEAR
 MAXIMUM TEMPERATURE (F)   65        92      1915
 MINIMUM TEMPERATURE (F)   48        36      1932


SUNRISE AND SUNSET
APRIL 27 2016.........SUNRISE   559 AM EDT   SUNSET   748 PM EDT
APRIL 28 2016.........SUNRISE   558 AM EDT   SUNSET   750 PM EDT


-  INDICATES NEGATIVE NUMBERS.
R  INDICATES RECORD WAS SET OR TIED.
MM INDICATES DATA IS MISSING.
T  INDICATES TRACE AMOUNT.




$$
