000
CDUS41 KOKX 202049
CLINYC


CLIMATE REPORT
NATIONAL WEATHER SERVICE NEW YORK NY
449 PM EDT TUE JUN 20 2017


...................................

...THE CENTRAL PARK NY CLIMATE SUMMARY FOR JUNE 20 2017...
VALID TODAY AS OF 0400 PM LOCAL TIME.

CLIMATE NORMAL PERIOD 1981 TO 2010
CLIMATE RECORD PERIOD 1869 TO 2017


WEATHER ITEM   OBSERVED TIME   RECORD YEAR NORMAL DEPARTURE LAST
                VALUE   (LST)  VALUE       VALUE  FROM      YEAR
                                                  NORMAL
..................................................................
TEMPERATURE (F)
 TODAY
  MAXIMUM         83    156 PM  98    1923  81      2       84
  MINIMUM         71    540 AM  49    1914  65      6       64
  AVERAGE         77                        73      4       74

PRECIPITATION (IN)
  TODAY            0.03          1.39 1919   0.13  -0.10     0.00
  MONTH TO DATE    3.25                      3.11   0.14     2.02
  SINCE JUN 1      3.25                      3.11   0.14     2.02
  SINCE JAN 1     26.03                     22.90   3.13    17.36

SNOWFALL (IN)
  TODAY            0.0           0.0  2002   0.0    0.0      0.0
                                      2001
  MONTH TO DATE    0.0                       0.0    0.0      0.0
  SINCE OCT 1     30.2                      25.8    4.4     32.8
  SINCE JUL 1     30.2                      25.8    4.4     32.8
  SNOW DEPTH       0

DEGREE DAYS
 HEATING
  TODAY            0                         0      0        0
  MONTH TO DATE   24                        17      7        7
  SINCE JUN 1     24                        17      7        7
  SINCE JUL 1   4226                      4748   -522     3768

 COOLING
  TODAY           12                         8      4        9
  MONTH TO DATE  138                       119     19      123
  SINCE JUN 1    138                       119     19      123
  SINCE JAN 1    227                       188     39      242
..................................................................


WIND (MPH)
  HIGHEST WIND SPEED    14   HIGHEST WIND DIRECTION     W (260)
  HIGHEST GUST SPEED    23   HIGHEST GUST DIRECTION     W (280)
  AVERAGE WIND SPEED     5.6


SKY COVER
  AVERAGE SKY COVER 0.4


WEATHER CONDITIONS
 THE FOLLOWING WEATHER WAS RECORDED TODAY.
  LIGHT RAIN
  FOG


RELATIVE HUMIDITY (PERCENT)
 HIGHEST    93          1200 AM
 LOWEST     37           200 PM
 AVERAGE    65

..........................................................


THE CENTRAL PARK NY CLIMATE NORMALS FOR TOMORROW
                         NORMAL    RECORD    YEAR
 MAXIMUM TEMPERATURE (F)   81        97      1988
                                             1953
 MINIMUM TEMPERATURE (F)   65        49      1897


SUNRISE AND SUNSET
JUNE 20 2017..........SUNRISE   524 AM EDT   SUNSET   831 PM EDT
JUNE 21 2017..........SUNRISE   525 AM EDT   SUNSET   831 PM EDT


-  INDICATES NEGATIVE NUMBERS.
R  INDICATES RECORD WAS SET OR TIED.
MM INDICATES DATA IS MISSING.
T  INDICATES TRACE AMOUNT.




$$
