000
CDUS41 KOKX 180644
CLINYC


CLIMATE REPORT
NATIONAL WEATHER SERVICE NEW YORK NY
244 AM EDT FRI AUG 18 2017


...................................

...THE CENTRAL PARK NY CLIMATE SUMMARY FOR AUGUST 17 2017...

CLIMATE NORMAL PERIOD 1981 TO 2010
CLIMATE RECORD PERIOD 1869 TO 2017


WEATHER ITEM   OBSERVED TIME   RECORD YEAR NORMAL DEPARTURE LAST
                VALUE   (LST)  VALUE       VALUE  FROM      YEAR
                                                  NORMAL
..................................................................
TEMPERATURE (F)
 YESTERDAY
  MAXIMUM         83   1236 PM  95    2015  83      0       85
                                      1944
  MINIMUM         69    525 AM  56    1979  68      1       77
                                      1881
  AVERAGE         76                        75      1       81

PRECIPITATION (IN)
  YESTERDAY        0.00          2.86 1974   0.14  -0.14     0.01
  MONTH TO DATE    1.86                      2.56  -0.70     0.79
  SINCE JUN 1     10.81                     11.57  -0.76    10.41
  SINCE JAN 1     33.59                     31.36   2.23    25.75

SNOWFALL (IN)
  YESTERDAY        0.0           0.0  2002   0.0    0.0      0.0
                                      2001
  MONTH TO DATE    0.0                       0.0    0.0      0.0
  SINCE OCT 1     30.2                      25.8    4.4     32.8
  SINCE JUL 1      0.0                       0.0    0.0      0.0
  SNOW DEPTH       0

DEGREE DAYS
 HEATING
  YESTERDAY        0                         0      0        0
  MONTH TO DATE    0                         0      0        0
  SINCE JUN 1     24                        19      5        7
  SINCE JUL 1      0                         0      0        0

 COOLING
  YESTERDAY       11                        10      1       16
  MONTH TO DATE  170                       186    -16      254
  SINCE JUN 1    784                       753     31      918
  SINCE JAN 1    873                       822     51     1037
..................................................................


WIND (MPH)
  HIGHEST WIND SPEED    10   HIGHEST WIND DIRECTION     S (160)
  HIGHEST GUST SPEED    16   HIGHEST GUST DIRECTION     S (160)
  AVERAGE WIND SPEED     3.2


SKY COVER
  AVERAGE SKY COVER 0.2


WEATHER CONDITIONS
 THE FOLLOWING WEATHER WAS RECORDED YESTERDAY.
  FOG


RELATIVE HUMIDITY (PERCENT)
 HIGHEST    87           900 PM
 LOWEST     47           100 PM
 AVERAGE    67

..........................................................


THE CENTRAL PARK NY CLIMATE NORMALS FOR TODAY
                         NORMAL    RECORD    YEAR
 MAXIMUM TEMPERATURE (F)   83        94      2002
                                             1987
                                             1913
 MINIMUM TEMPERATURE (F)   68        55      1915


SUNRISE AND SUNSET
AUGUST 18 2017........SUNRISE   609 AM EDT   SUNSET   749 PM EDT
AUGUST 19 2017........SUNRISE   610 AM EDT   SUNSET   748 PM EDT


-  INDICATES NEGATIVE NUMBERS.
R  INDICATES RECORD WAS SET OR TIED.
MM INDICATES DATA IS MISSING.
T  INDICATES TRACE AMOUNT.




$$
