000
CDUS41 KOKX 070617
CLINYC


CLIMATE REPORT
NATIONAL WEATHER SERVICE NEW YORK NY
117 AM EST THU DEC 7 2017


...................................

...THE CENTRAL PARK NY CLIMATE SUMMARY FOR DECEMBER 6 2017...

CLIMATE NORMAL PERIOD 1981 TO 2010
CLIMATE RECORD PERIOD 1869 TO 2017


WEATHER ITEM   OBSERVED TIME   RECORD YEAR NORMAL DEPARTURE LAST
                VALUE   (LST)  VALUE       VALUE  FROM      YEAR
                                                  NORMAL
..................................................................
TEMPERATURE (F)
 YESTERDAY
  MAXIMUM         59    236 AM  71    2001  46     13       46
  MINIMUM         40   1159 PM  11    1871  35      5       37
  AVERAGE         50                        41      9       42

PRECIPITATION (IN)
  YESTERDAY        0.00          1.60 1884   0.13  -0.13     0.35
  MONTH TO DATE    0.75                      0.84  -0.09     0.61
  SINCE DEC 1      0.75                      0.84  -0.09     0.61
  SINCE JAN 1     43.58                     46.78  -3.20    39.89

SNOWFALL (IN)
  YESTERDAY        0.0           6.0  2003   0.1   -0.1      0.0
  MONTH TO DATE    0.0                       0.5   -0.5      0.0
  SINCE OCT 1      T                         0.8   -0.8       T
  SINCE JUL 1      T                         0.8   -0.8       T
  SNOW DEPTH       0

DEGREE DAYS
 HEATING
  YESTERDAY       15                        24     -9       23
  MONTH TO DATE  102                       141    -39      123
  SINCE DEC 1    102                       141    -39      123
  SINCE JUL 1    764                       974   -210      810

 COOLING
  YESTERDAY        0                         0      0        0
  MONTH TO DATE    0                         0      0        0
  SINCE DEC 1      0                         0      0        0
  SINCE JAN 1   1265                      1105    160     1489
..................................................................


WIND (MPH)
  HIGHEST WIND SPEED    16   HIGHEST WIND DIRECTION     W (260)
  HIGHEST GUST SPEED    27   HIGHEST GUST DIRECTION     W (290)
  AVERAGE WIND SPEED     7.6


SKY COVER
  AVERAGE SKY COVER 0.3


WEATHER CONDITIONS
 THE FOLLOWING WEATHER WAS RECORDED YESTERDAY.
  NO SIGNIFICANT WEATHER WAS OBSERVED.


RELATIVE HUMIDITY (PERCENT)
 HIGHEST    93           100 AM
 LOWEST     33           300 PM
 AVERAGE    63

..........................................................


THE CENTRAL PARK NY CLIMATE NORMALS FOR TODAY
                         NORMAL    RECORD    YEAR
 MAXIMUM TEMPERATURE (F)   46        75      1998
 MINIMUM TEMPERATURE (F)   35        10      1926


SUNRISE AND SUNSET
DECEMBER  7 2017......SUNRISE   707 AM EST   SUNSET   428 PM EST
DECEMBER  8 2017......SUNRISE   708 AM EST   SUNSET   428 PM EST


-  INDICATES NEGATIVE NUMBERS.
R  INDICATES RECORD WAS SET OR TIED.
MM INDICATES DATA IS MISSING.
T  INDICATES TRACE AMOUNT.




$$
