000
CDUS41 KOKX 152134
CLINYC


CLIMATE REPORT
NATIONAL WEATHER SERVICE NEW YORK NY
434 PM EST WED FEB 15 2017


...................................

...THE CENTRAL PARK NY CLIMATE SUMMARY FOR FEBRUARY 15 2017...
VALID TODAY AS OF 0400 PM LOCAL TIME.

CLIMATE NORMAL PERIOD 1981 TO 2010
CLIMATE RECORD PERIOD 1869 TO 2017


WEATHER ITEM   OBSERVED TIME   RECORD YEAR NORMAL DEPARTURE LAST
                VALUE   (LST)  VALUE       VALUE  FROM      YEAR
                                                  NORMAL
..................................................................
TEMPERATURE (F)
 TODAY
  MAXIMUM         47    359 PM  73    1949  42      5       35
  MINIMUM         36    739 AM  -8    1943  29      7       13
  AVERAGE         42                        35      7       24

PRECIPITATION (IN)
  TODAY            0.00          1.73 1984   0.10  -0.10     0.44
  MONTH TO DATE    1.94                      1.60   0.34     1.77
  SINCE DEC 1      9.66                      9.25   0.41    10.90
  SINCE JAN 1      6.77                      5.25   1.52     6.18

SNOWFALL (IN)
  TODAY            0.0           5.4  1922   0.4   -0.4      1.4
  MONTH TO DATE    9.4                       5.0    4.4      4.0
  SINCE OCT 1     20.5                      17.1    3.4     31.9
  SINCE JUL 1     20.5                      17.1    3.4     31.9
  SNOW DEPTH       T

DEGREE DAYS
 HEATING
  TODAY           23                        30     -7       41
  MONTH TO DATE  425                       463    -38      471
  SINCE DEC 1   2073                      2319   -246     1845
  SINCE JUL 1   2760                      3152   -392     2433

 COOLING
  TODAY            0                         0      0        0
  MONTH TO DATE    0                         0      0        0
  SINCE DEC 1      0                         0      0        3
  SINCE JAN 1      0                         0      0        0
..................................................................


WIND (MPH)
  HIGHEST WIND SPEED    12   HIGHEST WIND DIRECTION    SW (240)
  HIGHEST GUST SPEED    19   HIGHEST GUST DIRECTION     W (250)
  AVERAGE WIND SPEED     4.1


SKY COVER
  AVERAGE SKY COVER 0.4


WEATHER CONDITIONS
 THE FOLLOWING WEATHER WAS RECORDED TODAY.
  NO SIGNIFICANT WEATHER WAS OBSERVED.


RELATIVE HUMIDITY (PERCENT)
 HIGHEST    82           700 AM
 LOWEST     53           300 PM
 AVERAGE    68

..........................................................


THE CENTRAL PARK NY CLIMATE NORMALS FOR TOMORROW
                         NORMAL    RECORD    YEAR
 MAXIMUM TEMPERATURE (F)   42        71      1954
 MINIMUM TEMPERATURE (F)   29         1      1888


SUNRISE AND SUNSET
FEBRUARY 15 2017......SUNRISE   650 AM EST   SUNSET   531 PM EST
FEBRUARY 16 2017......SUNRISE   648 AM EST   SUNSET   532 PM EST


-  INDICATES NEGATIVE NUMBERS.
R  INDICATES RECORD WAS SET OR TIED.
MM INDICATES DATA IS MISSING.
T  INDICATES TRACE AMOUNT.




$$
