000
CDUS41 KOKX 230635
CLINYC


CLIMATE REPORT
NATIONAL WEATHER SERVICE NEW YORK NY
135 AM EST TUE DEC 23 2014


...................................

...THE CENTRAL PARK NY CLIMATE SUMMARY FOR DECEMBER 22 2014...

CLIMATE NORMAL PERIOD 1981 TO 2010
CLIMATE RECORD PERIOD 1869 TO 2014


WEATHER ITEM   OBSERVED TIME   RECORD YEAR NORMAL DEPARTURE LAST
                VALUE   (LST)  VALUE       VALUE  FROM      YEAR
                                                  NORMAL
..................................................................
TEMPERATURE (F)
 YESTERDAY
  MAXIMUM         44   1159 PM  71    2013  41      3       71
  MINIMUM         35    604 AM   2    1872  30      5       61
  AVERAGE         40                        36      4       66

PRECIPITATION (IN)
  YESTERDAY        0.04          2.18 1983   0.12  -0.08      T
  MONTH TO DATE    4.89                      2.91   1.98     3.14
  SINCE DEC 1      4.89                      2.91   1.98     3.14
  SINCE JAN 1     52.64                     48.85   3.79    44.61

SNOWFALL (IN)
  YESTERDAY       MM            10.3  1959   0.2   MM        0.0
  MONTH TO DATE    1.0                       2.9   -1.9      8.6
  SINCE OCT 1      1.2                       3.2   -2.0      8.6
  SINCE JUL 1      1.2                       3.2   -2.0      8.6
  SNOW DEPTH       0

DEGREE DAYS
 HEATING
  YESTERDAY       25                        29     -4        0
  MONTH TO DATE  559                       575    -16      563
  SINCE DEC 1    559                       575    -16      563
  SINCE JUL 1   1344                      1408    -64     1371

 COOLING
  YESTERDAY        0                         0      0        1
  MONTH TO DATE    0                         0      0        1
  SINCE DEC 1      0                         0      0        1
  SINCE JAN 1   1128                      1105     23     1272
..................................................................


WIND (MPH)
  HIGHEST WIND SPEED    12   HIGHEST WIND DIRECTION     E (70)
  HIGHEST GUST SPEED    16   HIGHEST GUST DIRECTION    NE (40)
  AVERAGE WIND SPEED     6.0


SKY COVER
  AVERAGE SKY COVER 1.0


WEATHER CONDITIONS
 THE FOLLOWING WEATHER WAS RECORDED YESTERDAY.
  LIGHT RAIN
  FOG
  HAZE


RELATIVE HUMIDITY (PERCENT)
 HIGHEST    89           600 PM
 LOWEST     75          1200 AM
 AVERAGE    82

..........................................................


THE CENTRAL PARK NY CLIMATE NORMALS FOR TODAY
                         NORMAL    RECORD    YEAR
 MAXIMUM TEMPERATURE (F)   41        66      1990
                                             1891
 MINIMUM TEMPERATURE (F)   30        -1      1883


SUNRISE AND SUNSET
DECEMBER 23 2014......SUNRISE   718 AM EST   SUNSET   432 PM EST
DECEMBER 24 2014......SUNRISE   718 AM EST   SUNSET   433 PM EST


-  INDICATES NEGATIVE NUMBERS.
R  INDICATES RECORD WAS SET OR TIED.
MM INDICATES DATA IS MISSING.
T  INDICATES TRACE AMOUNT.




$$
