000
CDUS41 KOKX 302103
CLINYC


CLIMATE REPORT
NATIONAL WEATHER SERVICE NEW YORK NY
503 PM EDT TUE JUN 30 2015


...................................

...THE CENTRAL PARK NY CLIMATE SUMMARY FOR JUNE 30 2015...
VALID TODAY AS OF 0500 PM LOCAL TIME.

CLIMATE NORMAL PERIOD 1981 TO 2010
CLIMATE RECORD PERIOD 1869 TO 2015


WEATHER ITEM   OBSERVED TIME   RECORD YEAR NORMAL DEPARTURE LAST
                VALUE   (LST)  VALUE       VALUE  FROM      YEAR
                                                  NORMAL
..................................................................
TEMPERATURE (F)
 TODAY
  MAXIMUM         82    116 PM  99    1964  83     -1       84
  MINIMUM         68    457 AM  53    1919  67      1       69
  AVERAGE         75                        75      0       77

PRECIPITATION (IN)
  TODAY            0.00          3.07 1984   0.13  -0.13     0.00
  MONTH TO DATE    4.75                      4.41   0.34     4.26
  SINCE JUN 1      4.75                      4.41   0.34     4.26
  SINCE JAN 1     20.68                     24.20  -3.52    28.42

SNOWFALL (IN)
  TODAY            0.0           0.0  2002   0.0    0.0      0.0
                                      2001
  MONTH TO DATE    0.0                       0.0    0.0      0.0
  SINCE OCT 1     50.3                      25.8   24.5     57.4
  SINCE JUL 1     50.3                      25.8   24.5     57.4
  SNOW DEPTH       0

DEGREE DAYS
 HEATING
  TODAY            0                         0      0        0
  MONTH TO DATE   33                        17     16        0
  SINCE JUN 1     33                        19     14        0
  SINCE JUL 1   4974                      4750    224     4962

 COOLING
  TODAY           10                        10      0       12
  MONTH TO DATE  228                       212     16      232
  SINCE JUN 1    228                       212     16      232
  SINCE JAN 1    387                       281    106      286
..................................................................


WIND (MPH)
  HIGHEST WIND SPEED    14   HIGHEST WIND DIRECTION     S (170)
  HIGHEST GUST SPEED    25   HIGHEST GUST DIRECTION     S (170)
  AVERAGE WIND SPEED     3.9


SKY COVER
  AVERAGE SKY COVER 0.2


WEATHER CONDITIONS
 THE FOLLOWING WEATHER WAS RECORDED TODAY.
  NO SIGNIFICANT WEATHER WAS OBSERVED.


RELATIVE HUMIDITY (PERCENT)
 HIGHEST    70           600 AM
 LOWEST     42           100 PM
 AVERAGE    56

..........................................................


THE CENTRAL PARK NY CLIMATE NORMALS FOR TOMORROW
                         NORMAL    RECORD    YEAR
 MAXIMUM TEMPERATURE (F)   83       100      1901
 MINIMUM TEMPERATURE (F)   68        52      1943


SUNRISE AND SUNSET
JUNE 30 2015..........SUNRISE   528 AM EDT   SUNSET   831 PM EDT
JULY  1 2015..........SUNRISE   528 AM EDT   SUNSET   831 PM EDT


-  INDICATES NEGATIVE NUMBERS.
R  INDICATES RECORD WAS SET OR TIED.
MM INDICATES DATA IS MISSING.
T  INDICATES TRACE AMOUNT.




$$
