000
CDUS41 KOKX 211521
CLINYC


CLIMATE REPORT
NATIONAL WEATHER SERVICE NEW YORK NY
1120 AM EDT MON JUL 21 2014


...................................

...THE CENTRAL PARK NY CLIMATE SUMMARY FOR JULY 20 2014...

CLIMATE NORMAL PERIOD 1981 TO 2010
CLIMATE RECORD PERIOD 1869 TO 2014


WEATHER ITEM   OBSERVED TIME   RECORD YEAR NORMAL DEPARTURE LAST
                VALUE   (LST)  VALUE       VALUE  FROM      YEAR
                                                  NORMAL
..................................................................
TEMPERATURE (F)
 YESTERDAY
  MAXIMUM         80        MM 101    1980  84     -4       93
  MINIMUM         66    526 AM  55    1890  69     -3       81
  AVERAGE         73                        77     -4       87

PRECIPITATION (IN)
  YESTERDAY        0.00          1.97 1889   0.15  -0.15     0.00
  MONTH TO DATE    5.19                      2.86   2.33     2.21
  SINCE JUN 1      9.45                      7.27   2.18    12.31
  SINCE JAN 1     33.61                     27.06   6.55    31.53

SNOWFALL (IN)
  YESTERDAY        0.0           0.0  2002   0.0    0.0      0.0
                                      2001
  MONTH TO DATE    0.0                       0.0    0.0      0.0
  SINCE OCT 1     57.4                      25.8   31.6     26.1
  SINCE JUL 1      0.0                       0.0    0.0      0.0
  SNOW DEPTH       0

DEGREE DAYS
 HEATING
  YESTERDAY        0                         0      0        0
  MONTH TO DATE    0                         0      0        0
  SINCE JUN 1      0                        19    -19        9
  SINCE JUL 1      0                         0      0        0

 COOLING
  YESTERDAY        8                        12     -4       22
  MONTH TO DATE  237                       228      9      342
  SINCE JUN 1    469                       440     29      587
  SINCE JAN 1    523                       509     14      666
..................................................................


WIND (MPH)
  HIGHEST WIND SPEED    12   HIGHEST WIND DIRECTION     N (10)
  HIGHEST GUST SPEED    15   HIGHEST GUST DIRECTION    NE (50)
  AVERAGE WIND SPEED     4.0


SKY COVER
  AVERAGE SKY COVER 0.0


WEATHER CONDITIONS
 THE FOLLOWING WEATHER WAS RECORDED YESTERDAY.
  NO SIGNIFICANT WEATHER WAS OBSERVED.


RELATIVE HUMIDITY (PERCENT)
 HIGHEST    81           400 AM
 LOWEST     49           600 PM
 AVERAGE    65

..........................................................


THE CENTRAL PARK NY CLIMATE NORMALS FOR TODAY
                         NORMAL    RECORD    YEAR
 MAXIMUM TEMPERATURE (F)   84       104      1977
 MINIMUM TEMPERATURE (F)   69        55      1890


SUNRISE AND SUNSET
JULY 21 2014..........SUNRISE   542 AM EDT   SUNSET   822 PM EDT
JULY 22 2014..........SUNRISE   543 AM EDT   SUNSET   821 PM EDT


-  INDICATES NEGATIVE NUMBERS.
R  INDICATES RECORD WAS SET OR TIED.
MM INDICATES DATA IS MISSING.
T  INDICATES TRACE AMOUNT.




$$
