278
CDUS41 KOKX 142159
CLINYC


CLIMATE REPORT
NATIONAL WEATHER SERVICE NEW YORK NY
459 PM EST TUE NOV 14 2017


...................................

...THE CENTRAL PARK NY CLIMATE SUMMARY FOR NOVEMBER 14 2017...
VALID TODAY AS OF 0400 PM LOCAL TIME.

CLIMATE NORMAL PERIOD 1981 TO 2010
CLIMATE RECORD PERIOD 1869 TO 2017


WEATHER ITEM   OBSERVED TIME   RECORD YEAR NORMAL DEPARTURE LAST
                VALUE   (LST)  VALUE       VALUE  FROM      YEAR
                                                  NORMAL
..................................................................
TEMPERATURE (F)
 TODAY
  MAXIMUM         48    124 PM  72    1993  55     -7       62
  MINIMUM         35    604 AM  20    1905  42     -7       46
  AVERAGE         42                        48     -6       54

PRECIPITATION (IN)
  TODAY            0.00          2.23 1972   0.13  -0.13     0.00
  MONTH TO DATE    0.81                      1.82  -1.01     0.06
  SINCE SEP 1      6.99                     10.50  -3.51     7.00
  SINCE JAN 1     42.06                     43.74  -1.68    33.93

SNOWFALL (IN)
  TODAY            0.0           1.0  1911   0.0    0.0      0.0
  MONTH TO DATE    0.0                       0.0    0.0      0.0
  SINCE OCT 1      0.0                       0.0    0.0      0.0
  SINCE JUL 1      0.0                       0.0    0.0      0.0
  SNOW DEPTH       0

DEGREE DAYS
 HEATING
  TODAY           23                        17      6       11
  MONTH TO DATE  239                       207     32      171
  SINCE SEP 1    355                       518   -163      405
  SINCE JUL 1    355                       520   -165      405

 COOLING
  TODAY            0                         0      0        0
  MONTH TO DATE    0                         0      0        0
  SINCE SEP 1    271                       150    121      257
  SINCE JAN 1   1265                      1104    161     1489
..................................................................


WIND (MPH)
  HIGHEST WIND SPEED    12   HIGHEST WIND DIRECTION     N (360)
  HIGHEST GUST SPEED    16   HIGHEST GUST DIRECTION    NE (50)
  AVERAGE WIND SPEED     4.1


SKY COVER
  AVERAGE SKY COVER 0.4


WEATHER CONDITIONS
 THE FOLLOWING WEATHER WAS RECORDED TODAY.
  NO SIGNIFICANT WEATHER WAS OBSERVED.


RELATIVE HUMIDITY (PERCENT)
 HIGHEST    82           600 AM
 LOWEST     60           100 PM
 AVERAGE    71

..........................................................


THE CENTRAL PARK NY CLIMATE NORMALS FOR TOMORROW
                         NORMAL    RECORD    YEAR
 MAXIMUM TEMPERATURE (F)   54        80      1993
 MINIMUM TEMPERATURE (F)   42        20      1967


SUNRISE AND SUNSET
NOVEMBER 14 2017......SUNRISE   642 AM EST   SUNSET   438 PM EST
NOVEMBER 15 2017......SUNRISE   643 AM EST   SUNSET   438 PM EST


-  INDICATES NEGATIVE NUMBERS.
R  INDICATES RECORD WAS SET OR TIED.
MM INDICATES DATA IS MISSING.
T  INDICATES TRACE AMOUNT.




$$
