000
CDUS41 KOKX 160707
CLINYC


CLIMATE REPORT
NATIONAL WEATHER SERVICE NEW YORK NY
207 AM EST TUE JAN 16 2018


...................................

...THE CENTRAL PARK NY CLIMATE SUMMARY FOR JANUARY 15 2018...

CLIMATE NORMAL PERIOD 1981 TO 2010
CLIMATE RECORD PERIOD 1869 TO 2018


WEATHER ITEM   OBSERVED TIME   RECORD YEAR NORMAL DEPARTURE LAST
                VALUE   (LST)  VALUE       VALUE  FROM      YEAR
                                                  NORMAL
..................................................................
TEMPERATURE (F)
 YESTERDAY
  MAXIMUM         30    319 PM  67    1932  38     -8       38
  MINIMUM         16    439 AM   0    1957  27    -11       30
  AVERAGE         23                        32     -9       34

PRECIPITATION (IN)
  YESTERDAY        0.00          1.27 1951   0.13  -0.13     0.00
  MONTH TO DATE    1.36                      1.83  -0.47     1.85
  SINCE DEC 1      3.57                      5.83  -2.26     4.74
  SINCE JAN 1      1.36                      1.83  -0.47     1.85

SNOWFALL (IN)
  YESTERDAY       MM             5.1  1927   0.3   MM        0.0
  MONTH TO DATE    9.8                       3.3    6.5      6.9
  SINCE OCT 1     17.5                       8.4    9.1     10.1
  SINCE JUL 1     17.5                       8.4    9.1     10.1
  SNOW DEPTH       0

DEGREE DAYS
 HEATING
  YESTERDAY       42                        33      9       31
  MONTH TO DATE  579                       486     93      435
  SINCE DEC 1   1499                      1338    161     1254
  SINCE JUL 1   2161                      2171    -10     1941

 COOLING
  YESTERDAY        0                         0      0        0
  MONTH TO DATE    0                         0      0        0
  SINCE DEC 1      0                         0      0        0
  SINCE JAN 1      0                         0      0        0
..................................................................


WIND (MPH)
  HIGHEST WIND SPEED    16   HIGHEST WIND DIRECTION    NE (50)
  HIGHEST GUST SPEED    21   HIGHEST GUST DIRECTION    NE (50)
  AVERAGE WIND SPEED     8.0


SKY COVER
  AVERAGE SKY COVER 0.3


WEATHER CONDITIONS
 THE FOLLOWING WEATHER WAS RECORDED YESTERDAY.
  NO SIGNIFICANT WEATHER WAS OBSERVED.


RELATIVE HUMIDITY (PERCENT)
 HIGHEST    74           900 PM
 LOWEST     51          1200 AM
 AVERAGE    63

..........................................................


THE CENTRAL PARK NY CLIMATE NORMALS FOR TODAY
                         NORMAL    RECORD    YEAR
 MAXIMUM TEMPERATURE (F)   38        58      1995
 MINIMUM TEMPERATURE (F)   27         1      2004
                                             1893


SUNRISE AND SUNSET
JANUARY 16 2018.......SUNRISE   717 AM EST   SUNSET   454 PM EST
JANUARY 17 2018.......SUNRISE   717 AM EST   SUNSET   455 PM EST


-  INDICATES NEGATIVE NUMBERS.
R  INDICATES RECORD WAS SET OR TIED.
MM INDICATES DATA IS MISSING.
T  INDICATES TRACE AMOUNT.




$$
