000
CDUS41 KOKX 230618
CLINYC


CLIMATE REPORT
NATIONAL WEATHER SERVICE NEW YORK NY
218 AM EDT TUE AUG 23 2016


...................................

...THE CENTRAL PARK NY CLIMATE SUMMARY FOR AUGUST 22 2016...

CLIMATE NORMAL PERIOD 1981 TO 2010
CLIMATE RECORD PERIOD 1869 TO 2016


WEATHER ITEM   OBSERVED TIME   RECORD YEAR NORMAL DEPARTURE LAST
                VALUE   (LST)  VALUE       VALUE  FROM      YEAR
                                                  NORMAL
..................................................................
TEMPERATURE (F)
 YESTERDAY
  MAXIMUM         79    108 PM  95    1916  82     -3       86
  MINIMUM         65   1159 PM  52    1895  67     -2       69
  AVERAGE         72                        75     -3       78

PRECIPITATION (IN)
  YESTERDAY        0.00          1.85 1994   0.14  -0.14     0.00
  MONTH TO DATE    1.96                      3.28  -1.32     2.22
  SINCE JUN 1     11.58                     12.29  -0.71    10.99
  SINCE JAN 1     26.92                     32.08  -5.16    26.92

SNOWFALL (IN)
  YESTERDAY        0.0           0.0  2002   0.0    0.0      0.0
                                      2001
  MONTH TO DATE    0.0                       0.0    0.0      0.0
  SINCE OCT 1     32.8                      25.8    7.0     50.3
  SINCE JUL 1      0.0                       0.0    0.0      0.0
  SNOW DEPTH       0

DEGREE DAYS
 HEATING
  YESTERDAY        0                         0      0        0
  MONTH TO DATE    0                         0      0        0
  SINCE JUN 1      7                        19    -12       33
  SINCE JUL 1      0                         0      0        0

 COOLING
  YESTERDAY        7                        10     -3       13
  MONTH TO DATE  318                       236     82      320
  SINCE JUN 1    982                       803    179      985
  SINCE JAN 1   1101                       872    229     1144
..................................................................


WIND (MPH)
  HIGHEST WIND SPEED    14   HIGHEST WIND DIRECTION    NW (310)
  HIGHEST GUST SPEED    29   HIGHEST GUST DIRECTION    NW (300)
  AVERAGE WIND SPEED     5.7


SKY COVER
  AVERAGE SKY COVER 0.1


WEATHER CONDITIONS
 THE FOLLOWING WEATHER WAS RECORDED YESTERDAY.
  NO SIGNIFICANT WEATHER WAS OBSERVED.


RELATIVE HUMIDITY (PERCENT)
 HIGHEST    79          1200 AM
 LOWEST     38           500 PM
 AVERAGE    59

..........................................................


THE CENTRAL PARK NY CLIMATE NORMALS FOR TODAY
                         NORMAL    RECORD    YEAR
 MAXIMUM TEMPERATURE (F)   82        92      1916
 MINIMUM TEMPERATURE (F)   67        51      1923


SUNRISE AND SUNSET
AUGUST 23 2016........SUNRISE   614 AM EDT   SUNSET   742 PM EDT
AUGUST 24 2016........SUNRISE   615 AM EDT   SUNSET   740 PM EDT


-  INDICATES NEGATIVE NUMBERS.
R  INDICATES RECORD WAS SET OR TIED.
MM INDICATES DATA IS MISSING.
T  INDICATES TRACE AMOUNT.




$$
