000
CDUS41 KOKX 120650
CLINYC


CLIMATE REPORT
NATIONAL WEATHER SERVICE NEW YORK NY
149 AM EST MON FEB 12 2018


...................................

...THE CENTRAL PARK NY CLIMATE SUMMARY FOR FEBRUARY 11 2018...

CLIMATE NORMAL PERIOD 1981 TO 2010
CLIMATE RECORD PERIOD 1869 TO 2018


WEATHER ITEM   OBSERVED TIME   RECORD YEAR NORMAL DEPARTURE LAST
                VALUE   (LST)  VALUE       VALUE  FROM      YEAR
                                                  NORMAL
..................................................................
TEMPERATURE (F)
 YESTERDAY
  MAXIMUM         62    458 PM  65    2009  41     21       48
                                      1960
  MINIMUM         45   1231 AM  -2    1899  28     17       30
                                      1885
  AVERAGE         54                        34     20       39

PRECIPITATION (IN)
  YESTERDAY        1.21          2.74 1886   0.10   1.11     0.00
  MONTH TO DATE    3.83                      1.18   2.65     1.46
  SINCE DEC 1      8.22                      8.83  -0.61     9.18
  SINCE JAN 1      6.01                      4.83   1.18     6.29

SNOWFALL (IN)
  YESTERDAY        0.0          12.8  1994   0.4   -0.4      0.0
  MONTH TO DATE    0.5                       3.6   -3.1      9.4
  SINCE OCT 1     19.4                      15.7    3.7     20.5
  SINCE JUL 1     19.4                      15.7    3.7     20.5
  SNOW DEPTH       0

DEGREE DAYS
 HEATING
  YESTERDAY       11                        30    -19       26
  MONTH TO DATE  321                       343    -22      312
  SINCE DEC 1   2267                      2199     68     1960
  SINCE JUL 1   2929                      3032   -103     2647

 COOLING
  YESTERDAY        0                         0      0        0
  MONTH TO DATE    0                         0      0        0
  SINCE DEC 1      0                         0      0        0
  SINCE JAN 1      0                         0      0        0
..................................................................


WIND (MPH)
  HIGHEST WIND SPEED    10   HIGHEST WIND DIRECTION     S (180)
  HIGHEST GUST SPEED    17   HIGHEST GUST DIRECTION     S (160)
  AVERAGE WIND SPEED     3.2


SKY COVER
  AVERAGE SKY COVER 1.0


WEATHER CONDITIONS
 THE FOLLOWING WEATHER WAS RECORDED YESTERDAY.
  HEAVY RAIN
  RAIN
  LIGHT RAIN
  FOG


RELATIVE HUMIDITY (PERCENT)
 HIGHEST   100           400 AM
 LOWEST     93           100 AM
 AVERAGE    97

..........................................................


THE CENTRAL PARK NY CLIMATE NORMALS FOR TODAY
                         NORMAL    RECORD    YEAR
 MAXIMUM TEMPERATURE (F)   41        62      1999
 MINIMUM TEMPERATURE (F)   28        -3      1914


SUNRISE AND SUNSET
FEBRUARY 12 2018......SUNRISE   654 AM EST   SUNSET   527 PM EST
FEBRUARY 13 2018......SUNRISE   652 AM EST   SUNSET   528 PM EST


-  INDICATES NEGATIVE NUMBERS.
R  INDICATES RECORD WAS SET OR TIED.
MM INDICATES DATA IS MISSING.
T  INDICATES TRACE AMOUNT.




$$
