000
CDUS41 KOKX 182102
CLINYC


CLIMATE REPORT
NATIONAL WEATHER SERVICE NEW YORK NY
501 PM EDT SUN JUN 18 2017


...................................

...THE CENTRAL PARK NY CLIMATE SUMMARY FOR JUNE 18 2017...
VALID TODAY AS OF 0500 PM LOCAL TIME.

CLIMATE NORMAL PERIOD 1981 TO 2010
CLIMATE RECORD PERIOD 1869 TO 2017


WEATHER ITEM   OBSERVED TIME   RECORD YEAR NORMAL DEPARTURE LAST
                VALUE   (LST)  VALUE       VALUE  FROM      YEAR
                                                  NORMAL
..................................................................
TEMPERATURE (F)
 TODAY
  MAXIMUM         85    146 PM  95    1929  80      5       87
  MINIMUM         70    150 AM  48    1950  65      5       61
  AVERAGE         78                        72      6       74

PRECIPITATION (IN)
  TODAY            T             2.30 2009   0.14  -0.14     0.00
  MONTH TO DATE    1.87                      2.84  -0.97     2.02
  SINCE JUN 1      1.87                      2.84  -0.97     2.02
  SINCE JAN 1     24.65                     22.63   2.02    17.36

SNOWFALL (IN)
  TODAY            0.0           0.0  2002   0.0    0.0      0.0
                                      2001
  MONTH TO DATE    0.0                       0.0    0.0      0.0
  SINCE OCT 1     30.2                      25.8    4.4     32.8
  SINCE JUL 1     30.2                      25.8    4.4     32.8
  SNOW DEPTH       0

DEGREE DAYS
 HEATING
  TODAY            0                         0      0        0
  MONTH TO DATE   24                        17      7        7
  SINCE JUN 1     24                        17      7        7
  SINCE JUL 1   4226                      4748   -522     3768

 COOLING
  TODAY           13                         8      5        9
  MONTH TO DATE  112                       103      9      102
  SINCE JUN 1    112                       103      9      102
  SINCE JAN 1    201                       172     29      221
..................................................................


WIND (MPH)
  HIGHEST WIND SPEED    10   HIGHEST WIND DIRECTION     S (170)
  HIGHEST GUST SPEED    21   HIGHEST GUST DIRECTION     S (170)
  AVERAGE WIND SPEED     2.9


SKY COVER
  AVERAGE SKY COVER 0.8


WEATHER CONDITIONS
 THE FOLLOWING WEATHER WAS RECORDED TODAY.
  LIGHT RAIN
  FOG


RELATIVE HUMIDITY (PERCENT)
 HIGHEST   100          1200 AM
 LOWEST     70          1200 PM
 AVERAGE    85

..........................................................


THE CENTRAL PARK NY CLIMATE NORMALS FOR TOMORROW
                         NORMAL    RECORD    YEAR
 MAXIMUM TEMPERATURE (F)   80        98      1994
 MINIMUM TEMPERATURE (F)   65        52      1920


SUNRISE AND SUNSET
JUNE 18 2017..........SUNRISE   524 AM EDT   SUNSET   830 PM EDT
JUNE 19 2017..........SUNRISE   524 AM EDT   SUNSET   830 PM EDT


-  INDICATES NEGATIVE NUMBERS.
R  INDICATES RECORD WAS SET OR TIED.
MM INDICATES DATA IS MISSING.
T  INDICATES TRACE AMOUNT.




$$
