000
CDUS41 KOKX 200617
CLINYC


CLIMATE REPORT
NATIONAL WEATHER SERVICE NEW YORK NY
217 AM EDT SAT SEP 20 2014


...................................

...THE CENTRAL PARK NY CLIMATE SUMMARY FOR SEPTEMBER 19 2014...

CLIMATE NORMAL PERIOD 1981 TO 2010
CLIMATE RECORD PERIOD 1869 TO 2014


WEATHER ITEM   OBSERVED TIME   RECORD YEAR NORMAL DEPARTURE LAST
                VALUE   (LST)  VALUE       VALUE  FROM      YEAR
                                                  NORMAL
..................................................................
TEMPERATURE (F)
 YESTERDAY
  MAXIMUM         66    203 PM  94    1983  74     -8       78
  MINIMUM         54    711 AM  44    1929  60     -6       55
  AVERAGE         60                        67     -7       67

PRECIPITATION (IN)
  YESTERDAY        0.00          4.30 1894   0.15  -0.15     0.00
  MONTH TO DATE    0.74                      2.62  -1.88     1.78
  SINCE SEP 1      0.74                      2.62  -1.88     1.78
  SINCE JAN 1     37.00                     35.86   1.14    36.79

SNOWFALL (IN)
  YESTERDAY        0.0           0.0  2002   0.0    0.0      0.0
                                      2001
  MONTH TO DATE    0.0                       0.0    0.0      0.0
  SINCE OCT 1     57.4                      25.8   31.6     26.1
  SINCE JUL 1      0.0                       0.0    0.0      0.0
  SNOW DEPTH       0

DEGREE DAYS
 HEATING
  YESTERDAY        5                         2      3        0
  MONTH TO DATE   13                        11      2       17
  SINCE SEP 1     13                        11      2       17
  SINCE JUL 1     13                        13      0       17

 COOLING
  YESTERDAY        0                         3     -3        2
  MONTH TO DATE  134                       107     27      122
  SINCE SEP 1    134                       107     27      122
  SINCE JAN 1   1072                      1061     11     1215
..................................................................


WIND (MPH)
  HIGHEST WIND SPEED    16   HIGHEST WIND DIRECTION    NE (60)
  HIGHEST GUST SPEED    23   HIGHEST GUST DIRECTION    NE (60)
  AVERAGE WIND SPEED     7.6


SKY COVER
  AVERAGE SKY COVER 0.3


WEATHER CONDITIONS
 THE FOLLOWING WEATHER WAS RECORDED YESTERDAY.
  NO SIGNIFICANT WEATHER WAS OBSERVED.


RELATIVE HUMIDITY (PERCENT)
 HIGHEST    72           500 AM
 LOWEST     44           100 PM
 AVERAGE    58

..........................................................


THE CENTRAL PARK NY CLIMATE NORMALS FOR TODAY
                         NORMAL    RECORD    YEAR
 MAXIMUM TEMPERATURE (F)   74        93      1983
                                             1895
 MINIMUM TEMPERATURE (F)   59        44      1993


SUNRISE AND SUNSET
SEPTEMBER 20 2014.....SUNRISE   641 AM EDT   SUNSET   656 PM EDT
SEPTEMBER 21 2014.....SUNRISE   642 AM EDT   SUNSET   655 PM EDT


-  INDICATES NEGATIVE NUMBERS.
R  INDICATES RECORD WAS SET OR TIED.
MM INDICATES DATA IS MISSING.
T  INDICATES TRACE AMOUNT.




$$
