000
CDUS41 KOKX 260622
CLINYC


CLIMATE REPORT
NATIONAL WEATHER SERVICE NEW YORK NY
222 AM EDT FRI AUG 26 2016


...................................

...THE CENTRAL PARK NY CLIMATE SUMMARY FOR AUGUST 25 2016...

CLIMATE NORMAL PERIOD 1981 TO 2010
CLIMATE RECORD PERIOD 1869 TO 2016


WEATHER ITEM   OBSERVED TIME   RECORD YEAR NORMAL DEPARTURE LAST
                VALUE   (LST)  VALUE       VALUE  FROM      YEAR
                                                  NORMAL
..................................................................
TEMPERATURE (F)
 YESTERDAY
  MAXIMUM         86        MM  95    1948  82      4       90
  MINIMUM         69        MM  52    1940  67      2       73
  AVERAGE         78                        74      4       82

PRECIPITATION (IN)
  YESTERDAY       MM             1.86 1982   0.14  MM        0.00
  MONTH TO DATE    1.96                      3.70  -1.74     2.22
  SINCE JUN 1     11.58                     12.71  -1.13    10.99
  SINCE JAN 1     26.92                     32.50  -5.58    26.92

SNOWFALL (IN)
  YESTERDAY       MM             0.0  2002   0.0   MM        0.0
                                      2001
  MONTH TO DATE    0.0                       0.0    0.0      0.0
  SINCE OCT 1     32.8                      25.8    7.0     50.3
  SINCE JUL 1      0.0                       0.0    0.0      0.0
  SNOW DEPTH      MM

DEGREE DAYS
 HEATING
  YESTERDAY        0                         0      0        0
  MONTH TO DATE    0                         0      0        0
  SINCE JUN 1      7                        19    -12       33
  SINCE JUL 1      0                         0      0        0

 COOLING
  YESTERDAY       13                         9      4       17
  MONTH TO DATE  351                       264     87      365
  SINCE JUN 1   1015                       831    184     1030
  SINCE JAN 1   1134                       900    234     1189
..................................................................


WIND (MPH)
  HIGHEST WIND SPEED    MM   HIGHEST WIND DIRECTION    MM
  HIGHEST GUST SPEED    MM   HIGHEST GUST DIRECTION    MM
  AVERAGE WIND SPEED    MM


SKY COVER
  AVERAGE SKY COVER  MM


WEATHER CONDITIONS
 THE FOLLOWING WEATHER WAS RECORDED YESTERDAY.
  NO SIGNIFICANT WEATHER WAS OBSERVED.


RELATIVE HUMIDITY (PERCENT)
 HIGHEST    MM
 LOWEST     MM
 AVERAGE    MM

..........................................................


THE CENTRAL PARK NY CLIMATE NORMALS FOR TODAY
                         NORMAL    RECORD    YEAR
 MAXIMUM TEMPERATURE (F)   81       103      1948
 MINIMUM TEMPERATURE (F)   67        53      1887


SUNRISE AND SUNSET
AUGUST 26 2016........SUNRISE   617 AM EDT   SUNSET   737 PM EDT
AUGUST 27 2016........SUNRISE   618 AM EDT   SUNSET   735 PM EDT


-  INDICATES NEGATIVE NUMBERS.
R  INDICATES RECORD WAS SET OR TIED.
MM INDICATES DATA IS MISSING.
T  INDICATES TRACE AMOUNT.




$$
