000
CDUS41 KOKX 260619
CLINYC


CLIMATE REPORT
NATIONAL WEATHER SERVICE NEW YORK NY
219 AM EDT SUN MAR 26 2017


...................................

...THE CENTRAL PARK NY CLIMATE SUMMARY FOR MARCH 25 2017...

CLIMATE NORMAL PERIOD 1981 TO 2010
CLIMATE RECORD PERIOD 1869 TO 2017


WEATHER ITEM   OBSERVED TIME   RECORD YEAR NORMAL DEPARTURE LAST
                VALUE   (LST)  VALUE       VALUE  FROM      YEAR
                                                  NORMAL
..................................................................
TEMPERATURE (F)
 YESTERDAY
  MAXIMUM         62    109 PM  79    1963  53      9       72
  MINIMUM         42   1159 PM  13    1878  38      4       44
  AVERAGE         52                        45      7       58

PRECIPITATION (IN)
  YESTERDAY        0.01          4.25 1876   0.15  -0.14     0.04
  MONTH TO DATE    2.61                      3.44  -0.83     0.79
  SINCE MAR 1      2.61                      3.44  -0.83     0.79
  SINCE JAN 1      9.92                     10.18  -0.26     9.60

SNOWFALL (IN)
  YESTERDAY        0.0           2.3  1872   0.1   -0.1      0.0
  MONTH TO DATE    9.7                       3.5    6.2      0.9
  SINCE OCT 1     30.2                      24.8    5.4     32.8
  SINCE JUL 1     30.2                      24.8    5.4     32.8
  SNOW DEPTH       0

DEGREE DAYS
 HEATING
  YESTERDAY       13                        20     -7        7
  MONTH TO DATE  668                       588     80      411
  SINCE MAR 1    668                       588     80      411
  SINCE JUL 1   3651                      4110   -459     3158

 COOLING
  YESTERDAY        0                         0      0        0
  MONTH TO DATE    0                         0      0        6
  SINCE MAR 1      0                         0      0        6
  SINCE JAN 1      0                         0      0        6
..................................................................


WIND (MPH)
  HIGHEST WIND SPEED    16   HIGHEST WIND DIRECTION    NE (30)
  HIGHEST GUST SPEED    24   HIGHEST GUST DIRECTION     W (260)
  AVERAGE WIND SPEED     6.6


SKY COVER
  AVERAGE SKY COVER 0.4


WEATHER CONDITIONS
 THE FOLLOWING WEATHER WAS RECORDED YESTERDAY.
  FOG


RELATIVE HUMIDITY (PERCENT)
 HIGHEST    89           900 PM
 LOWEST     42          1200 PM
 AVERAGE    66

..........................................................


THE CENTRAL PARK NY CLIMATE NORMALS FOR TODAY
                         NORMAL    RECORD    YEAR
 MAXIMUM TEMPERATURE (F)   53        76      1922
 MINIMUM TEMPERATURE (F)   38        20      1960
                                             1873


SUNRISE AND SUNSET
MARCH 26 2017.........SUNRISE   649 AM EDT   SUNSET   715 PM EDT
MARCH 27 2017.........SUNRISE   647 AM EDT   SUNSET   716 PM EDT


-  INDICATES NEGATIVE NUMBERS.
R  INDICATES RECORD WAS SET OR TIED.
MM INDICATES DATA IS MISSING.
T  INDICATES TRACE AMOUNT.




$$
