000
CDUS41 KOKX 270620
CLINYC


CLIMATE REPORT
NATIONAL WEATHER SERVICE NEW YORK NY
220 AM EDT TUE SEP 27 2016


...................................

...THE CENTRAL PARK NY CLIMATE SUMMARY FOR SEPTEMBER 26 2016...

CLIMATE NORMAL PERIOD 1981 TO 2010
CLIMATE RECORD PERIOD 1869 TO 2016


WEATHER ITEM   OBSERVED TIME   RECORD YEAR NORMAL DEPARTURE LAST
                VALUE   (LST)  VALUE       VALUE  FROM      YEAR
                                                  NORMAL
..................................................................
TEMPERATURE (F)
 YESTERDAY
  MAXIMUM         74    118 PM  91    1970  71      3       72
                                      1881
  MINIMUM         54    615 AM  42    1940  57     -3       61
  AVERAGE         64                        64      0       67

PRECIPITATION (IN)
  YESTERDAY        0.00          2.34 2008   0.15  -0.15     0.00
  MONTH TO DATE    2.17                      3.65  -1.48     1.91
  SINCE SEP 1      2.17                      3.65  -1.48     1.91
  SINCE JAN 1     29.10                     36.89  -7.79    28.96

SNOWFALL (IN)
  YESTERDAY        0.0           0.0  2002   0.0    0.0      0.0
                                      2001
  MONTH TO DATE    0.0                       0.0    0.0      0.0
  SINCE OCT 1     32.8                      25.8    7.0     50.3
  SINCE JUL 1      0.0                       0.0    0.0      0.0
  SNOW DEPTH       0

DEGREE DAYS
 HEATING
  YESTERDAY        1                         3     -2        0
  MONTH TO DATE    4                        27    -23        0
  SINCE SEP 1      4                        27    -23        0
  SINCE JUL 1      4                        29    -25        0

 COOLING
  YESTERDAY        0                         2     -2        2
  MONTH TO DATE  224                       125     99      269
  SINCE SEP 1    224                       125     99      269
  SINCE JAN 1   1456                      1079    377     1534
..................................................................


WIND (MPH)
  HIGHEST WIND SPEED    12   HIGHEST WIND DIRECTION     S (160)
  HIGHEST GUST SPEED    19   HIGHEST GUST DIRECTION     S (160)
  AVERAGE WIND SPEED     4.4


SKY COVER
  AVERAGE SKY COVER 0.4


WEATHER CONDITIONS
 THE FOLLOWING WEATHER WAS RECORDED YESTERDAY.
  NO SIGNIFICANT WEATHER WAS OBSERVED.


RELATIVE HUMIDITY (PERCENT)
 HIGHEST    72           700 AM
 LOWEST     44           100 AM
 AVERAGE    58

..........................................................


THE CENTRAL PARK NY CLIMATE NORMALS FOR TODAY
                         NORMAL    RECORD    YEAR
 MAXIMUM TEMPERATURE (F)   71        90      1933
 MINIMUM TEMPERATURE (F)   57        41      1957
                                             1947


SUNRISE AND SUNSET
SEPTEMBER 27 2016.....SUNRISE   649 AM EDT   SUNSET   644 PM EDT
SEPTEMBER 28 2016.....SUNRISE   650 AM EDT   SUNSET   642 PM EDT


-  INDICATES NEGATIVE NUMBERS.
R  INDICATES RECORD WAS SET OR TIED.
MM INDICATES DATA IS MISSING.
T  INDICATES TRACE AMOUNT.




$$
