000
CDUS41 KOKX 240618
CLINYC


CLIMATE REPORT
NATIONAL WEATHER SERVICE NEW YORK NY
218 AM EDT SUN AUG 24 2014


...................................

...THE CENTRAL PARK NY CLIMATE SUMMARY FOR AUGUST 23 2014...

CLIMATE NORMAL PERIOD 1981 TO 2010
CLIMATE RECORD PERIOD 1869 TO 2014


WEATHER ITEM   OBSERVED TIME   RECORD YEAR NORMAL DEPARTURE LAST
                VALUE   (LST)  VALUE       VALUE  FROM      YEAR
                                                  NORMAL
..................................................................
TEMPERATURE (F)
 YESTERDAY
  MAXIMUM         77    247 PM  92    1916  82     -5       82
  MINIMUM         67    911 PM  51    1923  67      0       71
  AVERAGE         72                        74     -2       77

PRECIPITATION (IN)
  YESTERDAY        0.01          3.03 1930   0.14  -0.13     0.00
  MONTH TO DATE    1.63                      3.42  -1.79     2.37
  SINCE JUN 1     11.48                     12.43  -0.95    15.31
  SINCE JAN 1     35.64                     32.22   3.42    34.53

SNOWFALL (IN)
  YESTERDAY        0.0           0.0  2002   0.0    0.0      0.0
                                      2001
  MONTH TO DATE    0.0                       0.0    0.0      0.0
  SINCE OCT 1     57.4                      25.8   31.6     26.1
  SINCE JUL 1      0.0                       0.0    0.0      0.0
  SNOW DEPTH       0

DEGREE DAYS
 HEATING
  YESTERDAY        0                         0      0        0
  MONTH TO DATE    0                         0      0        0
  SINCE JUN 1      0                        19    -19        9
  SINCE JUL 1      0                         0      0        0

 COOLING
  YESTERDAY        7                        10     -3       12
  MONTH TO DATE  213                       246    -33      210
  SINCE JUN 1    796                       813    -17      919
  SINCE JAN 1    850                       882    -32      998
..................................................................


WIND (MPH)
  HIGHEST WIND SPEED    13   HIGHEST WIND DIRECTION    NE (60)
  HIGHEST GUST SPEED    18   HIGHEST GUST DIRECTION     E (70)
  AVERAGE WIND SPEED     4.6


SKY COVER
  AVERAGE SKY COVER 0.8


WEATHER CONDITIONS
 THE FOLLOWING WEATHER WAS RECORDED YESTERDAY.
  LIGHT RAIN


RELATIVE HUMIDITY (PERCENT)
 HIGHEST    81           800 PM
 LOWEST     49           100 PM
 AVERAGE    65

..........................................................


THE CENTRAL PARK NY CLIMATE NORMALS FOR TODAY
                         NORMAL    RECORD    YEAR
 MAXIMUM TEMPERATURE (F)   82        94      1972
 MINIMUM TEMPERATURE (F)   67        52      1890


SUNRISE AND SUNSET
AUGUST 24 2014........SUNRISE   615 AM EDT   SUNSET   741 PM EDT
AUGUST 25 2014........SUNRISE   616 AM EDT   SUNSET   739 PM EDT


-  INDICATES NEGATIVE NUMBERS.
R  INDICATES RECORD WAS SET OR TIED.
MM INDICATES DATA IS MISSING.
T  INDICATES TRACE AMOUNT.




$$
