684
CDUS41 KOKX 090622
CLINYC


CLIMATE REPORT
NATIONAL WEATHER SERVICE NEW YORK NY
122 AM EST TUE FEB 9 2016


...................................

...THE CENTRAL PARK NY CLIMATE SUMMARY FOR FEBRUARY 8 2016...

CLIMATE NORMAL PERIOD 1981 TO 2010
CLIMATE RECORD PERIOD 1869 TO 2016


WEATHER ITEM   OBSERVED TIME   RECORD YEAR NORMAL DEPARTURE LAST
                VALUE   (LST)  VALUE       VALUE  FROM      YEAR
                                                  NORMAL
..................................................................
TEMPERATURE (F)
 YESTERDAY
  MAXIMUM         39    140 AM  61    1965  40     -1       37
  MINIMUM         28   1159 PM  -7    1934  28      0       29
  AVERAGE         34                        34      0       33

PRECIPITATION (IN)
  YESTERDAY        0.05          1.15 2013   0.11  -0.06     0.00
  MONTH TO DATE    1.32                      0.87   0.45     1.07
  SINCE DEC 1     10.45                      8.52   1.93    12.34
  SINCE JAN 1      5.73                      4.52   1.21     6.30

SNOWFALL (IN)
  YESTERDAY        0.1           8.0  1870   0.3   -0.2      0.0
  MONTH TO DATE    2.6                       2.6    0.0      5.3
  SINCE OCT 1     29.8                      14.7   15.1     23.4
  SINCE JUL 1     29.8                      14.7   15.1     23.4
  SNOW DEPTH       0

DEGREE DAYS
 HEATING
  YESTERDAY       31                        31      0       32
  MONTH TO DATE  174                       251    -77      300
  SINCE DEC 1   1548                      2107   -559     2131
  SINCE JUL 1   2136                      2940   -804     2916

 COOLING
  YESTERDAY        0                         0      0        0
  MONTH TO DATE    0                         0      0        0
  SINCE DEC 1      3                         0      3        0
  SINCE JAN 1      0                         0      0        0
..................................................................


WIND (MPH)
  HIGHEST WIND SPEED    21   HIGHEST WIND DIRECTION    NE (60)
  HIGHEST GUST SPEED    31   HIGHEST GUST DIRECTION    NE (40)
  AVERAGE WIND SPEED    10.5


SKY COVER
  AVERAGE SKY COVER 0.8


WEATHER CONDITIONS
 THE FOLLOWING WEATHER WAS RECORDED YESTERDAY.
  SNOW
  LIGHT SNOW
  FOG
  HAZE


RELATIVE HUMIDITY (PERCENT)
 HIGHEST    78          1100 AM
 LOWEST     48           100 AM
 AVERAGE    63

..........................................................


THE CENTRAL PARK NY CLIMATE NORMALS FOR TODAY
                         NORMAL    RECORD    YEAR
 MAXIMUM TEMPERATURE (F)   40        63      1990
 MINIMUM TEMPERATURE (F)   28       -15      1934


SUNRISE AND SUNSET
FEBRUARY  9 2016......SUNRISE   658 AM EST   SUNSET   523 PM EST
FEBRUARY 10 2016......SUNRISE   657 AM EST   SUNSET   524 PM EST


-  INDICATES NEGATIVE NUMBERS.
R  INDICATES RECORD WAS SET OR TIED.
MM INDICATES DATA IS MISSING.
T  INDICATES TRACE AMOUNT.




$$
