000
CDUS41 KOKX 230619
CLINYC


CLIMATE REPORT
NATIONAL WEATHER SERVICE NEW YORK NY
218 AM EDT SAT APR 23 2016


...................................

...THE CENTRAL PARK NY CLIMATE SUMMARY FOR APRIL 22 2016...

CLIMATE NORMAL PERIOD 1981 TO 2010
CLIMATE RECORD PERIOD 1869 TO 2016


WEATHER ITEM   OBSERVED TIME   RECORD YEAR NORMAL DEPARTURE LAST
                VALUE   (LST)  VALUE       VALUE  FROM      YEAR
                                                  NORMAL
..................................................................
TEMPERATURE (F)
 YESTERDAY
  MAXIMUM         79    318 PM  86    2001  64     15       69
                                      1973
                                      1962
  MINIMUM         62    538 AM  33    1947  47     15       48
                                      1922
  AVERAGE         71                        55     16       59

PRECIPITATION (IN)
  YESTERDAY        T             2.45 2012   0.14  -0.14     0.05
  MONTH TO DATE    1.16                      3.38  -2.22     2.08
  SINCE MAR 1      2.33                      7.74  -5.41     6.80
  SINCE JAN 1     11.14                     14.48  -3.34    14.07

SNOWFALL (IN)
  YESTERDAY        0.0           T    1972   0.0    0.0      0.0
                                      2000
                                      2000
  MONTH TO DATE    T                         0.6   -0.6      0.0
  SINCE OCT 1     32.1                      25.8    6.3     50.3
  SINCE JUL 1     32.1                      25.8    6.3     50.3
  SNOW DEPTH       0

DEGREE DAYS
 HEATING
  YESTERDAY        0                        10    -10        6
  MONTH TO DATE  286                       299    -13      236
  SINCE MAR 1    784                       999   -215     1062
  SINCE JUL 1   3531                      4521   -990     4821

 COOLING
  YESTERDAY        6                         1      5        0
  MONTH TO DATE   13                         1     12        5
  SINCE MAR 1     19                         2     17        5
  SINCE JAN 1     19                         2     17        5
..................................................................


WIND (MPH)
  HIGHEST WIND SPEED    10   HIGHEST WIND DIRECTION     S (170)
  HIGHEST GUST SPEED    18   HIGHEST GUST DIRECTION    SW (240)
  AVERAGE WIND SPEED     4.2


SKY COVER
  AVERAGE SKY COVER 0.2


WEATHER CONDITIONS
 THE FOLLOWING WEATHER WAS RECORDED YESTERDAY.
  LIGHT RAIN


RELATIVE HUMIDITY (PERCENT)
 HIGHEST    68           800 AM
 LOWEST     42           100 PM
 AVERAGE    55

..........................................................


THE CENTRAL PARK NY CLIMATE NORMALS FOR TODAY
                         NORMAL    RECORD    YEAR
 MAXIMUM TEMPERATURE (F)   64        86      2007
 MINIMUM TEMPERATURE (F)   47        32      1930


SUNRISE AND SUNSET
APRIL 23 2016.........SUNRISE   605 AM EDT   SUNSET   744 PM EDT
APRIL 24 2016.........SUNRISE   603 AM EDT   SUNSET   745 PM EDT


-  INDICATES NEGATIVE NUMBERS.
R  INDICATES RECORD WAS SET OR TIED.
MM INDICATES DATA IS MISSING.
T  INDICATES TRACE AMOUNT.




$$
