000
CDUS41 KOKX 150615
CLINYC


CLIMATE REPORT
NATIONAL WEATHER SERVICE NEW YORK NY
115 AM EST MON JAN 15 2018


...................................

...THE CENTRAL PARK NY CLIMATE SUMMARY FOR JANUARY 14 2018...

CLIMATE NORMAL PERIOD 1981 TO 2010
CLIMATE RECORD PERIOD 1869 TO 2018


WEATHER ITEM   OBSERVED TIME   RECORD YEAR NORMAL DEPARTURE LAST
                VALUE   (LST)  VALUE       VALUE  FROM      YEAR
                                                  NORMAL
..................................................................
TEMPERATURE (F)
 YESTERDAY
  MAXIMUM         25    124 PM  70    1932  38    -13       34
  MINIMUM         15    854 AM  -5    1914  27    -12       28
  AVERAGE         20                        32    -12       31

PRECIPITATION (IN)
  YESTERDAY        0.00          2.06 1940   0.12  -0.12     0.12
  MONTH TO DATE    1.36                      1.70  -0.34     1.85
  SINCE DEC 1      3.57                      5.70  -2.13     4.74
  SINCE JAN 1      1.36                      1.70  -0.34     1.85

SNOWFALL (IN)
  YESTERDAY        0.0           9.5  1910   0.2   -0.2      0.6
  MONTH TO DATE    9.8                       3.0    6.8      6.9
  SINCE OCT 1     17.5                       8.1    9.4     10.1
  SINCE JUL 1     17.5                       8.1    9.4     10.1
  SNOW DEPTH       0

DEGREE DAYS
 HEATING
  YESTERDAY       45                        33     12       34
  MONTH TO DATE  537                       453     84      404
  SINCE DEC 1   1457                      1305    152     1223
  SINCE JUL 1   2119                      2138    -19     1910

 COOLING
  YESTERDAY        0                         0      0        0
  MONTH TO DATE    0                         0      0        0
  SINCE DEC 1      0                         0      0        0
  SINCE JAN 1      0                         0      0        0
..................................................................


WIND (MPH)
  HIGHEST WIND SPEED    15   HIGHEST WIND DIRECTION     N (20)
  HIGHEST GUST SPEED    23   HIGHEST GUST DIRECTION    NW (330)
  AVERAGE WIND SPEED     8.0


SKY COVER
  AVERAGE SKY COVER 0.0


WEATHER CONDITIONS
 THE FOLLOWING WEATHER WAS RECORDED YESTERDAY.
  NO SIGNIFICANT WEATHER WAS OBSERVED.


RELATIVE HUMIDITY (PERCENT)
 HIGHEST    59           400 AM
 LOWEST     29           300 PM
 AVERAGE    44

..........................................................


THE CENTRAL PARK NY CLIMATE NORMALS FOR TODAY
                         NORMAL    RECORD    YEAR
 MAXIMUM TEMPERATURE (F)   38        67      1932
 MINIMUM TEMPERATURE (F)   27         0      1957


SUNRISE AND SUNSET
JANUARY 15 2018.......SUNRISE   718 AM EST   SUNSET   453 PM EST
JANUARY 16 2018.......SUNRISE   717 AM EST   SUNSET   454 PM EST


-  INDICATES NEGATIVE NUMBERS.
R  INDICATES RECORD WAS SET OR TIED.
MM INDICATES DATA IS MISSING.
T  INDICATES TRACE AMOUNT.




$$
