000
CDUS41 KOKX 300631
CLINYC


CLIMATE REPORT
NATIONAL WEATHER SERVICE NEW YORK NY
131 AM EST WED NOV 30 2016


...................................

...THE CENTRAL PARK NY CLIMATE SUMMARY FOR NOVEMBER 29 2016...

CLIMATE NORMAL PERIOD 1981 TO 2010
CLIMATE RECORD PERIOD 1869 TO 2016


WEATHER ITEM   OBSERVED TIME   RECORD YEAR NORMAL DEPARTURE LAST
                VALUE   (LST)  VALUE       VALUE  FROM      YEAR
                                                  NORMAL
..................................................................
TEMPERATURE (F)
 YESTERDAY
  MAXIMUM         60   1017 PM  69    1990  49     11       49
  MINIMUM         51    315 AM  15    1872  38     13       38
  AVERAGE         56                        43     13       44

PRECIPITATION (IN)
  YESTERDAY        2.20R         2.01 1963   0.14   2.06      T
  MONTH TO DATE    4.68                      3.87   0.81     2.01
  SINCE SEP 1     11.62                     12.55  -0.93     9.20
  SINCE JAN 1     38.55                     45.79  -7.24    36.25

SNOWFALL (IN)
  YESTERDAY        0.0           9.0  1882   0.1   -0.1      0.0
  MONTH TO DATE    T                         0.3   -0.3      0.0
  SINCE OCT 1      T                         0.3   -0.3      0.0
  SINCE JUL 1      T                         0.3   -0.3      0.0
  SNOW DEPTH       0

DEGREE DAYS
 HEATING
  YESTERDAY        9                        22    -13       21
  MONTH TO DATE  442                       497    -55      339
  SINCE SEP 1    676                       808   -132      563
  SINCE JUL 1    676                       810   -134      563

 COOLING
  YESTERDAY        0                         0      0        0
  MONTH TO DATE    0                         0      0        5
  SINCE SEP 1    257                       150    107      313
  SINCE JAN 1   1489                      1104    385     1578
..................................................................


WIND (MPH)
  HIGHEST WIND SPEED    13   HIGHEST WIND DIRECTION     S (180)
  HIGHEST GUST SPEED    26   HIGHEST GUST DIRECTION     S (160)
  AVERAGE WIND SPEED     4.9


SKY COVER
  AVERAGE SKY COVER 0.9


WEATHER CONDITIONS
 THE FOLLOWING WEATHER WAS RECORDED YESTERDAY.
  HEAVY RAIN
  RAIN
  LIGHT RAIN
  FOG


RELATIVE HUMIDITY (PERCENT)
 HIGHEST    93          1100 AM
 LOWEST     63          1200 AM
 AVERAGE    78

..........................................................


THE CENTRAL PARK NY CLIMATE NORMALS FOR TODAY
                         NORMAL    RECORD    YEAR
 MAXIMUM TEMPERATURE (F)   49        70      1991
 MINIMUM TEMPERATURE (F)   37         7      1875


SUNRISE AND SUNSET
NOVEMBER 30 2016......SUNRISE   700 AM EST   SUNSET   429 PM EST
DECEMBER  1 2016......SUNRISE   701 AM EST   SUNSET   429 PM EST


-  INDICATES NEGATIVE NUMBERS.
R  INDICATES RECORD WAS SET OR TIED.
MM INDICATES DATA IS MISSING.
T  INDICATES TRACE AMOUNT.




$$
