000
CDUS41 KOKX 092138
CLINYC


CLIMATE REPORT
NATIONAL WEATHER SERVICE NEW YORK NY
438 PM EST MON JAN 9 2017


...................................

...THE CENTRAL PARK NY CLIMATE SUMMARY FOR JANUARY 9 2017...
VALID TODAY AS OF 0400 PM LOCAL TIME.

CLIMATE NORMAL PERIOD 1981 TO 2010
CLIMATE RECORD PERIOD 1869 TO 2017


WEATHER ITEM   OBSERVED TIME   RECORD YEAR NORMAL DEPARTURE LAST
                VALUE   (LST)  VALUE       VALUE  FROM      YEAR
                                                  NORMAL
..................................................................
TEMPERATURE (F)
 TODAY
  MAXIMUM         23    356 PM  64    2008  38    -15       47
                                      1937
  MINIMUM         14    744 AM  -1    1968  27    -13       40
  AVERAGE         19                        32    -13       44

PRECIPITATION (IN)
  TODAY            0.00          1.42 1936   0.13  -0.13      T
  MONTH TO DATE    1.16                      1.09   0.07      T
  SINCE DEC 1      4.05                      5.09  -1.04     4.72
  SINCE JAN 1      1.16                      1.09   0.07      T

SNOWFALL (IN)
  TODAY            0.0           5.0  1886   0.2   -0.2      0.0
  MONTH TO DATE    6.3                       1.9    4.4      0.0
  SINCE OCT 1      9.5                       7.0    2.5       T
  SINCE JUL 1      9.5                       7.0    2.5       T
  SNOW DEPTH       3

DEGREE DAYS
 HEATING
  TODAY           46                        32     14       21
  MONTH TO DATE  295                       288      7      271
  SINCE DEC 1   1114                      1140    -26      705
  SINCE JUL 1   1801                      1973   -172     1293

 COOLING
  TODAY            0                         0      0        0
  MONTH TO DATE    0                         0      0        0
  SINCE DEC 1      0                         0      0        3
  SINCE JAN 1      0                         0      0        0
..................................................................


WIND (MPH)
  HIGHEST WIND SPEED    12   HIGHEST WIND DIRECTION     W (280)
  HIGHEST GUST SPEED    17   HIGHEST GUST DIRECTION    NW (300)
  AVERAGE WIND SPEED     5.1


SKY COVER
  AVERAGE SKY COVER 0.2


WEATHER CONDITIONS
 THE FOLLOWING WEATHER WAS RECORDED TODAY.
  NO SIGNIFICANT WEATHER WAS OBSERVED.


RELATIVE HUMIDITY (PERCENT)
 HIGHEST    59           900 AM
 LOWEST     45           200 PM
 AVERAGE    52

..........................................................


THE CENTRAL PARK NY CLIMATE NORMALS FOR TOMORROW
                         NORMAL    RECORD    YEAR
 MAXIMUM TEMPERATURE (F)   38        60      1876
 MINIMUM TEMPERATURE (F)   27        -6      1875


SUNRISE AND SUNSET
JANUARY  9 2017.......SUNRISE   720 AM EST   SUNSET   447 PM EST
JANUARY 10 2017.......SUNRISE   719 AM EST   SUNSET   448 PM EST


-  INDICATES NEGATIVE NUMBERS.
R  INDICATES RECORD WAS SET OR TIED.
MM INDICATES DATA IS MISSING.
T  INDICATES TRACE AMOUNT.




$$
