000
CDUS41 KOKX 140625
CLINYC


CLIMATE REPORT
NATIONAL WEATHER SERVICE NEW YORK NY
124 AM EST WED FEB 14 2018


...................................

...THE CENTRAL PARK NY CLIMATE SUMMARY FOR FEBRUARY 13 2018...

CLIMATE NORMAL PERIOD 1981 TO 2010
CLIMATE RECORD PERIOD 1869 TO 2018


WEATHER ITEM   OBSERVED TIME   RECORD YEAR NORMAL DEPARTURE LAST
                VALUE   (LST)  VALUE       VALUE  FROM      YEAR
                                                  NORMAL
..................................................................
TEMPERATURE (F)
 YESTERDAY
  MAXIMUM         38    337 PM  64    1951  41     -3       39
  MINIMUM         26    751 AM  -1    1914  29     -3       31
  AVERAGE         32                        35     -3       35

PRECIPITATION (IN)
  YESTERDAY        0.00          2.42 1966   0.10  -0.10     0.02
  MONTH TO DATE    3.83                      1.39   2.44     1.94
  SINCE DEC 1      8.22                      9.04  -0.82     9.66
  SINCE JAN 1      6.01                      5.04   0.97     6.77

SNOWFALL (IN)
  YESTERDAY        0.0          10.7  1899   0.4   -0.4      0.0
  MONTH TO DATE    0.5                       4.3   -3.8      9.4
  SINCE OCT 1     19.4                      16.4    3.0     20.5
  SINCE JUL 1     19.4                      16.4    3.0     20.5
  SNOW DEPTH       0

DEGREE DAYS
 HEATING
  YESTERDAY       33                        30      3       30
  MONTH TO DATE  372                       403    -31      372
  SINCE DEC 1   2318                      2259     59     2020
  SINCE JUL 1   2980                      3092   -112     2707

 COOLING
  YESTERDAY        0                         0      0        0
  MONTH TO DATE    0                         0      0        0
  SINCE DEC 1      0                         0      0        0
  SINCE JAN 1      0                         0      0        0
..................................................................


WIND (MPH)
  HIGHEST WIND SPEED    15   HIGHEST WIND DIRECTION     N (360)
  HIGHEST GUST SPEED    21   HIGHEST GUST DIRECTION     N (10)
  AVERAGE WIND SPEED     5.5


SKY COVER
  AVERAGE SKY COVER 0.2


WEATHER CONDITIONS
 THE FOLLOWING WEATHER WAS RECORDED YESTERDAY.
  NO SIGNIFICANT WEATHER WAS OBSERVED.


RELATIVE HUMIDITY (PERCENT)
 HIGHEST    70          1100 PM
 LOWEST     29           200 PM
 AVERAGE    50

..........................................................


THE CENTRAL PARK NY CLIMATE NORMALS FOR TODAY
                         NORMAL    RECORD    YEAR
 MAXIMUM TEMPERATURE (F)   41        63      1946
 MINIMUM TEMPERATURE (F)   29        -1      2016


SUNRISE AND SUNSET
FEBRUARY 14 2018......SUNRISE   651 AM EST   SUNSET   529 PM EST
FEBRUARY 15 2018......SUNRISE   650 AM EST   SUNSET   531 PM EST


-  INDICATES NEGATIVE NUMBERS.
R  INDICATES RECORD WAS SET OR TIED.
MM INDICATES DATA IS MISSING.
T  INDICATES TRACE AMOUNT.




$$
