000
CDUS41 KOKX 240616
CLINYC


CLIMATE REPORT
NATIONAL WEATHER SERVICE NEW YORK NY
116 AM EST WED DEC 24 2014


...................................

...THE CENTRAL PARK NY CLIMATE SUMMARY FOR DECEMBER 23 2014...

CLIMATE NORMAL PERIOD 1981 TO 2010
CLIMATE RECORD PERIOD 1869 TO 2014


WEATHER ITEM   OBSERVED TIME   RECORD YEAR NORMAL DEPARTURE LAST
                VALUE   (LST)  VALUE       VALUE  FROM      YEAR
                                                  NORMAL
..................................................................
TEMPERATURE (F)
 YESTERDAY
  MAXIMUM         46   1054 PM  66    1990  41      5       64
                                      1891
  MINIMUM         43   1021 AM  -1    1883  30     13       42
  AVERAGE         45                        35     10       53

PRECIPITATION (IN)
  YESTERDAY        0.16          1.61 1913   0.13   0.03     0.51
  MONTH TO DATE    5.05                      3.04   2.01     3.65
  SINCE DEC 1      5.05                      3.04   2.01     3.65
  SINCE JAN 1     52.80                     48.98   3.82    45.12

SNOWFALL (IN)
  YESTERDAY        0.0           6.0  1963   0.2   -0.2      0.0
  MONTH TO DATE    1.0                       3.1   -2.1      8.6
  SINCE OCT 1      1.2                       3.4   -2.2      8.6
  SINCE JUL 1      1.2                       3.4   -2.2      8.6
  SNOW DEPTH       0

DEGREE DAYS
 HEATING
  YESTERDAY       20                        30    -10       12
  MONTH TO DATE  579                       605    -26      575
  SINCE DEC 1    579                       605    -26      575
  SINCE JUL 1   1364                      1438    -74     1383

 COOLING
  YESTERDAY        0                         0      0        0
  MONTH TO DATE    0                         0      0        1
  SINCE DEC 1      0                         0      0        1
  SINCE JAN 1   1128                      1105     23     1272
..................................................................


WIND (MPH)
  HIGHEST WIND SPEED    17   HIGHEST WIND DIRECTION     E (70)
  HIGHEST GUST SPEED    26   HIGHEST GUST DIRECTION     E (80)
  AVERAGE WIND SPEED     8.2


SKY COVER
  AVERAGE SKY COVER 1.0


WEATHER CONDITIONS
 THE FOLLOWING WEATHER WAS RECORDED YESTERDAY.
  RAIN
  LIGHT RAIN
  FOG


RELATIVE HUMIDITY (PERCENT)
 HIGHEST    96           800 AM
 LOWEST     86           400 PM
 AVERAGE    91

..........................................................


THE CENTRAL PARK NY CLIMATE NORMALS FOR TODAY
                         NORMAL    RECORD    YEAR
 MAXIMUM TEMPERATURE (F)   41        63      1996
                                             1990
 MINIMUM TEMPERATURE (F)   30         6      1983


SUNRISE AND SUNSET
DECEMBER 24 2014......SUNRISE   718 AM EST   SUNSET   433 PM EST
DECEMBER 25 2014......SUNRISE   718 AM EST   SUNSET   434 PM EST


-  INDICATES NEGATIVE NUMBERS.
R  INDICATES RECORD WAS SET OR TIED.
MM INDICATES DATA IS MISSING.
T  INDICATES TRACE AMOUNT.




$$
