000
CDUS41 KOKX 230619
CLINYC


CLIMATE REPORT
NATIONAL WEATHER SERVICE NEW YORK NY
219 AM EDT MON MAY 23 2016


...................................

...THE CENTRAL PARK NY CLIMATE SUMMARY FOR MAY 22 2016...

CLIMATE NORMAL PERIOD 1981 TO 2010
CLIMATE RECORD PERIOD 1869 TO 2016


WEATHER ITEM   OBSERVED TIME   RECORD YEAR NORMAL DEPARTURE LAST
                VALUE   (LST)  VALUE       VALUE  FROM      YEAR
                                                  NORMAL
..................................................................
TEMPERATURE (F)
 YESTERDAY
  MAXIMUM         70    343 PM  96    1941  72     -2       74
  MINIMUM         52    531 AM  44    1990  56     -4       55
  AVERAGE         61                        64     -3       65

PRECIPITATION (IN)
  YESTERDAY        0.09          1.25 1881   0.15  -0.06     0.00
  MONTH TO DATE    1.90                      2.85  -0.95     0.32
  SINCE MAR 1      4.68                     11.71  -7.03     7.12
  SINCE JAN 1     13.49                     18.45  -4.96    14.39

SNOWFALL (IN)
  YESTERDAY        0.0           0.0  2002   0.0    0.0      0.0
                                      2001
  MONTH TO DATE    0.0                       0.0    0.0      0.0
  SINCE OCT 1     32.8                      25.8    7.0     50.3
  SINCE JUL 1     32.8                      25.8    7.0     50.3
  SNOW DEPTH       0

DEGREE DAYS
 HEATING
  YESTERDAY        4                         3      1        0
  MONTH TO DATE  161                       115     46       32
  SINCE MAR 1   1014                      1186   -172     1177
  SINCE JUL 1   3761                      4708   -947     4936

 COOLING
  YESTERDAY        0                         2     -2        0
  MONTH TO DATE    3                        30    -27       73
  SINCE MAR 1     22                        42    -20       78
  SINCE JAN 1     22                        42    -20       78
..................................................................


WIND (MPH)
  HIGHEST WIND SPEED    10   HIGHEST WIND DIRECTION    NE (60)
  HIGHEST GUST SPEED    14   HIGHEST GUST DIRECTION    NE (50)
  AVERAGE WIND SPEED     3.6


SKY COVER
  AVERAGE SKY COVER 0.8


WEATHER CONDITIONS
 THE FOLLOWING WEATHER WAS RECORDED YESTERDAY.
  LIGHT RAIN
  FOG


RELATIVE HUMIDITY (PERCENT)
 HIGHEST    89           500 AM
 LOWEST     37           100 PM
 AVERAGE    63

..........................................................


THE CENTRAL PARK NY CLIMATE NORMALS FOR TODAY
                         NORMAL    RECORD    YEAR
 MAXIMUM TEMPERATURE (F)   73        94      1964
 MINIMUM TEMPERATURE (F)   56        43      1963


SUNRISE AND SUNSET
MAY 23 2016...........SUNRISE   532 AM EDT   SUNSET   814 PM EDT
MAY 24 2016...........SUNRISE   531 AM EDT   SUNSET   815 PM EDT


-  INDICATES NEGATIVE NUMBERS.
R  INDICATES RECORD WAS SET OR TIED.
MM INDICATES DATA IS MISSING.
T  INDICATES TRACE AMOUNT.




$$
