000
CDUS41 KOKX 190624
CLINYC


CLIMATE REPORT
NATIONAL WEATHER SERVICE NEW YORK NY
224 AM EDT FRI MAY 19 2017


...................................

...THE CENTRAL PARK NY CLIMATE SUMMARY FOR MAY 18 2017...

CLIMATE NORMAL PERIOD 1981 TO 2010
CLIMATE RECORD PERIOD 1869 TO 2017


WEATHER ITEM   OBSERVED TIME   RECORD YEAR NORMAL DEPARTURE LAST
                VALUE   (LST)  VALUE       VALUE  FROM      YEAR
                                                  NORMAL
..................................................................
TEMPERATURE (F)
 YESTERDAY
  MAXIMUM         92R   123 PM  90    1936  71     21       68
                                      1906
  MINIMUM         75    618 AM  41    1973  55     20       52
  AVERAGE         84                        63     21       60

PRECIPITATION (IN)
  YESTERDAY        0.00          2.18 2011   0.13  -0.13      T
  MONTH TO DATE    4.84                      2.29   2.55     1.77
  SINCE MAR 1     13.93                     11.15   2.78     4.55
  SINCE JAN 1     21.24                     17.89   3.35    13.36

SNOWFALL (IN)
  YESTERDAY        0.0           0.0  2002   0.0    0.0      0.0
                                      2001
  MONTH TO DATE    0.0                       0.0    0.0      0.0
  SINCE OCT 1     30.2                      25.8    4.4     32.8
  SINCE JUL 1     30.2                      25.8    4.4     32.8
  SNOW DEPTH       0

DEGREE DAYS
 HEATING
  YESTERDAY        0                         4     -4        5
  MONTH TO DATE  124                       101     23      151
  SINCE MAR 1   1178                      1172      6     1004
  SINCE JUL 1   4161                      4694   -533     3751

 COOLING
  YESTERDAY       19                         2     17        0
  MONTH TO DATE   39                        22     17        3
  SINCE MAR 1     73                        34     39       22
  SINCE JAN 1     73                        34     39       22
..................................................................


WIND (MPH)
  HIGHEST WIND SPEED    14   HIGHEST WIND DIRECTION     W (250)
  HIGHEST GUST SPEED    23   HIGHEST GUST DIRECTION     S (200)
  AVERAGE WIND SPEED     5.5


SKY COVER
  AVERAGE SKY COVER 0.1


WEATHER CONDITIONS
 THE FOLLOWING WEATHER WAS RECORDED YESTERDAY.
  NO SIGNIFICANT WEATHER WAS OBSERVED.


RELATIVE HUMIDITY (PERCENT)
 HIGHEST    69           300 AM
 LOWEST     32           300 PM
 AVERAGE    51

..........................................................


THE CENTRAL PARK NY CLIMATE NORMALS FOR TODAY
                         NORMAL    RECORD    YEAR
 MAXIMUM TEMPERATURE (F)   72        99      1962
 MINIMUM TEMPERATURE (F)   55        38      1976


SUNRISE AND SUNSET
MAY 19 2017...........SUNRISE   535 AM EDT   SUNSET   810 PM EDT
MAY 20 2017...........SUNRISE   534 AM EDT   SUNSET   811 PM EDT


-  INDICATES NEGATIVE NUMBERS.
R  INDICATES RECORD WAS SET OR TIED.
MM INDICATES DATA IS MISSING.
T  INDICATES TRACE AMOUNT.




$$
