000
CDUS41 KOKX 230627
CLINYC


CLIMATE REPORT
NATIONAL WEATHER SERVICE NEW YORK NY
127 AM EST FRI JAN 23 2015


...................................

...THE CENTRAL PARK NY CLIMATE SUMMARY FOR JANUARY 22 2015...

CLIMATE NORMAL PERIOD 1981 TO 2010
CLIMATE RECORD PERIOD 1869 TO 2015


WEATHER ITEM   OBSERVED TIME   RECORD YEAR NORMAL DEPARTURE LAST
                VALUE   (LST)  VALUE       VALUE  FROM      YEAR
                                                  NORMAL
..................................................................
TEMPERATURE (F)
 YESTERDAY
  MAXIMUM         40    325 PM  61    1959  38      2       17
                                      1916
  MINIMUM         31   1159 PM   0    1888  27      4        5
  AVERAGE         36                        32      4       11

PRECIPITATION (IN)
  YESTERDAY        0.00          1.70 1949   0.12  -0.12     0.02
  MONTH TO DATE    3.59                      2.65   0.94     2.71
  SINCE DEC 1      9.63                      6.65   2.98     7.56
  SINCE JAN 1      3.59                      2.65   0.94     2.71

SNOWFALL (IN)
  YESTERDAY        0.0           8.5  2005   0.2   -0.2      0.5
  MONTH TO DATE    2.0                       4.8   -2.8     17.9
  SINCE OCT 1      3.2                       9.9   -6.7     26.5
  SINCE JUL 1      3.2                       9.9   -6.7     26.5
  SNOW DEPTH       0

DEGREE DAYS
 HEATING
  YESTERDAY       29                        33     -4       54
  MONTH TO DATE  756                       717     39      738
  SINCE DEC 1   1507                      1569    -62     1553
  SINCE JUL 1   2292                      2402   -110     2361

 COOLING
  YESTERDAY        0                         0      0        0
  MONTH TO DATE    0                         0      0        0
  SINCE DEC 1      0                         0      0        1
  SINCE JAN 1      0                         0      0        0
..................................................................


WIND (MPH)
  HIGHEST WIND SPEED    14   HIGHEST WIND DIRECTION    NW (310)
  HIGHEST GUST SPEED    21   HIGHEST GUST DIRECTION    NW (310)
  AVERAGE WIND SPEED     5.5


SKY COVER
  AVERAGE SKY COVER 0.6


WEATHER CONDITIONS
 THE FOLLOWING WEATHER WAS RECORDED YESTERDAY.
  HAZE


RELATIVE HUMIDITY (PERCENT)
 HIGHEST    69           800 AM
 LOWEST     43          1200 AM
 AVERAGE    56

..........................................................


THE CENTRAL PARK NY CLIMATE NORMALS FOR TODAY
                         NORMAL    RECORD    YEAR
 MAXIMUM TEMPERATURE (F)   38        62      1906
                                             1887
                                             1874
 MINIMUM TEMPERATURE (F)   27        -3      1936


SUNRISE AND SUNSET
JANUARY 23 2015.......SUNRISE   714 AM EST   SUNSET   502 PM EST
JANUARY 24 2015.......SUNRISE   713 AM EST   SUNSET   503 PM EST


-  INDICATES NEGATIVE NUMBERS.
R  INDICATES RECORD WAS SET OR TIED.
MM INDICATES DATA IS MISSING.
T  INDICATES TRACE AMOUNT.




$$
