000
CDUS41 KOKX 120618
CLINYC


CLIMATE REPORT
NATIONAL WEATHER SERVICE NEW YORK NY
217 AM EDT SAT APR 12 2014


...................................

...THE CENTRAL PARK NY CLIMATE SUMMARY FOR APRIL 11 2014...

CLIMATE NORMAL PERIOD 1981 TO 2010
CLIMATE RECORD PERIOD 1869 TO 2014


WEATHER ITEM   OBSERVED TIME   RECORD YEAR NORMAL DEPARTURE LAST
                VALUE   (LST)  VALUE       VALUE  FROM      YEAR
                                                  NORMAL
..................................................................
TEMPERATURE (F)
 YESTERDAY
  MAXIMUM         75    206 PM  84    1955  60     15       60
  MINIMUM         56    437 AM  24    1909  43     13       47
  AVERAGE         66                        52     14       54

PRECIPITATION (IN)
  YESTERDAY        0.00          1.10 1913   0.16  -0.16      T
  MONTH TO DATE    1.14                      1.75  -0.61     0.49
  SINCE MAR 1      4.81                      6.11  -1.30     3.39
  SINCE JAN 1     13.08                     12.85   0.23    10.40

SNOWFALL (IN)
  YESTERDAY        0.0           0.4  1918   0.0    0.0      0.0
  MONTH TO DATE    0.0                       0.4   -0.4      0.0
  SINCE OCT 1     57.4                      25.6   31.8     26.1
  SINCE JUL 1     57.4                      25.6   31.8     26.1
  SNOW DEPTH       0

DEGREE DAYS
 HEATING
  YESTERDAY        0                        14    -14       11
  MONTH TO DATE  149                       171    -22      153
  SINCE MAR 1    991                       871    120      916
  SINCE JUL 1   4661                      4393    268     4289

 COOLING
  YESTERDAY        1                         0      1        0
  MONTH TO DATE    1                         0      1        2
  SINCE MAR 1      1                         1      0        2
  SINCE JAN 1      1                         1      0        2
..................................................................


WIND (MPH)
  HIGHEST WIND SPEED    13   HIGHEST WIND DIRECTION     W (270)
  HIGHEST GUST SPEED    22   HIGHEST GUST DIRECTION     W (260)
  AVERAGE WIND SPEED     5.9


SKY COVER
  AVERAGE SKY COVER 0.2


WEATHER CONDITIONS
 THE FOLLOWING WEATHER WAS RECORDED YESTERDAY.
  NO SIGNIFICANT WEATHER WAS OBSERVED.


RELATIVE HUMIDITY (PERCENT)
 HIGHEST    67          1100 PM
 LOWEST     31           400 PM
 AVERAGE    49

..........................................................


THE CENTRAL PARK NY CLIMATE NORMALS FOR TODAY
                         NORMAL    RECORD    YEAR
 MAXIMUM TEMPERATURE (F)   60        90      1977
 MINIMUM TEMPERATURE (F)   44        22      1874


SUNRISE AND SUNSET
APRIL 12 2014.........SUNRISE   622 AM EDT   SUNSET   732 PM EDT
APRIL 13 2014.........SUNRISE   620 AM EDT   SUNSET   733 PM EDT


-  INDICATES NEGATIVE NUMBERS.
R  INDICATES RECORD WAS SET OR TIED.
MM INDICATES DATA IS MISSING.
T  INDICATES TRACE AMOUNT.




$$
