000
CDUS41 KOKX 140629
CLINYC


CLIMATE REPORT
NATIONAL WEATHER SERVICE NEW YORK NY
229 AM EDT SAT OCT 14 2017


...................................

...THE CENTRAL PARK NY CLIMATE SUMMARY FOR OCTOBER 13 2017...

CLIMATE NORMAL PERIOD 1981 TO 2010
CLIMATE RECORD PERIOD 1869 TO 2017


WEATHER ITEM   OBSERVED TIME   RECORD YEAR NORMAL DEPARTURE LAST
                VALUE   (LST)  VALUE       VALUE  FROM      YEAR
                                                  NORMAL
..................................................................
TEMPERATURE (F)
 YESTERDAY
  MAXIMUM         67    145 PM  87    1954  65      2       67
  MINIMUM         52    646 AM  33    1875  51      1       53
  AVERAGE         60                        58      2       60

PRECIPITATION (IN)
  YESTERDAY        0.00          2.75 2005   0.14  -0.14      T
  MONTH TO DATE    0.61                      1.88  -1.27     0.78
  SINCE SEP 1      2.61                      6.16  -3.55     3.57
  SINCE JAN 1     37.68                     39.40  -1.72    30.50

SNOWFALL (IN)
  YESTERDAY        0.0           T    1937   0.0    0.0      0.0
  MONTH TO DATE    0.0                       0.0    0.0      0.0
  SINCE OCT 1      0.0                       0.0    0.0      0.0
  SINCE JUL 1      0.0                       0.0    0.0      0.0
  SNOW DEPTH       0

DEGREE DAYS
 HEATING
  YESTERDAY        5                         8     -3        5
  MONTH TO DATE   19                        81    -62       55
  SINCE SEP 1     36                       124    -88       72
  SINCE JUL 1     36                       126    -90       72

 COOLING
  YESTERDAY        0                         1     -1        0
  MONTH TO DATE   61                        13     48        2
  SINCE SEP 1    251                       146    105      230
  SINCE JAN 1   1245                      1100    145     1462
..................................................................


WIND (MPH)
  HIGHEST WIND SPEED    12   HIGHEST WIND DIRECTION    NE (60)
  HIGHEST GUST SPEED    16   HIGHEST GUST DIRECTION    SE (120)
  AVERAGE WIND SPEED     6.1


SKY COVER
  AVERAGE SKY COVER 0.8


WEATHER CONDITIONS
 THE FOLLOWING WEATHER WAS RECORDED YESTERDAY.
  FOG
  HAZE


RELATIVE HUMIDITY (PERCENT)
 HIGHEST    84          1000 PM
 LOWEST     63          1200 PM
 AVERAGE    74

..........................................................


THE CENTRAL PARK NY CLIMATE NORMALS FOR TODAY
                         NORMAL    RECORD    YEAR
 MAXIMUM TEMPERATURE (F)   64        84      1920
 MINIMUM TEMPERATURE (F)   50        37      1988


SUNRISE AND SUNSET
OCTOBER 14 2017.......SUNRISE   706 AM EDT   SUNSET   617 PM EDT
OCTOBER 15 2017.......SUNRISE   707 AM EDT   SUNSET   615 PM EDT


-  INDICATES NEGATIVE NUMBERS.
R  INDICATES RECORD WAS SET OR TIED.
MM INDICATES DATA IS MISSING.
T  INDICATES TRACE AMOUNT.




$$
