000
CDUS41 KOKX 180616
CLINYC


CLIMATE REPORT
NATIONAL WEATHER SERVICE NEW YORK NY
216 AM EDT SAT OCT 18 2014


...................................

...THE CENTRAL PARK NY CLIMATE SUMMARY FOR OCTOBER 17 2014...

CLIMATE NORMAL PERIOD 1981 TO 2010
CLIMATE RECORD PERIOD 1869 TO 2014


WEATHER ITEM   OBSERVED TIME   RECORD YEAR NORMAL DEPARTURE LAST
                VALUE   (LST)  VALUE       VALUE  FROM      YEAR
                                                  NORMAL
..................................................................
TEMPERATURE (F)
 YESTERDAY
  MAXIMUM         71    336 PM  90    1938  63      8       73
  MINIMUM         59    708 AM  33    1886  50      9       61
  AVERAGE         65                        56      9       67

PRECIPITATION (IN)
  YESTERDAY        0.00          2.28 1936   0.14  -0.14     0.02
  MONTH TO DATE    3.48                      2.45   1.03     0.29
  SINCE SEP 1      4.69                      6.73  -2.04     3.24
  SINCE JAN 1     40.95                     39.97   0.98    38.25

SNOWFALL (IN)
  YESTERDAY        0.0           T    1929   0.0    0.0      0.0
  MONTH TO DATE    0.0                       0.0    0.0      0.0
  SINCE OCT 1      0.0                       0.0    0.0      0.0
  SINCE JUL 1      0.0                       0.0    0.0      0.0
  SNOW DEPTH       0

DEGREE DAYS
 HEATING
  YESTERDAY        0                         9     -9        0
  MONTH TO DATE   58                       115    -57       32
  SINCE SEP 1     80                       158    -78       68
  SINCE JUL 1     80                       160    -80       68

 COOLING
  YESTERDAY        0                         0      0        2
  MONTH TO DATE   20                        13      7       46
  SINCE SEP 1    190                       146     44      178
  SINCE JAN 1   1128                      1100     28     1271
..................................................................


WIND (MPH)
  HIGHEST WIND SPEED    14   HIGHEST WIND DIRECTION     W (250)
  HIGHEST GUST SPEED    23   HIGHEST GUST DIRECTION     W (260)
  AVERAGE WIND SPEED     4.5


SKY COVER
  AVERAGE SKY COVER 0.3


WEATHER CONDITIONS
 THE FOLLOWING WEATHER WAS RECORDED YESTERDAY.
  NO SIGNIFICANT WEATHER WAS OBSERVED.


RELATIVE HUMIDITY (PERCENT)
 HIGHEST    78           200 AM
 LOWEST     44           300 PM
 AVERAGE    61

..........................................................


THE CENTRAL PARK NY CLIMATE NORMALS FOR TODAY
                         NORMAL    RECORD    YEAR
 MAXIMUM TEMPERATURE (F)   63        82      1928
 MINIMUM TEMPERATURE (F)   49        35      1974
                                             1939
                                             1929


SUNRISE AND SUNSET
OCTOBER 18 2014.......SUNRISE   710 AM EDT   SUNSET   611 PM EDT
OCTOBER 19 2014.......SUNRISE   711 AM EDT   SUNSET   610 PM EDT


-  INDICATES NEGATIVE NUMBERS.
R  INDICATES RECORD WAS SET OR TIED.
MM INDICATES DATA IS MISSING.
T  INDICATES TRACE AMOUNT.




$$
