000
CDUS41 KOKX 200619
CLINYC


CLIMATE REPORT
NATIONAL WEATHER SERVICE NEW YORK NY
219 AM EDT SAT MAY 20 2017


...................................

...THE CENTRAL PARK NY CLIMATE SUMMARY FOR MAY 19 2017...

CLIMATE NORMAL PERIOD 1981 TO 2010
CLIMATE RECORD PERIOD 1869 TO 2017


WEATHER ITEM   OBSERVED TIME   RECORD YEAR NORMAL DEPARTURE LAST
                VALUE   (LST)  VALUE       VALUE  FROM      YEAR
                                                  NORMAL
..................................................................
TEMPERATURE (F)
 YESTERDAY
  MAXIMUM         91   1221 PM  99    1962  72     19       73
  MINIMUM         66   1159 PM  38    1976  55     11       54
  AVERAGE         79                        63     16       64

PRECIPITATION (IN)
  YESTERDAY        0.00          2.02 1900   0.13  -0.13     0.00
  MONTH TO DATE    4.84                      2.42   2.42     1.77
  SINCE MAR 1     13.93                     11.28   2.65     4.55
  SINCE JAN 1     21.24                     18.02   3.22    13.36

SNOWFALL (IN)
  YESTERDAY        0.0           0.0  2002   0.0    0.0      0.0
                                      2001
  MONTH TO DATE    0.0                       0.0    0.0      0.0
  SINCE OCT 1     30.2                      25.8    4.4     32.8
  SINCE JUL 1     30.2                      25.8    4.4     32.8
  SNOW DEPTH       0

DEGREE DAYS
 HEATING
  YESTERDAY        0                         4     -4        1
  MONTH TO DATE  124                       105     19      152
  SINCE MAR 1   1178                      1176      2     1005
  SINCE JUL 1   4161                      4698   -537     3752

 COOLING
  YESTERDAY       14                         2     12        0
  MONTH TO DATE   53                        24     29        3
  SINCE MAR 1     87                        36     51       22
  SINCE JAN 1     87                        36     51       22
..................................................................


WIND (MPH)
  HIGHEST WIND SPEED    16   HIGHEST WIND DIRECTION    NE (40)
  HIGHEST GUST SPEED    25   HIGHEST GUST DIRECTION    NE (40)
  AVERAGE WIND SPEED     6.2


SKY COVER
  AVERAGE SKY COVER 0.1


WEATHER CONDITIONS
 THE FOLLOWING WEATHER WAS RECORDED YESTERDAY.
  NO SIGNIFICANT WEATHER WAS OBSERVED.


RELATIVE HUMIDITY (PERCENT)
 HIGHEST    74           400 AM
 LOWEST     36           600 PM
 AVERAGE    55

..........................................................


THE CENTRAL PARK NY CLIMATE NORMALS FOR TODAY
                         NORMAL    RECORD    YEAR
 MAXIMUM TEMPERATURE (F)   72        96      1996
 MINIMUM TEMPERATURE (F)   55        43      2002
                                             1907


SUNRISE AND SUNSET
MAY 20 2017...........SUNRISE   534 AM EDT   SUNSET   811 PM EDT
MAY 21 2017...........SUNRISE   533 AM EDT   SUNSET   812 PM EDT


-  INDICATES NEGATIVE NUMBERS.
R  INDICATES RECORD WAS SET OR TIED.
MM INDICATES DATA IS MISSING.
T  INDICATES TRACE AMOUNT.




$$
