642
CDUS41 KOKX 240615
CLINYC


CLIMATE REPORT
NATIONAL WEATHER SERVICE NEW YORK NY
115 AM EST FRI FEB 24 2017


...................................

...THE CENTRAL PARK NY CLIMATE SUMMARY FOR FEBRUARY 23 2017...

CLIMATE NORMAL PERIOD 1981 TO 2010
CLIMATE RECORD PERIOD 1869 TO 2017


WEATHER ITEM   OBSERVED TIME   RECORD YEAR NORMAL DEPARTURE LAST
                VALUE   (LST)  VALUE       VALUE  FROM      YEAR
                                                  NORMAL
..................................................................
TEMPERATURE (F)
 YESTERDAY
  MAXIMUM         65    358 PM  70    1985  43     22       40
  MINIMUM         44    709 AM   5    1889  30     14       35
                                      1873
  AVERAGE         55                        37     18       38

PRECIPITATION (IN)
  YESTERDAY        0.00          1.38 1928   0.12  -0.12     0.30
  MONTH TO DATE    1.94                      2.50  -0.56     3.11
  SINCE DEC 1      9.66                     10.15  -0.49    12.24
  SINCE JAN 1      6.77                      6.15   0.62     7.52

SNOWFALL (IN)
  YESTERDAY        0.0           4.8  1972   0.4   -0.4       T
  MONTH TO DATE    9.4                       7.8    1.6      4.0
  SINCE OCT 1     20.5                      19.9    0.6     31.9
  SINCE JUL 1     20.5                      19.9    0.6     31.9
  SNOW DEPTH       0

DEGREE DAYS
 HEATING
  YESTERDAY       10                        28    -18       27
  MONTH TO DATE  579                       694   -115      662
  SINCE DEC 1   2227                      2550   -323     2036
  SINCE JUL 1   2914                      3383   -469     2624

 COOLING
  YESTERDAY        0                         0      0        0
  MONTH TO DATE    0                         0      0        0
  SINCE DEC 1      0                         0      0        3
  SINCE JAN 1      0                         0      0        0
..................................................................


WIND (MPH)
  HIGHEST WIND SPEED    13   HIGHEST WIND DIRECTION    SW (240)
  HIGHEST GUST SPEED    20   HIGHEST GUST DIRECTION    SW (240)
  AVERAGE WIND SPEED     3.6


SKY COVER
  AVERAGE SKY COVER 0.2


WEATHER CONDITIONS
 THE FOLLOWING WEATHER WAS RECORDED YESTERDAY.
  FOG
  HAZE


RELATIVE HUMIDITY (PERCENT)
 HIGHEST    86           900 AM
 LOWEST     63           300 PM
 AVERAGE    75

..........................................................


THE CENTRAL PARK NY CLIMATE NORMALS FOR TODAY
                         NORMAL    RECORD    YEAR
 MAXIMUM TEMPERATURE (F)   44        75      1985
 MINIMUM TEMPERATURE (F)   30        -4      1873


SUNRISE AND SUNSET
FEBRUARY 24 2017......SUNRISE   637 AM EST   SUNSET   542 PM EST
FEBRUARY 25 2017......SUNRISE   636 AM EST   SUNSET   543 PM EST


-  INDICATES NEGATIVE NUMBERS.
R  INDICATES RECORD WAS SET OR TIED.
MM INDICATES DATA IS MISSING.
T  INDICATES TRACE AMOUNT.




$$
