000
CDUS41 KOKX 180617
CLINYC


CLIMATE REPORT
NATIONAL WEATHER SERVICE NEW YORK NY
217 AM EDT THU SEP 18 2014


...................................

...THE CENTRAL PARK NY CLIMATE SUMMARY FOR SEPTEMBER 17 2014...

CLIMATE NORMAL PERIOD 1981 TO 2010
CLIMATE RECORD PERIOD 1869 TO 2014


WEATHER ITEM   OBSERVED TIME   RECORD YEAR NORMAL DEPARTURE LAST
                VALUE   (LST)  VALUE       VALUE  FROM      YEAR
                                                  NORMAL
..................................................................
TEMPERATURE (F)
 YESTERDAY
  MAXIMUM         73    134 PM  93    1991  75     -2       65
  MINIMUM         55    629 AM  45    1986  61     -6       50
  AVERAGE         64                        68     -4       58

PRECIPITATION (IN)
  YESTERDAY        0.00          3.37 1876   0.15  -0.15     0.00
  MONTH TO DATE    0.74                      2.32  -1.58     1.78
  SINCE SEP 1      0.74                      2.32  -1.58     1.78
  SINCE JAN 1     37.00                     35.56   1.44    36.79

SNOWFALL (IN)
  YESTERDAY        0.0           0.0  2002   0.0    0.0      0.0
                                      2001
  MONTH TO DATE    0.0                       0.0    0.0      0.0
  SINCE OCT 1     57.4                      25.8   31.6     26.1
  SINCE JUL 1      0.0                       0.0    0.0      0.0
  SNOW DEPTH       0

DEGREE DAYS
 HEATING
  YESTERDAY        1                         1      0        7
  MONTH TO DATE    8                         8      0       14
  SINCE SEP 1      8                         8      0       14
  SINCE JUL 1      8                        10     -2       14

 COOLING
  YESTERDAY        0                         4     -4        0
  MONTH TO DATE  132                       100     32      120
  SINCE SEP 1    132                       100     32      120
  SINCE JAN 1   1070                      1054     16     1213
..................................................................


WIND (MPH)
  HIGHEST WIND SPEED     9   HIGHEST WIND DIRECTION     W (290)
  HIGHEST GUST SPEED    12   HIGHEST GUST DIRECTION     W (290)
  AVERAGE WIND SPEED     2.7


SKY COVER
  AVERAGE SKY COVER 0.0


WEATHER CONDITIONS
 THE FOLLOWING WEATHER WAS RECORDED YESTERDAY.
  NO SIGNIFICANT WEATHER WAS OBSERVED.


RELATIVE HUMIDITY (PERCENT)
 HIGHEST    77           600 AM
 LOWEST     33          1100 AM
 AVERAGE    55

..........................................................


THE CENTRAL PARK NY CLIMATE NORMALS FOR TODAY
                         NORMAL    RECORD    YEAR
 MAXIMUM TEMPERATURE (F)   75        91      1891
 MINIMUM TEMPERATURE (F)   60        44      1990
                                             1875


SUNRISE AND SUNSET
SEPTEMBER 18 2014.....SUNRISE   639 AM EDT   SUNSET   700 PM EDT
SEPTEMBER 19 2014.....SUNRISE   640 AM EDT   SUNSET   658 PM EDT


-  INDICATES NEGATIVE NUMBERS.
R  INDICATES RECORD WAS SET OR TIED.
MM INDICATES DATA IS MISSING.
T  INDICATES TRACE AMOUNT.




$$
