000
CDUS41 KOKX 200623
CLINYC


CLIMATE REPORT
NATIONAL WEATHER SERVICE NEW YORK NY
223 AM EDT WED MAY 20 2015


...................................

...THE CENTRAL PARK NY CLIMATE SUMMARY FOR MAY 19 2015...

CLIMATE NORMAL PERIOD 1981 TO 2010
CLIMATE RECORD PERIOD 1869 TO 2015


WEATHER ITEM   OBSERVED TIME   RECORD YEAR NORMAL DEPARTURE LAST
                VALUE   (LST)  VALUE       VALUE  FROM      YEAR
                                                  NORMAL
..................................................................
TEMPERATURE (F)
 YESTERDAY
  MAXIMUM         80    436 PM  99    1962  72      8       72
  MINIMUM         59    725 AM  38    1976  55      4       49
  AVERAGE         70                        63      7       61

PRECIPITATION (IN)
  YESTERDAY        T             2.02 1900   0.13  -0.13     0.00
  MONTH TO DATE    0.32                      2.42  -2.10     2.77
  SINCE MAR 1      7.12                     11.28  -4.16    14.29
  SINCE JAN 1     14.39                     18.02  -3.63    22.56

SNOWFALL (IN)
  YESTERDAY        0.0           0.0  2002   0.0    0.0      0.0
                                      2001
  MONTH TO DATE    0.0                       0.0    0.0      0.0
  SINCE OCT 1     50.3                      25.8   24.5     57.4
  SINCE JUL 1     50.3                      25.8   24.5     57.4
  SNOW DEPTH       0

DEGREE DAYS
 HEATING
  YESTERDAY        0                         4     -4        4
  MONTH TO DATE   20                       105    -85       57
  SINCE MAR 1   1165                      1176    -11     1276
  SINCE JUL 1   4924                      4698    226     4946

 COOLING
  YESTERDAY        5                         2      3        0
  MONTH TO DATE   73                        24     49       21
  SINCE MAR 1     78                        36     42       25
  SINCE JAN 1     78                        36     42       25
..................................................................


WIND (MPH)
  HIGHEST WIND SPEED    14   HIGHEST WIND DIRECTION     N (350)
  HIGHEST GUST SPEED    26   HIGHEST GUST DIRECTION    NW (300)
  AVERAGE WIND SPEED     2.4


SKY COVER
  AVERAGE SKY COVER 0.6


WEATHER CONDITIONS
 THE FOLLOWING WEATHER WAS RECORDED YESTERDAY.
  LIGHT RAIN
  FOG
  HAZE


RELATIVE HUMIDITY (PERCENT)
 HIGHEST    87           200 AM
 LOWEST     57          1100 PM
 AVERAGE    72

..........................................................


THE CENTRAL PARK NY CLIMATE NORMALS FOR TODAY
                         NORMAL    RECORD    YEAR
 MAXIMUM TEMPERATURE (F)   72        96      1996
 MINIMUM TEMPERATURE (F)   55        43      2002
                                             1907


SUNRISE AND SUNSET
MAY 20 2015...........SUNRISE   534 AM EDT   SUNSET   811 PM EDT
MAY 21 2015...........SUNRISE   534 AM EDT   SUNSET   812 PM EDT


-  INDICATES NEGATIVE NUMBERS.
R  INDICATES RECORD WAS SET OR TIED.
MM INDICATES DATA IS MISSING.
T  INDICATES TRACE AMOUNT.




$$
