000
CDUS41 KOKX 170617
CLINYC


CLIMATE REPORT
NATIONAL WEATHER SERVICE NEW YORK NY
216 AM EDT MON APR 17 2017


...................................

...THE CENTRAL PARK NY CLIMATE SUMMARY FOR APRIL 16 2017...

CLIMATE NORMAL PERIOD 1981 TO 2010
CLIMATE RECORD PERIOD 1869 TO 2017


WEATHER ITEM   OBSERVED TIME   RECORD YEAR NORMAL DEPARTURE LAST
                VALUE   (LST)  VALUE       VALUE  FROM      YEAR
                                                  NORMAL
..................................................................
TEMPERATURE (F)
 YESTERDAY
  MAXIMUM         87    210 PM  92    2002  62     25       68
  MINIMUM         59    247 AM  29    1928  45     14       43
  AVERAGE         73                        53     20       56

PRECIPITATION (IN)
  YESTERDAY        T             3.29 1983   0.14  -0.14     0.00
  MONTH TO DATE    1.96                      2.52  -0.56     1.16
  SINCE MAR 1      7.21                      6.88   0.33     2.33
  SINCE JAN 1     14.52                     13.62   0.90    11.14

SNOWFALL (IN)
  YESTERDAY        0.0           T    2014   0.0    0.0      0.0
                                      2000
                                      2000
  MONTH TO DATE    0.0                       0.5   -0.5       T
  SINCE OCT 1     30.2                      25.7    4.5     32.8
  SINCE JUL 1     30.2                      25.7    4.5     32.8
  SNOW DEPTH       0

DEGREE DAYS
 HEATING
  YESTERDAY        0                        12    -12        9
  MONTH TO DATE  157                       234    -77      270
  SINCE MAR 1    950                       934     16      768
  SINCE JUL 1   3933                      4456   -523     3515

 COOLING
  YESTERDAY        8                         0      8        0
  MONTH TO DATE   16                         0     16        5
  SINCE MAR 1     16                         1     15       11
  SINCE JAN 1     16                         1     15       11
..................................................................


WIND (MPH)
  HIGHEST WIND SPEED    21   HIGHEST WIND DIRECTION    NW (310)
  HIGHEST GUST SPEED    37   HIGHEST GUST DIRECTION    NW (310)
  AVERAGE WIND SPEED     7.3


SKY COVER
  AVERAGE SKY COVER 0.3


WEATHER CONDITIONS
 THE FOLLOWING WEATHER WAS RECORDED YESTERDAY.
  LIGHT RAIN


RELATIVE HUMIDITY (PERCENT)
 HIGHEST    90           300 AM
 LOWEST     29           200 PM
 AVERAGE    60

..........................................................


THE CENTRAL PARK NY CLIMATE NORMALS FOR TODAY
                         NORMAL    RECORD    YEAR
 MAXIMUM TEMPERATURE (F)   62        96      2002
 MINIMUM TEMPERATURE (F)   45        28      1875


SUNRISE AND SUNSET
APRIL 17 2017.........SUNRISE   614 AM EDT   SUNSET   738 PM EDT
APRIL 18 2017.........SUNRISE   612 AM EDT   SUNSET   739 PM EDT


-  INDICATES NEGATIVE NUMBERS.
R  INDICATES RECORD WAS SET OR TIED.
MM INDICATES DATA IS MISSING.
T  INDICATES TRACE AMOUNT.




$$
