358
CDUS41 KOKX 172034
CLINYC


CLIMATE REPORT
NATIONAL WEATHER SERVICE NEW YORK NY
434 PM EDT SAT JUN 17 2017


...................................

...THE CENTRAL PARK NY CLIMATE SUMMARY FOR JUNE 17 2017...
VALID TODAY AS OF 0400 PM LOCAL TIME.

CLIMATE NORMAL PERIOD 1981 TO 2010
CLIMATE RECORD PERIOD 1869 TO 2017


WEATHER ITEM   OBSERVED TIME   RECORD YEAR NORMAL DEPARTURE LAST
                VALUE   (LST)  VALUE       VALUE  FROM      YEAR
                                                  NORMAL
..................................................................
TEMPERATURE (F)
 TODAY
  MAXIMUM         74    938 AM  96    1957  80     -6       78
  MINIMUM         66    431 AM  51    1926  64      2       63
  AVERAGE         70                        72     -2       71

PRECIPITATION (IN)
  TODAY            1.39          1.82 2011   0.16   1.23     0.00
  MONTH TO DATE    1.87                      2.70  -0.83     2.02
  SINCE JUN 1      1.87                      2.70  -0.83     2.02
  SINCE JAN 1     24.65                     22.49   2.16    17.36

SNOWFALL (IN)
  TODAY            0.0           0.0  2002   0.0    0.0      0.0
                                      2001
  MONTH TO DATE    0.0                       0.0    0.0      0.0
  SINCE OCT 1     30.2                      25.8    4.4     32.8
  SINCE JUL 1     30.2                      25.8    4.4     32.8
  SNOW DEPTH       0

DEGREE DAYS
 HEATING
  TODAY            0                         0      0        0
  MONTH TO DATE   24                        17      7        7
  SINCE JUN 1     24                        17      7        7
  SINCE JUL 1   4226                      4748   -522     3768

 COOLING
  TODAY            5                         7     -2        6
  MONTH TO DATE   99                        95      4       93
  SINCE JUN 1     99                        95      4       93
  SINCE JAN 1    188                       164     24      212
..................................................................


WIND (MPH)
  HIGHEST WIND SPEED     7   HIGHEST WIND DIRECTION    NE (60)
  HIGHEST GUST SPEED    11   HIGHEST GUST DIRECTION    SE (140)
  AVERAGE WIND SPEED     2.3


SKY COVER
  AVERAGE SKY COVER 1.0


WEATHER CONDITIONS
 THE FOLLOWING WEATHER WAS RECORDED TODAY.
  HEAVY RAIN
  RAIN
  LIGHT RAIN
  FOG
  HAZE


RELATIVE HUMIDITY (PERCENT)
 HIGHEST    97          1200 PM
 LOWEST     79           900 AM
 AVERAGE    88

..........................................................


THE CENTRAL PARK NY CLIMATE NORMALS FOR TOMORROW
                         NORMAL    RECORD    YEAR
 MAXIMUM TEMPERATURE (F)   80        95      1929
 MINIMUM TEMPERATURE (F)   65        48      1950


SUNRISE AND SUNSET
JUNE 17 2017..........SUNRISE   524 AM EDT   SUNSET   830 PM EDT
JUNE 18 2017..........SUNRISE   524 AM EDT   SUNSET   830 PM EDT


-  INDICATES NEGATIVE NUMBERS.
R  INDICATES RECORD WAS SET OR TIED.
MM INDICATES DATA IS MISSING.
T  INDICATES TRACE AMOUNT.




$$
