000
CDUS41 KOKX 260621
CLINYC


CLIMATE REPORT
NATIONAL WEATHER SERVICE NEW YORK NY
221 AM EDT FRI JUN 26 2015


...................................

...THE CENTRAL PARK NY CLIMATE SUMMARY FOR JUNE 25 2015...

CLIMATE NORMAL PERIOD 1981 TO 2010
CLIMATE RECORD PERIOD 1869 TO 2015


WEATHER ITEM   OBSERVED TIME   RECORD YEAR NORMAL DEPARTURE LAST
                VALUE   (LST)  VALUE       VALUE  FROM      YEAR
                                                  NORMAL
..................................................................
TEMPERATURE (F)
 YESTERDAY
  MAXIMUM         83   1155 AM  99    1952  82      1       85
                                      1943
  MINIMUM         65    512 AM  50    1873  66     -1       70
  AVERAGE         74                        74      0       78

PRECIPITATION (IN)
  YESTERDAY        0.00          1.28 1948   0.14  -0.14     0.08
  MONTH TO DATE    3.34                      3.78  -0.44     4.19
  SINCE JUN 1      3.34                      3.78  -0.44     4.19
  SINCE JAN 1     19.27                     23.57  -4.30    28.35

SNOWFALL (IN)
  YESTERDAY        0.0           0.0  2002   0.0    0.0      0.0
                                      2001
  MONTH TO DATE    0.0                       0.0    0.0      0.0
  SINCE OCT 1     50.3                      25.8   24.5     57.4
  SINCE JUL 1     50.3                      25.8   24.5     57.4
  SNOW DEPTH       0

DEGREE DAYS
 HEATING
  YESTERDAY        0                         0      0        0
  MONTH TO DATE   33                        17     16        0
  SINCE JUN 1     33                        17     16        0
  SINCE JUL 1   4974                      4748    226     4962

 COOLING
  YESTERDAY        9                         9      0       13
  MONTH TO DATE  200                       163     37      174
  SINCE JUN 1    200                       163     37      174
  SINCE JAN 1    359                       232    127      228
..................................................................


WIND (MPH)
  HIGHEST WIND SPEED    13   HIGHEST WIND DIRECTION    SW (240)
  HIGHEST GUST SPEED    22   HIGHEST GUST DIRECTION     W (250)
  AVERAGE WIND SPEED     3.1


SKY COVER
  AVERAGE SKY COVER 0.2


WEATHER CONDITIONS
 THE FOLLOWING WEATHER WAS RECORDED YESTERDAY.
  NO SIGNIFICANT WEATHER WAS OBSERVED.


RELATIVE HUMIDITY (PERCENT)
 HIGHEST    64           900 PM
 LOWEST     33          1200 PM
 AVERAGE    49

..........................................................


THE CENTRAL PARK NY CLIMATE NORMALS FOR TODAY
                         NORMAL    RECORD    YEAR
 MAXIMUM TEMPERATURE (F)   82       100      1952
 MINIMUM TEMPERATURE (F)   67        56      1979
                                             1974
                                             1893


SUNRISE AND SUNSET
JUNE 26 2015..........SUNRISE   526 AM EDT   SUNSET   831 PM EDT
JUNE 27 2015..........SUNRISE   526 AM EDT   SUNSET   831 PM EDT


-  INDICATES NEGATIVE NUMBERS.
R  INDICATES RECORD WAS SET OR TIED.
MM INDICATES DATA IS MISSING.
T  INDICATES TRACE AMOUNT.




$$
