000
CDUS41 KOKX 120619
CLINYC


CLIMATE REPORT
NATIONAL WEATHER SERVICE NEW YORK NY
118 AM EST THU JAN 12 2017


...................................

...THE CENTRAL PARK NY CLIMATE SUMMARY FOR JANUARY 11 2017...

CLIMATE NORMAL PERIOD 1981 TO 2010
CLIMATE RECORD PERIOD 1869 TO 2017


WEATHER ITEM   OBSERVED TIME   RECORD YEAR NORMAL DEPARTURE LAST
                VALUE   (LST)  VALUE       VALUE  FROM      YEAR
                                                  NORMAL
..................................................................
TEMPERATURE (F)
 YESTERDAY
  MAXIMUM         52    327 PM  63    1975  38     14       40
  MINIMUM         42    845 AM   3    1968  27     15       26
                                      1875
  AVERAGE         47                        32     15       33

PRECIPITATION (IN)
  YESTERDAY        0.52          1.46 1900   0.12   0.40     0.00
  MONTH TO DATE    1.68                      1.33   0.35     1.80
  SINCE DEC 1      4.57                      5.33  -0.76     6.52
  SINCE JAN 1      1.68                      1.33   0.35     1.80

SNOWFALL (IN)
  YESTERDAY        0.0           5.7  1991   0.2   -0.2      0.0
  MONTH TO DATE    6.3                       2.4    3.9      0.0
  SINCE OCT 1      9.5                       7.5    2.0       T
  SINCE JUL 1      9.5                       7.5    2.0       T
  SNOW DEPTH       0

DEGREE DAYS
 HEATING
  YESTERDAY       18                        33    -15       32
  MONTH TO DATE  344                       354    -10      318
  SINCE DEC 1   1163                      1206    -43      752
  SINCE JUL 1   1850                      2039   -189     1340

 COOLING
  YESTERDAY        0                         0      0        0
  MONTH TO DATE    0                         0      0        0
  SINCE DEC 1      0                         0      0        3
  SINCE JAN 1      0                         0      0        0
..................................................................


WIND (MPH)
  HIGHEST WIND SPEED    16   HIGHEST WIND DIRECTION     W (250)
  HIGHEST GUST SPEED    33   HIGHEST GUST DIRECTION    SW (240)
  AVERAGE WIND SPEED     5.8


SKY COVER
  AVERAGE SKY COVER 0.5


WEATHER CONDITIONS
 THE FOLLOWING WEATHER WAS RECORDED YESTERDAY.
  RAIN
  LIGHT RAIN
  FOG


RELATIVE HUMIDITY (PERCENT)
 HIGHEST    93          1100 PM
 LOWEST     54           400 PM
 AVERAGE    74

..........................................................


THE CENTRAL PARK NY CLIMATE NORMALS FOR TODAY
                         NORMAL    RECORD    YEAR
 MAXIMUM TEMPERATURE (F)   38        64      1890
 MINIMUM TEMPERATURE (F)   27         2      1981
                                             1968
                                             1886


SUNRISE AND SUNSET
JANUARY 12 2017.......SUNRISE   719 AM EST   SUNSET   450 PM EST
JANUARY 13 2017.......SUNRISE   719 AM EST   SUNSET   451 PM EST


-  INDICATES NEGATIVE NUMBERS.
R  INDICATES RECORD WAS SET OR TIED.
MM INDICATES DATA IS MISSING.
T  INDICATES TRACE AMOUNT.




$$
