000
CDUS41 KOKX 292035
CLINYC


CLIMATE REPORT
NATIONAL WEATHER SERVICE NEW YORK NY
435 PM EDT WED JUL 29 2015


...................................

...THE CENTRAL PARK NY CLIMATE SUMMARY FOR JULY 29 2015...
VALID TODAY AS OF 0400 PM LOCAL TIME.

CLIMATE NORMAL PERIOD 1981 TO 2010
CLIMATE RECORD PERIOD 1869 TO 2015


WEATHER ITEM   OBSERVED TIME   RECORD YEAR NORMAL DEPARTURE LAST
                VALUE   (LST)  VALUE       VALUE  FROM      YEAR
                                                  NORMAL
..................................................................
TEMPERATURE (F)
 TODAY
  MAXIMUM         96    141 PM  99    1949  84     12       76
  MINIMUM         78    512 AM  59    1914  69      9       64
  AVERAGE         87                        77     10       70

PRECIPITATION (IN)
  TODAY            0.00          3.47 1980   0.17  -0.17     0.00
  MONTH TO DATE    2.03                      4.26  -2.23     5.59
  SINCE JUN 1      6.82                      8.67  -1.85     9.85
  SINCE JAN 1     22.75                     28.46  -5.71    34.01

SNOWFALL (IN)
  TODAY            0.0           0.0  2002   0.0    0.0      0.0
                                      2001
  MONTH TO DATE    0.0                       0.0    0.0      0.0
  SINCE OCT 1     50.3                      25.8   24.5     57.4
  SINCE JUL 1      0.0                       0.0    0.0      0.0
  SNOW DEPTH       0

DEGREE DAYS
 HEATING
  TODAY            0                         0      0        0
  MONTH TO DATE    0                         0      0        0
  SINCE JUN 1     33                        19     14        0
  SINCE JUL 1      0                         0      0        0

 COOLING
  TODAY           22                        12     10        5
  MONTH TO DATE  404                       336     68      334
  SINCE JUN 1    632                       548     84      566
  SINCE JAN 1    791                       617    174      620
..................................................................


WIND (MPH)
  HIGHEST WIND SPEED     8   HIGHEST WIND DIRECTION     W (250)
  HIGHEST GUST SPEED    15   HIGHEST GUST DIRECTION     S (180)
  AVERAGE WIND SPEED     2.6


SKY COVER
  AVERAGE SKY COVER 0.0


WEATHER CONDITIONS
 THE FOLLOWING WEATHER WAS RECORDED TODAY.
  NO SIGNIFICANT WEATHER WAS OBSERVED.


RELATIVE HUMIDITY (PERCENT)
 HIGHEST    69          1200 AM
 LOWEST     33          1200 PM
 AVERAGE    51

..........................................................


THE CENTRAL PARK NY CLIMATE NORMALS FOR TOMORROW
                         NORMAL    RECORD    YEAR
 MAXIMUM TEMPERATURE (F)   84        98      1988
                                             1940
                                             1933
 MINIMUM TEMPERATURE (F)   69        57      1956


SUNRISE AND SUNSET
JULY 29 2015..........SUNRISE   549 AM EDT   SUNSET   815 PM EDT
JULY 30 2015..........SUNRISE   550 AM EDT   SUNSET   814 PM EDT


-  INDICATES NEGATIVE NUMBERS.
R  INDICATES RECORD WAS SET OR TIED.
MM INDICATES DATA IS MISSING.
T  INDICATES TRACE AMOUNT.




$$
