000
CDUS41 KOKX 262031
CLINYC


CLIMATE REPORT
NATIONAL WEATHER SERVICE NEW YORK NY
430 PM EDT FRI SEP 26 2014


...................................

...THE CENTRAL PARK NY CLIMATE SUMMARY FOR SEPTEMBER 26 2014...
VALID TODAY AS OF 0400 PM LOCAL TIME.

CLIMATE NORMAL PERIOD 1981 TO 2010
CLIMATE RECORD PERIOD 1869 TO 2014


WEATHER ITEM   OBSERVED TIME   RECORD YEAR NORMAL DEPARTURE LAST
                VALUE   (LST)  VALUE       VALUE  FROM      YEAR
                                                  NORMAL
..................................................................
TEMPERATURE (F)
 TODAY
  MAXIMUM         77    259 PM  91    1970  71      6       71
                                      1881
  MINIMUM         58    639 AM  42    1940  57      1       58
  AVERAGE         68                        64      4       65

PRECIPITATION (IN)
  TODAY            0.00          2.34 2008   0.15  -0.15     0.00
  MONTH TO DATE    1.21                      3.65  -2.44     2.95
  SINCE SEP 1      1.21                      3.65  -2.44     2.95
  SINCE JAN 1     37.47                     36.89   0.58    37.96

SNOWFALL (IN)
  TODAY            0.0           0.0  2002   0.0    0.0      0.0
                                      2001
  MONTH TO DATE    0.0                       0.0    0.0      0.0
  SINCE OCT 1     57.4                      25.8   31.6     26.1
  SINCE JUL 1      0.0                       0.0    0.0      0.0
  SNOW DEPTH       0

DEGREE DAYS
 HEATING
  TODAY            0                         3     -3        0
  MONTH TO DATE   22                        27     -5       34
  SINCE SEP 1     22                        27     -5       34
  SINCE JUL 1     22                        29     -7       34

 COOLING
  TODAY            3                         2      1        0
  MONTH TO DATE  144                       125     19      131
  SINCE SEP 1    144                       125     19      131
  SINCE JAN 1   1082                      1079      3     1224
..................................................................


WIND (MPH)
  HIGHEST WIND SPEED    13   HIGHEST WIND DIRECTION    NE (30)
  HIGHEST GUST SPEED    20   HIGHEST GUST DIRECTION    NE (40)
  AVERAGE WIND SPEED     5.3


SKY COVER
  AVERAGE SKY COVER 0.0


WEATHER CONDITIONS
 THE FOLLOWING WEATHER WAS RECORDED TODAY.
  NO SIGNIFICANT WEATHER WAS OBSERVED.


RELATIVE HUMIDITY (PERCENT)
 HIGHEST    80           500 AM
 LOWEST     40           200 PM
 AVERAGE    60

..........................................................


THE CENTRAL PARK NY CLIMATE NORMALS FOR TOMORROW
                         NORMAL    RECORD    YEAR
 MAXIMUM TEMPERATURE (F)   71        90      1933
 MINIMUM TEMPERATURE (F)   57        41      1957
                                             1947


SUNRISE AND SUNSET
SEPTEMBER 26 2014.....SUNRISE   647 AM EDT   SUNSET   646 PM EDT
SEPTEMBER 27 2014.....SUNRISE   648 AM EDT   SUNSET   645 PM EDT


-  INDICATES NEGATIVE NUMBERS.
R  INDICATES RECORD WAS SET OR TIED.
MM INDICATES DATA IS MISSING.
T  INDICATES TRACE AMOUNT.




$$
