000
CDUS41 KOKX 100621
CLINYC


CLIMATE REPORT
NATIONAL WEATHER SERVICE NEW YORK NY
221 AM EDT THU APR 10 2014


...................................

...THE CENTRAL PARK NY CLIMATE SUMMARY FOR APRIL 9 2014...

CLIMATE NORMAL PERIOD 1981 TO 2010
CLIMATE RECORD PERIOD 1869 TO 2014


WEATHER ITEM   OBSERVED TIME   RECORD YEAR NORMAL DEPARTURE LAST
                VALUE   (LST)  VALUE       VALUE  FROM      YEAR
                                                  NORMAL
..................................................................
TEMPERATURE (F)
 YESTERDAY
  MAXIMUM         61    226 PM  86    1991  59      2       82
  MINIMUM         45    620 AM  25    1977  43      2       51
  AVERAGE         53                        51      2       67

PRECIPITATION (IN)
  YESTERDAY        0.00          3.42 1980   0.16  -0.16      T
  MONTH TO DATE    1.14                      1.42  -0.28      T
  SINCE MAR 1      4.81                      5.78  -0.97     2.90
  SINCE JAN 1     13.08                     12.52   0.56     9.91

SNOWFALL (IN)
  YESTERDAY        0.0           6.4  1917   0.0    0.0      0.0
  MONTH TO DATE    0.0                       0.3   -0.3      0.0
  SINCE OCT 1     57.4                      25.5   31.9     26.1
  SINCE JUL 1     57.4                      25.5   31.9     26.1
  SNOW DEPTH       0

DEGREE DAYS
 HEATING
  YESTERDAY       12                        14     -2        0
  MONTH TO DATE  134                       143     -9      142
  SINCE MAR 1    976                       843    133      905
  SINCE JUL 1   4646                      4365    281     4278

 COOLING
  YESTERDAY        0                         0      0        2
  MONTH TO DATE    0                         0      0        2
  SINCE MAR 1      0                         1     -1        2
  SINCE JAN 1      0                         1     -1        2
..................................................................


WIND (MPH)
  HIGHEST WIND SPEED    17   HIGHEST WIND DIRECTION    NW (310)
  HIGHEST GUST SPEED    31   HIGHEST GUST DIRECTION    NW (310)
  AVERAGE WIND SPEED     6.9


SKY COVER
  AVERAGE SKY COVER 0.1


WEATHER CONDITIONS
 THE FOLLOWING WEATHER WAS RECORDED YESTERDAY.
  NO SIGNIFICANT WEATHER WAS OBSERVED.


RELATIVE HUMIDITY (PERCENT)
 HIGHEST    65           500 AM
 LOWEST     23           400 PM
 AVERAGE    44

..........................................................


THE CENTRAL PARK NY CLIMATE NORMALS FOR TODAY
                         NORMAL    RECORD    YEAR
 MAXIMUM TEMPERATURE (F)   59        86      1922
 MINIMUM TEMPERATURE (F)   43        28      1997
                                             1985
                                             1974


SUNRISE AND SUNSET
APRIL 10 2014.........SUNRISE   625 AM EDT   SUNSET   730 PM EDT
APRIL 11 2014.........SUNRISE   623 AM EDT   SUNSET   731 PM EDT


-  INDICATES NEGATIVE NUMBERS.
R  INDICATES RECORD WAS SET OR TIED.
MM INDICATES DATA IS MISSING.
T  INDICATES TRACE AMOUNT.




$$
