660
CDUS41 KOKX 302131
CLINYC


CLIMATE REPORT
NATIONAL WEATHER SERVICE NEW YORK NY
431 PM EST WED NOV 30 2016


...................................

...THE CENTRAL PARK NY CLIMATE SUMMARY FOR NOVEMBER 30 2016...
VALID TODAY AS OF 0400 PM LOCAL TIME.

CLIMATE NORMAL PERIOD 1981 TO 2010
CLIMATE RECORD PERIOD 1869 TO 2016


WEATHER ITEM   OBSERVED TIME   RECORD YEAR NORMAL DEPARTURE LAST
                VALUE   (LST)  VALUE       VALUE  FROM      YEAR
                                                  NORMAL
..................................................................
TEMPERATURE (F)
 TODAY
  MAXIMUM         58   1040 AM  70    1991  49      9       47
  MINIMUM         53    359 PM   7    1875  37     16       33
  AVERAGE         56                        43     13       40

PRECIPITATION (IN)
  TODAY            0.39          1.11 1928   0.15   0.24     0.00
  MONTH TO DATE    5.07                      4.02   1.05     2.01
  SINCE SEP 1     12.01                     12.70  -0.69     9.20
  SINCE JAN 1     38.94                     45.94  -7.00    36.25

SNOWFALL (IN)
  TODAY            0.0           6.0  1898   0.0    0.0      0.0
  MONTH TO DATE    T                         0.3   -0.3      0.0
  SINCE OCT 1      T                         0.3   -0.3      0.0
  SINCE JUL 1      T                         0.3   -0.3      0.0
  SNOW DEPTH       0

DEGREE DAYS
 HEATING
  TODAY            9                        22    -13       25
  MONTH TO DATE  451                       519    -68      364
  SINCE SEP 1    685                       831   -146      588
  SINCE JUL 1    685                       833   -148      588

 COOLING
  TODAY            0                         0      0        0
  MONTH TO DATE    0                         1     -1        5
  SINCE SEP 1    257                       151    106      313
  SINCE JAN 1   1489                      1105    384     1578
..................................................................


WIND (MPH)
  HIGHEST WIND SPEED    13   HIGHEST WIND DIRECTION     E (110)
  HIGHEST GUST SPEED    18   HIGHEST GUST DIRECTION    SE (120)
  AVERAGE WIND SPEED     5.3


SKY COVER
  AVERAGE SKY COVER 0.4


WEATHER CONDITIONS
 THE FOLLOWING WEATHER WAS RECORDED TODAY.
  HEAVY RAIN
  RAIN
  LIGHT RAIN
  FOG
  HAZE


RELATIVE HUMIDITY (PERCENT)
 HIGHEST    93           500 AM
 LOWEST     80           900 AM
 AVERAGE    87

..........................................................


THE CENTRAL PARK NY CLIMATE NORMALS FOR TOMORROW
                         NORMAL    RECORD    YEAR
 MAXIMUM TEMPERATURE (F)   48        70      2006
 MINIMUM TEMPERATURE (F)   37         9      1875


SUNRISE AND SUNSET
NOVEMBER 30 2016......SUNRISE   700 AM EST   SUNSET   429 PM EST
DECEMBER  1 2016......SUNRISE   701 AM EST   SUNSET   429 PM EST


-  INDICATES NEGATIVE NUMBERS.
R  INDICATES RECORD WAS SET OR TIED.
MM INDICATES DATA IS MISSING.
T  INDICATES TRACE AMOUNT.




$$
