000
CDUS41 KOKX 010616
CLINYC


CLIMATE REPORT
NATIONAL WEATHER SERVICE NEW YORK NY
216 AM EDT FRI AUG 1 2014


...................................

...THE CENTRAL PARK NY CLIMATE SUMMARY FOR JULY 31 2014...

CLIMATE NORMAL PERIOD 1981 TO 2010
CLIMATE RECORD PERIOD 1869 TO 2014


WEATHER ITEM   OBSERVED TIME   RECORD YEAR NORMAL DEPARTURE LAST
                VALUE   (LST)  VALUE       VALUE  FROM      YEAR
                                                  NORMAL
..................................................................
TEMPERATURE (F)
 YESTERDAY
  MAXIMUM         82    123 PM 102    1933  84     -2       83
  MINIMUM         68    601 AM  57    1914  69     -1       67
                                      1895
  AVERAGE         75                        77     -2       75

PRECIPITATION (IN)
  YESTERDAY        0.00          2.29 1889   0.17  -0.17     0.00
  MONTH TO DATE    5.59                      4.60   0.99     2.84
  SINCE JUN 1      9.85                      9.01   0.84    12.94
  SINCE JAN 1     34.01                     28.80   5.21    32.16

SNOWFALL (IN)
  YESTERDAY        0.0           0.0  2002   0.0    0.0      0.0
                                      2001
  MONTH TO DATE    0.0                       0.0    0.0      0.0
  SINCE OCT 1     57.4                      25.8   31.6     26.1
  SINCE JUL 1      0.0                       0.0    0.0      0.0
  SNOW DEPTH       0

DEGREE DAYS
 HEATING
  YESTERDAY        0                         0      0        0
  MONTH TO DATE    0                         0      0        0
  SINCE JUN 1      0                        19    -19        9
  SINCE JUL 1      0                         0      0        0

 COOLING
  YESTERDAY       10                        12     -2       10
  MONTH TO DATE  351                       355     -4      464
  SINCE JUN 1    583                       567     16      709
  SINCE JAN 1    637                       636      1      788
..................................................................


WIND (MPH)
  HIGHEST WIND SPEED    12   HIGHEST WIND DIRECTION     W (250)
  HIGHEST GUST SPEED    20   HIGHEST GUST DIRECTION    SW (240)
  AVERAGE WIND SPEED     3.3


SKY COVER
  AVERAGE SKY COVER 0.4


WEATHER CONDITIONS
 THE FOLLOWING WEATHER WAS RECORDED YESTERDAY.
  NO SIGNIFICANT WEATHER WAS OBSERVED.


RELATIVE HUMIDITY (PERCENT)
 HIGHEST    69           800 PM
 LOWEST     48          1100 AM
 AVERAGE    59

..........................................................


THE CENTRAL PARK NY CLIMATE NORMALS FOR TODAY
                         NORMAL    RECORD    YEAR
 MAXIMUM TEMPERATURE (F)   84       100      1933
 MINIMUM TEMPERATURE (F)   69        59      1964
                                             1895


SUNRISE AND SUNSET
AUGUST  1 2014........SUNRISE   552 AM EDT   SUNSET   811 PM EDT
AUGUST  2 2014........SUNRISE   553 AM EDT   SUNSET   810 PM EDT


-  INDICATES NEGATIVE NUMBERS.
R  INDICATES RECORD WAS SET OR TIED.
MM INDICATES DATA IS MISSING.
T  INDICATES TRACE AMOUNT.




$$
