000
CDUS41 KOKX 310620
CLINYC


CLIMATE REPORT
NATIONAL WEATHER SERVICE NEW YORK NY
119 AM EST SAT JAN 31 2015


...................................

...THE CENTRAL PARK NY CLIMATE SUMMARY FOR JANUARY 30 2015...

CLIMATE NORMAL PERIOD 1981 TO 2010
CLIMATE RECORD PERIOD 1869 TO 2015


WEATHER ITEM   OBSERVED TIME   RECORD YEAR NORMAL DEPARTURE LAST
                VALUE   (LST)  VALUE       VALUE  FROM      YEAR
                                                  NORMAL
..................................................................
TEMPERATURE (F)
 YESTERDAY
  MAXIMUM         38   1257 PM  64    2006  39     -1       30
  MINIMUM         19   1159 PM   2    1873  27     -8       16
  AVERAGE         29                        33     -4       23

PRECIPITATION (IN)
  YESTERDAY        0.06          1.19 1939   0.11  -0.05     0.00
  MONTH TO DATE    5.23                      3.53   1.70     2.79
  SINCE DEC 1     11.27                      7.53   3.74     7.64
  SINCE JAN 1      5.23                      3.53   1.70     2.79

SNOWFALL (IN)
  YESTERDAY        1.0           5.8  1966   0.2    0.8      0.0
  MONTH TO DATE   15.3                       6.7    8.6     19.7
  SINCE OCT 1     16.5                      11.8    4.7     28.3
  SINCE JUL 1     16.5                      11.8    4.7     28.3
  SNOW DEPTH       7

DEGREE DAYS
 HEATING
  YESTERDAY       36                        32      4       42
  MONTH TO DATE 1035                       975     60     1087
  SINCE DEC 1   1786                      1827    -41     1902
  SINCE JUL 1   2571                      2660    -89     2710

 COOLING
  YESTERDAY        0                         0      0        0
  MONTH TO DATE    0                         0      0        0
  SINCE DEC 1      0                         0      0        1
  SINCE JAN 1      0                         0      0        0
..................................................................


WIND (MPH)
  HIGHEST WIND SPEED    22   HIGHEST WIND DIRECTION    NW (310)
  HIGHEST GUST SPEED    36   HIGHEST GUST DIRECTION    NW (300)
  AVERAGE WIND SPEED    10.6


SKY COVER
  AVERAGE SKY COVER 0.7


WEATHER CONDITIONS
 THE FOLLOWING WEATHER WAS RECORDED YESTERDAY.
  LIGHT SNOW
  FOG
  HAZE


RELATIVE HUMIDITY (PERCENT)
 HIGHEST    85           100 AM
 LOWEST     40           500 PM
 AVERAGE    63

..........................................................


THE CENTRAL PARK NY CLIMATE NORMALS FOR TODAY
                         NORMAL    RECORD    YEAR
 MAXIMUM TEMPERATURE (F)   39        63      1947
                                             1916
 MINIMUM TEMPERATURE (F)   27        -1      1920


SUNRISE AND SUNSET
JANUARY 31 2015.......SUNRISE   707 AM EST   SUNSET   512 PM EST
FEBRUARY  1 2015......SUNRISE   706 AM EST   SUNSET   513 PM EST


-  INDICATES NEGATIVE NUMBERS.
R  INDICATES RECORD WAS SET OR TIED.
MM INDICATES DATA IS MISSING.
T  INDICATES TRACE AMOUNT.




$$
