000
CDUS41 KOKX 200624
CLINYC


CLIMATE REPORT
NATIONAL WEATHER SERVICE NEW YORK NY
123 AM EST SAT DEC 20 2014


...................................

...THE CENTRAL PARK NY CLIMATE SUMMARY FOR DECEMBER 19 2014...

CLIMATE NORMAL PERIOD 1981 TO 2010
CLIMATE RECORD PERIOD 1869 TO 2014


WEATHER ITEM   OBSERVED TIME   RECORD YEAR NORMAL DEPARTURE LAST
                VALUE   (LST)  VALUE       VALUE  FROM      YEAR
                                                  NORMAL
..................................................................
TEMPERATURE (F)
 YESTERDAY
  MAXIMUM         38   1225 PM  58    1931  42     -4       47
                                      1899
  MINIMUM         31   1109 PM  -1    1884  31      0       30
  AVERAGE         35                        36     -1       39

PRECIPITATION (IN)
  YESTERDAY        0.00          1.58 1948   0.12  -0.12     0.00
  MONTH TO DATE    4.85                      2.54   2.31     3.13
  SINCE DEC 1      4.85                      2.54   2.31     3.13
  SINCE JAN 1     52.60                     48.48   4.12    44.60

SNOWFALL (IN)
  YESTERDAY        0.0          15.8  1948   0.2   -0.2      0.0
  MONTH TO DATE    1.0                       2.4   -1.4      8.6
  SINCE OCT 1      1.2                       2.7   -1.5      8.6
  SINCE JUL 1      1.2                       2.7   -1.5      8.6
  SNOW DEPTH       0

DEGREE DAYS
 HEATING
  YESTERDAY       30                        29      1       26
  MONTH TO DATE  470                       488    -18      538
  SINCE DEC 1    470                       488    -18      538
  SINCE JUL 1   1255                      1321    -66     1346

 COOLING
  YESTERDAY        0                         0      0        0
  MONTH TO DATE    0                         0      0        0
  SINCE DEC 1      0                         0      0        0
  SINCE JAN 1   1128                      1105     23     1271
..................................................................


WIND (MPH)
  HIGHEST WIND SPEED    14   HIGHEST WIND DIRECTION    NW (300)
  HIGHEST GUST SPEED    24   HIGHEST GUST DIRECTION    NW (310)
  AVERAGE WIND SPEED     7.2


SKY COVER
  AVERAGE SKY COVER 0.6


WEATHER CONDITIONS
 THE FOLLOWING WEATHER WAS RECORDED YESTERDAY.
  NO SIGNIFICANT WEATHER WAS OBSERVED.


RELATIVE HUMIDITY (PERCENT)
 HIGHEST    63          1100 PM
 LOWEST     48           100 PM
 AVERAGE    56

..........................................................


THE CENTRAL PARK NY CLIMATE NORMALS FOR TODAY
                         NORMAL    RECORD    YEAR
 MAXIMUM TEMPERATURE (F)   42        60      2002
                                             1999
                                             1895
 MINIMUM TEMPERATURE (F)   31        -4      1942


SUNRISE AND SUNSET
DECEMBER 20 2014......SUNRISE   716 AM EST   SUNSET   431 PM EST
DECEMBER 21 2014......SUNRISE   717 AM EST   SUNSET   431 PM EST


-  INDICATES NEGATIVE NUMBERS.
R  INDICATES RECORD WAS SET OR TIED.
MM INDICATES DATA IS MISSING.
T  INDICATES TRACE AMOUNT.




$$
