000
CDUS41 KOKX 250622
CLINYC


CLIMATE REPORT
NATIONAL WEATHER SERVICE NEW YORK NY
221 AM EDT FRI JUL 25 2014


...................................

...THE CENTRAL PARK NY CLIMATE SUMMARY FOR JULY 24 2014...

CLIMATE NORMAL PERIOD 1981 TO 2010
CLIMATE RECORD PERIOD 1869 TO 2014


WEATHER ITEM   OBSERVED TIME   RECORD YEAR NORMAL DEPARTURE LAST
                VALUE   (LST)  VALUE       VALUE  FROM      YEAR
                                                  NORMAL
..................................................................
TEMPERATURE (F)
 YESTERDAY
  MAXIMUM         80    326 PM  97    2010  84     -4       83
                                      1999
  MINIMUM         70   1159 PM  56    1893  69      1       68
  AVERAGE         75                        77     -2       76

PRECIPITATION (IN)
  YESTERDAY        0.00          3.75 1997   0.15  -0.15     0.00
  MONTH TO DATE    5.38                      3.45   1.93     2.58
  SINCE JUN 1      9.64                      7.86   1.78    12.68
  SINCE JAN 1     33.80                     27.65   6.15    31.90

SNOWFALL (IN)
  YESTERDAY        0.0           0.0  2002   0.0    0.0      0.0
                                      2001
  MONTH TO DATE    0.0                       0.0    0.0      0.0
  SINCE OCT 1     57.4                      25.8   31.6     26.1
  SINCE JUL 1      0.0                       0.0    0.0      0.0
  SNOW DEPTH       0

DEGREE DAYS
 HEATING
  YESTERDAY        0                         0      0        0
  MONTH TO DATE    0                         0      0        0
  SINCE JUN 1      0                        19    -19        9
  SINCE JUL 1      0                         0      0        0

 COOLING
  YESTERDAY       10                        12     -2       11
  MONTH TO DATE  287                       276     11      402
  SINCE JUN 1    519                       488     31      647
  SINCE JAN 1    573                       557     16      726
..................................................................


WIND (MPH)
  HIGHEST WIND SPEED    10   HIGHEST WIND DIRECTION     N (360)
  HIGHEST GUST SPEED    16   HIGHEST GUST DIRECTION    NE (50)
  AVERAGE WIND SPEED     4.8


SKY COVER
  AVERAGE SKY COVER 0.6


WEATHER CONDITIONS
 THE FOLLOWING WEATHER WAS RECORDED YESTERDAY.
  NO SIGNIFICANT WEATHER WAS OBSERVED.


RELATIVE HUMIDITY (PERCENT)
 HIGHEST    84           100 AM
 LOWEST     46          1100 PM
 AVERAGE    65

..........................................................


THE CENTRAL PARK NY CLIMATE NORMALS FOR TODAY
                         NORMAL    RECORD    YEAR
 MAXIMUM TEMPERATURE (F)   84        97      1999
 MINIMUM TEMPERATURE (F)   69        57      1953


SUNRISE AND SUNSET
JULY 25 2014..........SUNRISE   546 AM EDT   SUNSET   818 PM EDT
JULY 26 2014..........SUNRISE   547 AM EDT   SUNSET   818 PM EDT


-  INDICATES NEGATIVE NUMBERS.
R  INDICATES RECORD WAS SET OR TIED.
MM INDICATES DATA IS MISSING.
T  INDICATES TRACE AMOUNT.




$$
