194
CDUS41 KOKX 200617
CLINYC


CLIMATE REPORT
NATIONAL WEATHER SERVICE NEW YORK NY
217 AM EDT SAT AUG 20 2016


...................................

...THE CENTRAL PARK NY CLIMATE SUMMARY FOR AUGUST 19 2016...

CLIMATE NORMAL PERIOD 1981 TO 2010
CLIMATE RECORD PERIOD 1869 TO 2016


WEATHER ITEM   OBSERVED TIME   RECORD YEAR NORMAL DEPARTURE LAST
                VALUE   (LST)  VALUE       VALUE  FROM      YEAR
                                                  NORMAL
..................................................................
TEMPERATURE (F)
 YESTERDAY
  MAXIMUM         88    150 PM  94    2002  83      5       87
                                      1966
                                      1914
  MINIMUM         74    550 AM  55    1924  68      6       77
  AVERAGE         81                        75      6       82

PRECIPITATION (IN)
  YESTERDAY        0.01          2.53 1991   0.15  -0.14     0.00
  MONTH TO DATE    0.83                      2.85  -2.02     1.89
  SINCE JUN 1     10.45                     11.86  -1.41    10.66
  SINCE JAN 1     25.79                     31.65  -5.86    26.59

SNOWFALL (IN)
  YESTERDAY        0.0           0.0  2002   0.0    0.0      0.0
                                      2001
  MONTH TO DATE    0.0                       0.0    0.0      0.0
  SINCE OCT 1     32.8                      25.8    7.0     50.3
  SINCE JUL 1      0.0                       0.0    0.0      0.0
  SNOW DEPTH       0

DEGREE DAYS
 HEATING
  YESTERDAY        0                         0      0        0
  MONTH TO DATE    0                         0      0        0
  SINCE JUN 1      7                        19    -12       33
  SINCE JUL 1      0                         0      0        0

 COOLING
  YESTERDAY       16                        10      6       17
  MONTH TO DATE  284                       206     78      276
  SINCE JUN 1    948                       773    175      941
  SINCE JAN 1   1067                       842    225     1100
..................................................................


WIND (MPH)
  HIGHEST WIND SPEED    12   HIGHEST WIND DIRECTION    NE (40)
  HIGHEST GUST SPEED    16   HIGHEST GUST DIRECTION     N (20)
  AVERAGE WIND SPEED     2.2


SKY COVER
  AVERAGE SKY COVER 0.3


WEATHER CONDITIONS
 THE FOLLOWING WEATHER WAS RECORDED YESTERDAY.
  FOG


RELATIVE HUMIDITY (PERCENT)
 HIGHEST    87           900 PM
 LOWEST     48           400 PM
 AVERAGE    68

..........................................................


THE CENTRAL PARK NY CLIMATE NORMALS FOR TODAY
                         NORMAL    RECORD    YEAR
 MAXIMUM TEMPERATURE (F)   82        97      1955
 MINIMUM TEMPERATURE (F)   68        55      1949


SUNRISE AND SUNSET
AUGUST 20 2016........SUNRISE   611 AM EDT   SUNSET   746 PM EDT
AUGUST 21 2016........SUNRISE   612 AM EDT   SUNSET   745 PM EDT


-  INDICATES NEGATIVE NUMBERS.
R  INDICATES RECORD WAS SET OR TIED.
MM INDICATES DATA IS MISSING.
T  INDICATES TRACE AMOUNT.




$$
