000
CDUS41 KOKX 192052
CLINYC


CLIMATE REPORT
NATIONAL WEATHER SERVICE NEW YORK NY
451 PM EDT MON JUN 19 2017


...................................

...THE CENTRAL PARK NY CLIMATE SUMMARY FOR JUNE 19 2017...
VALID TODAY AS OF 0400 PM LOCAL TIME.

CLIMATE NORMAL PERIOD 1981 TO 2010
CLIMATE RECORD PERIOD 1869 TO 2017


WEATHER ITEM   OBSERVED TIME   RECORD YEAR NORMAL DEPARTURE LAST
                VALUE   (LST)  VALUE       VALUE  FROM      YEAR
                                                  NORMAL
..................................................................
TEMPERATURE (F)
 TODAY
  MAXIMUM         88    124 PM  98    1994  80      8       88
  MINIMUM         77    608 AM  52    1920  65     12       66
  AVERAGE         83                        73     10       77

PRECIPITATION (IN)
  TODAY            0.00          2.16 1871   0.14  -0.14     0.00
  MONTH TO DATE    1.87                      2.98  -1.11     2.02
  SINCE JUN 1      1.87                      2.98  -1.11     2.02
  SINCE JAN 1     24.65                     22.77   1.88    17.36

SNOWFALL (IN)
  TODAY            0.0           0.0  2002   0.0    0.0      0.0
                                      2001
  MONTH TO DATE    0.0                       0.0    0.0      0.0
  SINCE OCT 1     30.2                      25.8    4.4     32.8
  SINCE JUL 1     30.2                      25.8    4.4     32.8
  SNOW DEPTH       0

DEGREE DAYS
 HEATING
  TODAY            0                         0      0        0
  MONTH TO DATE   24                        17      7        7
  SINCE JUN 1     24                        17      7        7
  SINCE JUL 1   4226                      4748   -522     3768

 COOLING
  TODAY           18                         8     10       12
  MONTH TO DATE  130                       111     19      114
  SINCE JUN 1    130                       111     19      114
  SINCE JAN 1    219                       180     39      233
..................................................................


WIND (MPH)
  HIGHEST WIND SPEED    13   HIGHEST WIND DIRECTION    SW (240)
  HIGHEST GUST SPEED    23   HIGHEST GUST DIRECTION     S (170)
  AVERAGE WIND SPEED     3.8


SKY COVER
  AVERAGE SKY COVER 0.4


WEATHER CONDITIONS
 THE FOLLOWING WEATHER WAS RECORDED TODAY.
  NO SIGNIFICANT WEATHER WAS OBSERVED.


RELATIVE HUMIDITY (PERCENT)
 HIGHEST    85           600 AM
 LOWEST     59           100 PM
 AVERAGE    72

..........................................................


THE CENTRAL PARK NY CLIMATE NORMALS FOR TOMORROW
                         NORMAL    RECORD    YEAR
 MAXIMUM TEMPERATURE (F)   81        98      1923
 MINIMUM TEMPERATURE (F)   65        49      1914


SUNRISE AND SUNSET
JUNE 19 2017..........SUNRISE   524 AM EDT   SUNSET   830 PM EDT
JUNE 20 2017..........SUNRISE   524 AM EDT   SUNSET   831 PM EDT


-  INDICATES NEGATIVE NUMBERS.
R  INDICATES RECORD WAS SET OR TIED.
MM INDICATES DATA IS MISSING.
T  INDICATES TRACE AMOUNT.




$$
