000
CDUS41 KOKX 172043
CLINYC


CLIMATE REPORT
NATIONAL WEATHER SERVICE NEW YORK NY
443 PM EDT THU JUL 17 2014


...................................

...THE CENTRAL PARK NY CLIMATE SUMMARY FOR JULY 17 2014...
VALID TODAY AS OF 0400 PM LOCAL TIME.

CLIMATE NORMAL PERIOD 1981 TO 2010
CLIMATE RECORD PERIOD 1869 TO 2014


WEATHER ITEM   OBSERVED TIME   RECORD YEAR NORMAL DEPARTURE LAST
                VALUE   (LST)  VALUE       VALUE  FROM      YEAR
                                                  NORMAL
..................................................................
TEMPERATURE (F)
 TODAY
  MAXIMUM         81   1230 PM 100    1953  84     -3       97
  MINIMUM         67    423 AM  57    1892  69     -2       79
  AVERAGE         74                        77     -3       88

PRECIPITATION (IN)
  TODAY            0.00          3.13 1995   0.15  -0.15     0.00
  MONTH TO DATE    5.19                      2.40   2.79     2.21
  SINCE JUN 1      9.45                      6.81   2.64    12.31
  SINCE JAN 1     33.61                     26.60   7.01    31.53

SNOWFALL (IN)
  TODAY            0.0           0.0  2002   0.0    0.0      0.0
                                      2001
  MONTH TO DATE    0.0                       0.0    0.0      0.0
  SINCE OCT 1     57.4                      25.8   31.6     26.1
  SINCE JUL 1      0.0                       0.0    0.0      0.0
  SNOW DEPTH       0

DEGREE DAYS
 HEATING
  TODAY            0                         0      0        0
  MONTH TO DATE    0                         0      0        0
  SINCE JUN 1      0                        19    -19        9
  SINCE JUL 1      0                         0      0        0

 COOLING
  TODAY            9                        12     -3       23
  MONTH TO DATE  214                       192     22      270
  SINCE JUN 1    446                       404     42      515
  SINCE JAN 1    500                       473     27      594
..................................................................


WIND (MPH)
  HIGHEST WIND SPEED     9   HIGHEST WIND DIRECTION    NE (60)
  HIGHEST GUST SPEED    14   HIGHEST GUST DIRECTION    NE (50)
  AVERAGE WIND SPEED     3.7


SKY COVER
  AVERAGE SKY COVER 0.3


WEATHER CONDITIONS
 THE FOLLOWING WEATHER WAS RECORDED TODAY.
  NO SIGNIFICANT WEATHER WAS OBSERVED.


RELATIVE HUMIDITY (PERCENT)
 HIGHEST    73           300 AM
 LOWEST     45           100 PM
 AVERAGE    59

..........................................................


THE CENTRAL PARK NY CLIMATE NORMALS FOR TOMORROW
                         NORMAL    RECORD    YEAR
 MAXIMUM TEMPERATURE (F)   84       101      1953
 MINIMUM TEMPERATURE (F)   69        57      1925


SUNRISE AND SUNSET
JULY 17 2014..........SUNRISE   539 AM EDT   SUNSET   825 PM EDT
JULY 18 2014..........SUNRISE   540 AM EDT   SUNSET   824 PM EDT


-  INDICATES NEGATIVE NUMBERS.
R  INDICATES RECORD WAS SET OR TIED.
MM INDICATES DATA IS MISSING.
T  INDICATES TRACE AMOUNT.




$$
