000
CDUS41 KOKX 242134
CLINYC


CLIMATE REPORT
NATIONAL WEATHER SERVICE NEW YORK NY
434 PM EST THU NOV 24 2016


...................................

...THE CENTRAL PARK NY CLIMATE SUMMARY FOR NOVEMBER 24 2016...
VALID TODAY AS OF 0400 PM LOCAL TIME.

CLIMATE NORMAL PERIOD 1981 TO 2010
CLIMATE RECORD PERIOD 1869 TO 2016


WEATHER ITEM   OBSERVED TIME   RECORD YEAR NORMAL DEPARTURE LAST
                VALUE   (LST)  VALUE       VALUE  FROM      YEAR
                                                  NORMAL
..................................................................
TEMPERATURE (F)
 TODAY
  MAXIMUM         48    359 PM  73    1979  51     -3       46
  MINIMUM         38    626 AM  14    1880  39     -1       32
  AVERAGE         43                        45     -2       39

PRECIPITATION (IN)
  TODAY            T             1.95 1873   0.14  -0.14     0.00
  MONTH TO DATE    2.43                      3.19  -0.76     1.99
  SINCE SEP 1      9.37                     11.87  -2.50     9.18
  SINCE JAN 1     36.30                     45.11  -8.81    36.23

SNOWFALL (IN)
  TODAY            0.0           3.9  1938   0.0    0.0      0.0
  MONTH TO DATE    T                         0.1   -0.1      0.0
  SINCE OCT 1      T                         0.1   -0.1      0.0
  SINCE JUL 1      T                         0.1   -0.1      0.0
  SNOW DEPTH       0

DEGREE DAYS
 HEATING
  TODAY           22                        20      2       26
  MONTH TO DATE  358                       392    -34      265
  SINCE SEP 1    592                       703   -111      489
  SINCE JUL 1    592                       705   -113      489

 COOLING
  TODAY            0                         0      0        0
  MONTH TO DATE    0                         0      0        5
  SINCE SEP 1    257                       150    107      313
  SINCE JAN 1   1489                      1104    385     1578
..................................................................


WIND (MPH)
  HIGHEST WIND SPEED     9   HIGHEST WIND DIRECTION     E (80)
  HIGHEST GUST SPEED    14   HIGHEST GUST DIRECTION    SE (120)
  AVERAGE WIND SPEED     5.4


SKY COVER
  AVERAGE SKY COVER 0.7


WEATHER CONDITIONS
 THE FOLLOWING WEATHER WAS RECORDED TODAY.
  NO SIGNIFICANT WEATHER WAS OBSERVED.


RELATIVE HUMIDITY (PERCENT)
 HIGHEST    76           300 PM
 LOWEST     50           100 AM
 AVERAGE    63

..........................................................


THE CENTRAL PARK NY CLIMATE NORMALS FOR TOMORROW
                         NORMAL    RECORD    YEAR
 MAXIMUM TEMPERATURE (F)   50        73      1979
 MINIMUM TEMPERATURE (F)   39        19      1938


SUNRISE AND SUNSET
NOVEMBER 24 2016......SUNRISE   654 AM EST   SUNSET   431 PM EST
NOVEMBER 25 2016......SUNRISE   655 AM EST   SUNSET   431 PM EST


-  INDICATES NEGATIVE NUMBERS.
R  INDICATES RECORD WAS SET OR TIED.
MM INDICATES DATA IS MISSING.
T  INDICATES TRACE AMOUNT.




$$
