432
CDUS41 KOKX 130622
CLINYC


CLIMATE REPORT
NATIONAL WEATHER SERVICE NEW YORK NY
222 AM EDT FRI OCT 13 2017


...................................

...THE CENTRAL PARK NY CLIMATE SUMMARY FOR OCTOBER 12 2017...

CLIMATE NORMAL PERIOD 1981 TO 2010
CLIMATE RECORD PERIOD 1869 TO 2017


WEATHER ITEM   OBSERVED TIME   RECORD YEAR NORMAL DEPARTURE LAST
                VALUE   (LST)  VALUE       VALUE  FROM      YEAR
                                                  NORMAL
..................................................................
TEMPERATURE (F)
 YESTERDAY
  MAXIMUM         64    100 PM  86    1954  65     -1       66
                                      1928
  MINIMUM         55   1159 PM  35    1876  51      4       53
  AVERAGE         60                        58      2       60

PRECIPITATION (IN)
  YESTERDAY        0.07          4.26 2005   0.14  -0.07     0.00
  MONTH TO DATE    0.61                      1.74  -1.13     0.78
  SINCE SEP 1      2.61                      6.02  -3.41     3.57
  SINCE JAN 1     37.68                     39.26  -1.58    30.50

SNOWFALL (IN)
  YESTERDAY        0.0           0.0  2002   0.0    0.0      0.0
                                      2001
  MONTH TO DATE    0.0                       0.0    0.0      0.0
  SINCE OCT 1      0.0                       0.0    0.0      0.0
  SINCE JUL 1      0.0                       0.0    0.0      0.0
  SNOW DEPTH       0

DEGREE DAYS
 HEATING
  YESTERDAY        5                         8     -3        5
  MONTH TO DATE   14                        73    -59       50
  SINCE SEP 1     31                       116    -85       67
  SINCE JUL 1     31                       118    -87       67

 COOLING
  YESTERDAY        0                         1     -1        0
  MONTH TO DATE   61                        12     49        2
  SINCE SEP 1    251                       145    106      230
  SINCE JAN 1   1245                      1099    146     1462
..................................................................


WIND (MPH)
  HIGHEST WIND SPEED    18   HIGHEST WIND DIRECTION    NE (60)
  HIGHEST GUST SPEED    27   HIGHEST GUST DIRECTION     E (80)
  AVERAGE WIND SPEED     8.8


SKY COVER
  AVERAGE SKY COVER 0.5


WEATHER CONDITIONS
 THE FOLLOWING WEATHER WAS RECORDED YESTERDAY.
  LIGHT RAIN
  FOG


RELATIVE HUMIDITY (PERCENT)
 HIGHEST    86           800 AM
 LOWEST     55           600 PM
 AVERAGE    71

..........................................................


THE CENTRAL PARK NY CLIMATE NORMALS FOR TODAY
                         NORMAL    RECORD    YEAR
 MAXIMUM TEMPERATURE (F)   65        87      1954
 MINIMUM TEMPERATURE (F)   51        33      1875


SUNRISE AND SUNSET
OCTOBER 13 2017.......SUNRISE   705 AM EDT   SUNSET   618 PM EDT
OCTOBER 14 2017.......SUNRISE   706 AM EDT   SUNSET   617 PM EDT


-  INDICATES NEGATIVE NUMBERS.
R  INDICATES RECORD WAS SET OR TIED.
MM INDICATES DATA IS MISSING.
T  INDICATES TRACE AMOUNT.




$$
