000
CDUS41 KOKX 240618
CLINYC


CLIMATE REPORT
NATIONAL WEATHER SERVICE NEW YORK NY
118 AM EST TUE FEB 24 2015


...................................

...THE CENTRAL PARK NY CLIMATE SUMMARY FOR FEBRUARY 23 2015...

CLIMATE NORMAL PERIOD 1981 TO 2010
CLIMATE RECORD PERIOD 1869 TO 2015


WEATHER ITEM   OBSERVED TIME   RECORD YEAR NORMAL DEPARTURE LAST
                VALUE   (LST)  VALUE       VALUE  FROM      YEAR
                                                  NORMAL
..................................................................
TEMPERATURE (F)
 YESTERDAY
  MAXIMUM         38   1253 AM  70    1985  43     -5       54
  MINIMUM          8   1159 PM   5    1889  30    -22       43
                                      1873
  AVERAGE         23                        37    -14       49

PRECIPITATION (IN)
  YESTERDAY        0.00          1.38 1928   0.12  -0.12      T
  MONTH TO DATE    2.04                      2.50  -0.46     5.45
  SINCE DEC 1     13.31                     10.15   3.16    13.09
  SINCE JAN 1      7.27                      6.15   1.12     8.24

SNOWFALL (IN)
  YESTERDAY        0.0           4.8  1972   0.4   -0.4      0.0
  MONTH TO DATE   11.9                       7.8    4.1     28.8
  SINCE OCT 1     28.4                      19.9    8.5     57.1
  SINCE JUL 1     28.4                      19.9    8.5     57.1
  SNOW DEPTH      12

DEGREE DAYS
 HEATING
  YESTERDAY       42                        28     14       16
  MONTH TO DATE  933                       694    239      734
  SINCE DEC 1   2764                      2550    214     2669
  SINCE JUL 1   3549                      3383    166     3477

 COOLING
  YESTERDAY        0                         0      0        0
  MONTH TO DATE    0                         0      0        0
  SINCE DEC 1      0                         0      0        1
  SINCE JAN 1      0                         0      0        0
..................................................................


WIND (MPH)
  HIGHEST WIND SPEED    17   HIGHEST WIND DIRECTION    NW (310)
  HIGHEST GUST SPEED    29   HIGHEST GUST DIRECTION    NW (320)
  AVERAGE WIND SPEED    11.2


SKY COVER
  AVERAGE SKY COVER 0.3


WEATHER CONDITIONS
 THE FOLLOWING WEATHER WAS RECORDED YESTERDAY.
  NO SIGNIFICANT WEATHER WAS OBSERVED.


RELATIVE HUMIDITY (PERCENT)
 HIGHEST    64          1200 AM
 LOWEST     25           400 PM
 AVERAGE    45

..........................................................


THE CENTRAL PARK NY CLIMATE NORMALS FOR TODAY
                         NORMAL    RECORD    YEAR
 MAXIMUM TEMPERATURE (F)   44        75      1985
 MINIMUM TEMPERATURE (F)   30        -4      1873


SUNRISE AND SUNSET
FEBRUARY 24 2015......SUNRISE   638 AM EST   SUNSET   541 PM EST
FEBRUARY 25 2015......SUNRISE   636 AM EST   SUNSET   542 PM EST


-  INDICATES NEGATIVE NUMBERS.
R  INDICATES RECORD WAS SET OR TIED.
MM INDICATES DATA IS MISSING.
T  INDICATES TRACE AMOUNT.




$$
