000
CDUS41 KOKX 190619
CLINYC


CLIMATE REPORT
NATIONAL WEATHER SERVICE NEW YORK NY
119 AM EST SUN FEB 19 2017


...................................

...THE CENTRAL PARK NY CLIMATE SUMMARY FOR FEBRUARY 18 2017...

CLIMATE NORMAL PERIOD 1981 TO 2010
CLIMATE RECORD PERIOD 1869 TO 2017


WEATHER ITEM   OBSERVED TIME   RECORD YEAR NORMAL DEPARTURE LAST
                VALUE   (LST)  VALUE       VALUE  FROM      YEAR
                                                  NORMAL
..................................................................
TEMPERATURE (F)
 YESTERDAY
  MAXIMUM         63    729 PM  68    1981  42     21       36
  MINIMUM         35    347 AM   0    1979  29      6       27
  AVERAGE         49                        36     13       32

PRECIPITATION (IN)
  YESTERDAY        0.00          1.50 1887   0.11  -0.11     0.00
  MONTH TO DATE    1.94                      1.94   0.00     2.78
  SINCE DEC 1      9.66                      9.59   0.07    11.91
  SINCE JAN 1      6.77                      5.59   1.18     7.19

SNOWFALL (IN)
  YESTERDAY        0.0           3.5  1928   0.3   -0.3      0.0
  MONTH TO DATE    9.4                       6.0    3.4      4.0
  SINCE OCT 1     20.5                      18.1    2.4     31.9
  SINCE JUL 1     20.5                      18.1    2.4     31.9
  SNOW DEPTH       0

DEGREE DAYS
 HEATING
  YESTERDAY       16                        29    -13       33
  MONTH TO DATE  506                       551    -45      552
  SINCE DEC 1   2154                      2407   -253     1926
  SINCE JUL 1   2841                      3240   -399     2514

 COOLING
  YESTERDAY        0                         0      0        0
  MONTH TO DATE    0                         0      0        0
  SINCE DEC 1      0                         0      0        3
  SINCE JAN 1      0                         0      0        0
..................................................................


WIND (MPH)
  HIGHEST WIND SPEED    16   HIGHEST WIND DIRECTION     W (250)
  HIGHEST GUST SPEED    28   HIGHEST GUST DIRECTION    SW (240)
  AVERAGE WIND SPEED     5.9


SKY COVER
  AVERAGE SKY COVER 0.0


WEATHER CONDITIONS
 THE FOLLOWING WEATHER WAS RECORDED YESTERDAY.
  NO SIGNIFICANT WEATHER WAS OBSERVED.


RELATIVE HUMIDITY (PERCENT)
 HIGHEST    48           700 AM
 LOWEST     30           800 PM
 AVERAGE    39

..........................................................


THE CENTRAL PARK NY CLIMATE NORMALS FOR TODAY
                         NORMAL    RECORD    YEAR
 MAXIMUM TEMPERATURE (F)   42        66      1997
 MINIMUM TEMPERATURE (F)   30         1      1936


SUNRISE AND SUNSET
FEBRUARY 19 2017......SUNRISE   644 AM EST   SUNSET   536 PM EST
FEBRUARY 20 2017......SUNRISE   643 AM EST   SUNSET   537 PM EST


-  INDICATES NEGATIVE NUMBERS.
R  INDICATES RECORD WAS SET OR TIED.
MM INDICATES DATA IS MISSING.
T  INDICATES TRACE AMOUNT.




$$
