000
CDUS41 KOKX 150619
CLINYC


CLIMATE REPORT
NATIONAL WEATHER SERVICE NEW YORK NY
119 AM EST SUN JAN 15 2017


...................................

...THE CENTRAL PARK NY CLIMATE SUMMARY FOR JANUARY 14 2017...

CLIMATE NORMAL PERIOD 1981 TO 2010
CLIMATE RECORD PERIOD 1869 TO 2017


WEATHER ITEM   OBSERVED TIME   RECORD YEAR NORMAL DEPARTURE LAST
                VALUE   (LST)  VALUE       VALUE  FROM      YEAR
                                                  NORMAL
..................................................................
TEMPERATURE (F)
 YESTERDAY
  MAXIMUM         34    219 PM  70    1932  38     -4       38
  MINIMUM         28    806 AM  -5    1914  27      1       22
  AVERAGE         31                        32     -1       30

PRECIPITATION (IN)
  YESTERDAY        0.12          2.06 1940   0.12   0.00      T
  MONTH TO DATE    1.85                      1.70   0.15     1.80
  SINCE DEC 1      4.74                      5.70  -0.96     6.52
  SINCE JAN 1      1.85                      1.70   0.15     1.80

SNOWFALL (IN)
  YESTERDAY        0.6           9.5  1910   0.2    0.4       T
  MONTH TO DATE    6.9                       3.0    3.9       T
  SINCE OCT 1     10.1                       8.1    2.0       T
  SINCE JUL 1     10.1                       8.1    2.0       T
  SNOW DEPTH       0

DEGREE DAYS
 HEATING
  YESTERDAY       34                        33      1       35
  MONTH TO DATE  404                       453    -49      422
  SINCE DEC 1   1223                      1305    -82      856
  SINCE JUL 1   1910                      2138   -228     1444

 COOLING
  YESTERDAY        0                         0      0        0
  MONTH TO DATE    0                         0      0        0
  SINCE DEC 1      0                         0      0        3
  SINCE JAN 1      0                         0      0        0
..................................................................


WIND (MPH)
  HIGHEST WIND SPEED     9   HIGHEST WIND DIRECTION     W (280)
  HIGHEST GUST SPEED    12   HIGHEST GUST DIRECTION    NE (60)
  AVERAGE WIND SPEED     4.3


SKY COVER
  AVERAGE SKY COVER 0.5


WEATHER CONDITIONS
 THE FOLLOWING WEATHER WAS RECORDED YESTERDAY.
  HEAVY SNOW
  SNOW
  LIGHT SNOW
  FOG
  FOG W/VISIBILITY <= 1/4 MILE


RELATIVE HUMIDITY (PERCENT)
 HIGHEST    92           400 PM
 LOWEST     45          1200 AM
 AVERAGE    69

..........................................................


THE CENTRAL PARK NY CLIMATE NORMALS FOR TODAY
                         NORMAL    RECORD    YEAR
 MAXIMUM TEMPERATURE (F)   38        67      1932
 MINIMUM TEMPERATURE (F)   27         0      1957


SUNRISE AND SUNSET
JANUARY 15 2017.......SUNRISE   718 AM EST   SUNSET   453 PM EST
JANUARY 16 2017.......SUNRISE   717 AM EST   SUNSET   454 PM EST


-  INDICATES NEGATIVE NUMBERS.
R  INDICATES RECORD WAS SET OR TIED.
MM INDICATES DATA IS MISSING.
T  INDICATES TRACE AMOUNT.




$$
