000
CDUS41 KOKX 172037
CLINYC


CLIMATE REPORT
NATIONAL WEATHER SERVICE NEW YORK NY
436 PM EDT FRI MAR 17 2017


...................................

...THE CENTRAL PARK NY CLIMATE SUMMARY FOR MARCH 17 2017...
VALID TODAY AS OF 0400 PM LOCAL TIME.

CLIMATE NORMAL PERIOD 1981 TO 2010
CLIMATE RECORD PERIOD 1869 TO 2017


WEATHER ITEM   OBSERVED TIME   RECORD YEAR NORMAL DEPARTURE LAST
                VALUE   (LST)  VALUE       VALUE  FROM      YEAR
                                                  NORMAL
..................................................................
TEMPERATURE (F)
 TODAY
  MAXIMUM         46    259 PM  75    1945  50     -4       63
  MINIMUM         29    640 AM   9    1916  35     -6       45
  AVERAGE         38                        43     -5       54

PRECIPITATION (IN)
  TODAY            0.00          1.42 1968   0.15  -0.15      T
  MONTH TO DATE    2.52                      2.24   0.28     0.62
  SINCE MAR 1      2.52                      2.24   0.28     0.62
  SINCE JAN 1      9.83                      8.98   0.85     9.43

SNOWFALL (IN)
  TODAY            0.0           3.0  1967   0.1   -0.1      0.0
  MONTH TO DATE    9.7                       2.8    6.9      0.4
  SINCE OCT 1     30.2                      24.1    6.1     32.3
  SINCE JUL 1     30.2                      24.1    6.1     32.3
  SNOW DEPTH       4

DEGREE DAYS
 HEATING
  TODAY           27                        22      5       11
  MONTH TO DATE  489                       421     68      275
  SINCE MAR 1    489                       421     68      275
  SINCE JUL 1   3472                      3943   -471     3022

 COOLING
  TODAY            0                         0      0        0
  MONTH TO DATE    0                         0      0        6
  SINCE MAR 1      0                         0      0        6
  SINCE JAN 1      0                         0      0        6
..................................................................


WIND (MPH)
  HIGHEST WIND SPEED    15   HIGHEST WIND DIRECTION     W (280)
  HIGHEST GUST SPEED    22   HIGHEST GUST DIRECTION     W (290)
  AVERAGE WIND SPEED     7.3


SKY COVER
  AVERAGE SKY COVER 0.0


WEATHER CONDITIONS
 THE FOLLOWING WEATHER WAS RECORDED TODAY.
  NO SIGNIFICANT WEATHER WAS OBSERVED.


RELATIVE HUMIDITY (PERCENT)
 HIGHEST    53           300 AM
 LOWEST     19           300 PM
 AVERAGE    36

..........................................................


THE CENTRAL PARK NY CLIMATE NORMALS FOR TOMORROW
                         NORMAL    RECORD    YEAR
 MAXIMUM TEMPERATURE (F)   50        77      2011
                                             1989
 MINIMUM TEMPERATURE (F)   36         7      1916


SUNRISE AND SUNSET
MARCH 17 2017.........SUNRISE   704 AM EDT   SUNSET   705 PM EDT
MARCH 18 2017.........SUNRISE   702 AM EDT   SUNSET   706 PM EDT


-  INDICATES NEGATIVE NUMBERS.
R  INDICATES RECORD WAS SET OR TIED.
MM INDICATES DATA IS MISSING.
T  INDICATES TRACE AMOUNT.




$$
