000
CDUS41 KOKX 212039
CLINYC


CLIMATE REPORT
NATIONAL WEATHER SERVICE NEW YORK NY
439 PM EDT SUN AUG 21 2016


...................................

...THE CENTRAL PARK NY CLIMATE SUMMARY FOR AUGUST 21 2016...
VALID TODAY AS OF 0400 PM LOCAL TIME.

CLIMATE NORMAL PERIOD 1981 TO 2010
CLIMATE RECORD PERIOD 1869 TO 2016


WEATHER ITEM   OBSERVED TIME   RECORD YEAR NORMAL DEPARTURE LAST
                VALUE   (LST)  VALUE       VALUE  FROM      YEAR
                                                  NORMAL
..................................................................
TEMPERATURE (F)
 TODAY
  MAXIMUM         86    125 PM  96    1955  82      4       87
  MINIMUM         74    742 AM  53    1922  68      6       71
  AVERAGE         80                        75      5       79

PRECIPITATION (IN)
  TODAY            0.22          4.19 1888   0.15   0.07     0.32
  MONTH TO DATE    1.87                      3.14  -1.27     2.22
  SINCE JUN 1     11.49                     12.15  -0.66    10.99
  SINCE JAN 1     26.83                     31.94  -5.11    26.92

SNOWFALL (IN)
  TODAY            0.0           0.0  2002   0.0    0.0      0.0
                                      2001
  MONTH TO DATE    0.0                       0.0    0.0      0.0
  SINCE OCT 1     32.8                      25.8    7.0     50.3
  SINCE JUL 1      0.0                       0.0    0.0      0.0
  SNOW DEPTH       0

DEGREE DAYS
 HEATING
  TODAY            0                         0      0        0
  MONTH TO DATE    0                         0      0        0
  SINCE JUN 1      7                        19    -12       33
  SINCE JUL 1      0                         0      0        0

 COOLING
  TODAY           15                        10      5       14
  MONTH TO DATE  311                       226     85      307
  SINCE JUN 1    975                       793    182      972
  SINCE JAN 1   1094                       862    232     1131
..................................................................


WIND (MPH)
  HIGHEST WIND SPEED    12   HIGHEST WIND DIRECTION     S (200)
  HIGHEST GUST SPEED    21   HIGHEST GUST DIRECTION     S (180)
  AVERAGE WIND SPEED     3.5


SKY COVER
  AVERAGE SKY COVER 0.5


WEATHER CONDITIONS
 THE FOLLOWING WEATHER WAS RECORDED TODAY.
  HEAVY RAIN
  LIGHT RAIN
  FOG


RELATIVE HUMIDITY (PERCENT)
 HIGHEST    94           800 AM
 LOWEST     58           200 PM
 AVERAGE    76

..........................................................


THE CENTRAL PARK NY CLIMATE NORMALS FOR TOMORROW
                         NORMAL    RECORD    YEAR
 MAXIMUM TEMPERATURE (F)   82        95      1916
 MINIMUM TEMPERATURE (F)   67        52      1895


SUNRISE AND SUNSET
AUGUST 21 2016........SUNRISE   612 AM EDT   SUNSET   745 PM EDT
AUGUST 22 2016........SUNRISE   613 AM EDT   SUNSET   743 PM EDT


-  INDICATES NEGATIVE NUMBERS.
R  INDICATES RECORD WAS SET OR TIED.
MM INDICATES DATA IS MISSING.
T  INDICATES TRACE AMOUNT.




$$
