000
CDUS41 KOKX 162033
CLINYC


CLIMATE REPORT
NATIONAL WEATHER SERVICE NEW YORK NY
433 PM EDT FRI JUN 16 2017


...................................

...THE CENTRAL PARK NY CLIMATE SUMMARY FOR JUNE 16 2017...
VALID TODAY AS OF 0400 PM LOCAL TIME.

CLIMATE NORMAL PERIOD 1981 TO 2010
CLIMATE RECORD PERIOD 1869 TO 2017


WEATHER ITEM   OBSERVED TIME   RECORD YEAR NORMAL DEPARTURE LAST
                VALUE   (LST)  VALUE       VALUE  FROM      YEAR
                                                  NORMAL
..................................................................
TEMPERATURE (F)
 TODAY
  MAXIMUM         68    259 PM  97    1891  80    -12       74
  MINIMUM         63   1222 AM  52    1927  64     -1       65
  AVERAGE         66                        72     -6       70

PRECIPITATION (IN)
  TODAY            0.00          1.31 1972   0.15  -0.15     0.22
  MONTH TO DATE    0.48                      2.54  -2.06     2.02
  SINCE JUN 1      0.48                      2.54  -2.06     2.02
  SINCE JAN 1     23.26                     22.33   0.93    17.36

SNOWFALL (IN)
  TODAY            0.0           0.0  2002   0.0    0.0      0.0
                                      2001
  MONTH TO DATE    0.0                       0.0    0.0      0.0
  SINCE OCT 1     30.2                      25.8    4.4     32.8
  SINCE JUL 1     30.2                      25.8    4.4     32.8
  SNOW DEPTH       0

DEGREE DAYS
 HEATING
  TODAY            0                         0      0        0
  MONTH TO DATE   24                        17      7        7
  SINCE JUN 1     24                        17      7        7
  SINCE JUL 1   4226                      4748   -522     3768

 COOLING
  TODAY            1                         7     -6        5
  MONTH TO DATE   94                        88      6       87
  SINCE JUN 1     94                        88      6       87
  SINCE JAN 1    183                       157     26      206
..................................................................


WIND (MPH)
  HIGHEST WIND SPEED    10   HIGHEST WIND DIRECTION    SE (120)
  HIGHEST GUST SPEED    17   HIGHEST GUST DIRECTION    SE (120)
  AVERAGE WIND SPEED     5.5


SKY COVER
  AVERAGE SKY COVER 0.7


WEATHER CONDITIONS
 THE FOLLOWING WEATHER WAS RECORDED TODAY.
  FOG
  HAZE


RELATIVE HUMIDITY (PERCENT)
 HIGHEST    87          1200 PM
 LOWEST     73          1200 AM
 AVERAGE    80

..........................................................


THE CENTRAL PARK NY CLIMATE NORMALS FOR TOMORROW
                         NORMAL    RECORD    YEAR
 MAXIMUM TEMPERATURE (F)   80        96      1957
 MINIMUM TEMPERATURE (F)   64        51      1926


SUNRISE AND SUNSET
JUNE 16 2017..........SUNRISE   524 AM EDT   SUNSET   829 PM EDT
JUNE 17 2017..........SUNRISE   524 AM EDT   SUNSET   830 PM EDT


-  INDICATES NEGATIVE NUMBERS.
R  INDICATES RECORD WAS SET OR TIED.
MM INDICATES DATA IS MISSING.
T  INDICATES TRACE AMOUNT.




$$
