000
CDUS41 KOKX 162034
CLINYC


CLIMATE REPORT
NATIONAL WEATHER SERVICE NEW YORK NY
434 PM EDT FRI SEP 16 2016


...................................

...THE CENTRAL PARK NY CLIMATE SUMMARY FOR SEPTEMBER 16 2016...
VALID TODAY AS OF 0400 PM LOCAL TIME.

CLIMATE NORMAL PERIOD 1981 TO 2010
CLIMATE RECORD PERIOD 1869 TO 2016


WEATHER ITEM   OBSERVED TIME   RECORD YEAR NORMAL DEPARTURE LAST
                VALUE   (LST)  VALUE       VALUE  FROM      YEAR
                                                  NORMAL
..................................................................
TEMPERATURE (F)
 TODAY
  MAXIMUM         73    218 PM  93    1915  75     -2       88
  MINIMUM         61    448 AM  47    1966  61      0       66
  AVERAGE         67                        68     -1       77

PRECIPITATION (IN)
  TODAY            0.00          5.02 1999   0.15  -0.15     0.00
  MONTH TO DATE    1.28                      2.17  -0.89     1.91
  SINCE SEP 1      1.28                      2.17  -0.89     1.91
  SINCE JAN 1     28.21                     35.41  -7.20    28.96

SNOWFALL (IN)
  TODAY            0.0           0.0  2002   0.0    0.0      0.0
                                      2001
  MONTH TO DATE    0.0                       0.0    0.0      0.0
  SINCE OCT 1     32.8                      25.8    7.0     50.3
  SINCE JUL 1      0.0                       0.0    0.0      0.0
  SNOW DEPTH       0

DEGREE DAYS
 HEATING
  TODAY            0                         1     -1        0
  MONTH TO DATE    0                         7     -7        0
  SINCE SEP 1      0                         7     -7        0
  SINCE JUL 1      0                         9     -9        0

 COOLING
  TODAY            2                         4     -2       12
  MONTH TO DATE  159                        96     63      203
  SINCE SEP 1    159                        96     63      203
  SINCE JAN 1   1391                      1050    341     1468
..................................................................


WIND (MPH)
  HIGHEST WIND SPEED     9   HIGHEST WIND DIRECTION     S (160)
  HIGHEST GUST SPEED    17   HIGHEST GUST DIRECTION     S (160)
  AVERAGE WIND SPEED     1.9


SKY COVER
  AVERAGE SKY COVER 0.5


WEATHER CONDITIONS
 THE FOLLOWING WEATHER WAS RECORDED TODAY.
  NO SIGNIFICANT WEATHER WAS OBSERVED.


RELATIVE HUMIDITY (PERCENT)
 HIGHEST    72           100 AM
 LOWEST     49           100 PM
 AVERAGE    61

..........................................................


THE CENTRAL PARK NY CLIMATE NORMALS FOR TOMORROW
                         NORMAL    RECORD    YEAR
 MAXIMUM TEMPERATURE (F)   75        93      1991
 MINIMUM TEMPERATURE (F)   61        45      1986


SUNRISE AND SUNSET
SEPTEMBER 16 2016.....SUNRISE   638 AM EDT   SUNSET   702 PM EDT
SEPTEMBER 17 2016.....SUNRISE   639 AM EDT   SUNSET   701 PM EDT


-  INDICATES NEGATIVE NUMBERS.
R  INDICATES RECORD WAS SET OR TIED.
MM INDICATES DATA IS MISSING.
T  INDICATES TRACE AMOUNT.




$$
