000
CDUS41 KOKX 240618
CLINYC


CLIMATE REPORT
NATIONAL WEATHER SERVICE NEW YORK NY
117 AM EST THU NOV 24 2016


...................................

...THE CENTRAL PARK NY CLIMATE SUMMARY FOR NOVEMBER 23 2016...

CLIMATE NORMAL PERIOD 1981 TO 2010
CLIMATE RECORD PERIOD 1869 TO 2016


WEATHER ITEM   OBSERVED TIME   RECORD YEAR NORMAL DEPARTURE LAST
                VALUE   (LST)  VALUE       VALUE  FROM      YEAR
                                                  NORMAL
..................................................................
TEMPERATURE (F)
 YESTERDAY
  MAXIMUM         45    338 PM  72    1931  51     -6       44
  MINIMUM         35    829 AM  14    1880  40     -5       33
  AVERAGE         40                        45     -5       39

PRECIPITATION (IN)
  YESTERDAY        0.00          1.84 1923   0.14  -0.14     0.00
  MONTH TO DATE    2.43                      3.05  -0.62     1.99
  SINCE SEP 1      9.37                     11.73  -2.36     9.18
  SINCE JAN 1     36.30                     44.97  -8.67    36.23

SNOWFALL (IN)
  YESTERDAY        0.0           4.4  1989   0.0    0.0      0.0
  MONTH TO DATE    T                         0.1   -0.1      0.0
  SINCE OCT 1      T                         0.1   -0.1      0.0
  SINCE JUL 1      T                         0.1   -0.1      0.0
  SNOW DEPTH       0

DEGREE DAYS
 HEATING
  YESTERDAY       25                        20      5       26
  MONTH TO DATE  336                       372    -36      239
  SINCE SEP 1    570                       683   -113      463
  SINCE JUL 1    570                       685   -115      463

 COOLING
  YESTERDAY        0                         0      0        0
  MONTH TO DATE    0                         0      0        5
  SINCE SEP 1    257                       150    107      313
  SINCE JAN 1   1489                      1104    385     1578
..................................................................


WIND (MPH)
  HIGHEST WIND SPEED    12   HIGHEST WIND DIRECTION    NW (300)
  HIGHEST GUST SPEED    20   HIGHEST GUST DIRECTION     W (290)
  AVERAGE WIND SPEED     4.8


SKY COVER
  AVERAGE SKY COVER 0.1


WEATHER CONDITIONS
 THE FOLLOWING WEATHER WAS RECORDED YESTERDAY.
  NO SIGNIFICANT WEATHER WAS OBSERVED.


RELATIVE HUMIDITY (PERCENT)
 HIGHEST    59          1200 AM
 LOWEST     39           100 PM
 AVERAGE    49

..........................................................


THE CENTRAL PARK NY CLIMATE NORMALS FOR TODAY
                         NORMAL    RECORD    YEAR
 MAXIMUM TEMPERATURE (F)   51        73      1979
 MINIMUM TEMPERATURE (F)   39        14      1880


SUNRISE AND SUNSET
NOVEMBER 24 2016......SUNRISE   654 AM EST   SUNSET   431 PM EST
NOVEMBER 25 2016......SUNRISE   655 AM EST   SUNSET   431 PM EST


-  INDICATES NEGATIVE NUMBERS.
R  INDICATES RECORD WAS SET OR TIED.
MM INDICATES DATA IS MISSING.
T  INDICATES TRACE AMOUNT.




$$
