000
CDUS41 KOKX 140616
CLINYC


CLIMATE REPORT
NATIONAL WEATHER SERVICE NEW YORK NY
216 AM EDT MON APR 14 2014


...................................

...THE CENTRAL PARK NY CLIMATE SUMMARY FOR APRIL 13 2014...

CLIMATE NORMAL PERIOD 1981 TO 2010
CLIMATE RECORD PERIOD 1869 TO 2014


WEATHER ITEM   OBSERVED TIME   RECORD YEAR NORMAL DEPARTURE LAST
                VALUE   (LST)  VALUE       VALUE  FROM      YEAR
                                                  NORMAL
..................................................................
TEMPERATURE (F)
 YESTERDAY
  MAXIMUM         77    319 PM  88    1977  60     17       58
  MINIMUM         54    610 AM  25    1874  44     10       41
  AVERAGE         66                        52     14       50

PRECIPITATION (IN)
  YESTERDAY        0.00          1.26 1920   0.16  -0.16     0.01
  MONTH TO DATE    1.14                      2.07  -0.93     1.13
  SINCE MAR 1      4.81                      6.43  -1.62     4.03
  SINCE JAN 1     13.08                     13.17  -0.09    11.04

SNOWFALL (IN)
  YESTERDAY        0.0          10.0  1875   0.0    0.0      0.0
  MONTH TO DATE    0.0                       0.4   -0.4      0.0
  SINCE OCT 1     57.4                      25.6   31.8     26.1
  SINCE JUL 1     57.4                      25.6   31.8     26.1
  SNOW DEPTH       0

DEGREE DAYS
 HEATING
  YESTERDAY        0                        13    -13       15
  MONTH TO DATE  152                       197    -45      189
  SINCE MAR 1    994                       897     97      952
  SINCE JUL 1   4664                      4419    245     4325

 COOLING
  YESTERDAY        1                         0      1        0
  MONTH TO DATE    2                         0      2        2
  SINCE MAR 1      2                         1      1        2
  SINCE JAN 1      2                         1      1        2
..................................................................


WIND (MPH)
  HIGHEST WIND SPEED    15   HIGHEST WIND DIRECTION     S (180)
  HIGHEST GUST SPEED    23   HIGHEST GUST DIRECTION     S (180)
  AVERAGE WIND SPEED     5.7


SKY COVER
  AVERAGE SKY COVER 0.2


WEATHER CONDITIONS
 THE FOLLOWING WEATHER WAS RECORDED YESTERDAY.
  NO SIGNIFICANT WEATHER WAS OBSERVED.


RELATIVE HUMIDITY (PERCENT)
 HIGHEST    77           900 AM
 LOWEST     33          1200 AM
 AVERAGE    55

..........................................................


THE CENTRAL PARK NY CLIMATE NORMALS FOR TODAY
                         NORMAL    RECORD    YEAR
 MAXIMUM TEMPERATURE (F)   61        85      1941
 MINIMUM TEMPERATURE (F)   44        26      1950


SUNRISE AND SUNSET
APRIL 14 2014.........SUNRISE   619 AM EDT   SUNSET   734 PM EDT
APRIL 15 2014.........SUNRISE   617 AM EDT   SUNSET   735 PM EDT


-  INDICATES NEGATIVE NUMBERS.
R  INDICATES RECORD WAS SET OR TIED.
MM INDICATES DATA IS MISSING.
T  INDICATES TRACE AMOUNT.




$$
