000
CDUS41 KOKX 100617
CLINYC


CLIMATE REPORT
NATIONAL WEATHER SERVICE NEW YORK NY
115 AM EST WED JAN 10 2018


...................................

...THE CENTRAL PARK NY CLIMATE SUMMARY FOR JANUARY 9 2018...

CLIMATE NORMAL PERIOD 1981 TO 2010
CLIMATE RECORD PERIOD 1869 TO 2018


WEATHER ITEM   OBSERVED TIME   RECORD YEAR NORMAL DEPARTURE LAST
                VALUE   (LST)  VALUE       VALUE  FROM      YEAR
                                                  NORMAL
..................................................................
TEMPERATURE (F)
 YESTERDAY
  MAXIMUM         44    237 PM  64    2008  38      6       23
                                      1937
  MINIMUM         30    237 AM  -1    1968  27      3       14
  AVERAGE         37                        32      5       19

PRECIPITATION (IN)
  YESTERDAY        0.00          1.42 1936   0.13  -0.13     0.00
  MONTH TO DATE    0.77                      1.09  -0.32     1.16
  SINCE DEC 1      2.98                      5.09  -2.11     4.05
  SINCE JAN 1      0.77                      1.09  -0.32     1.16

SNOWFALL (IN)
  YESTERDAY        0.0           5.0  1886   0.2   -0.2      0.0
  MONTH TO DATE    9.8                       1.9    7.9      6.3
  SINCE OCT 1     17.5                       7.0   10.5      9.5
  SINCE JUL 1     17.5                       7.0   10.5      9.5
  SNOW DEPTH       5

DEGREE DAYS
 HEATING
  YESTERDAY       28                        32     -4       46
  MONTH TO DATE  408                       288    120      295
  SINCE DEC 1   1328                      1140    188     1114
  SINCE JUL 1   1990                      1973     17     1801

 COOLING
  YESTERDAY        0                         0      0        0
  MONTH TO DATE    0                         0      0        0
  SINCE DEC 1      0                         0      0        0
  SINCE JAN 1      0                         0      0        0
..................................................................


WIND (MPH)
  HIGHEST WIND SPEED    15   HIGHEST WIND DIRECTION    NW (310)
  HIGHEST GUST SPEED    27   HIGHEST GUST DIRECTION    NW (330)
  AVERAGE WIND SPEED     6.6


SKY COVER
  AVERAGE SKY COVER 0.1


WEATHER CONDITIONS
 THE FOLLOWING WEATHER WAS RECORDED YESTERDAY.
  NO SIGNIFICANT WEATHER WAS OBSERVED.


RELATIVE HUMIDITY (PERCENT)
 HIGHEST    72           300 AM
 LOWEST     39           100 PM
 AVERAGE    56

..........................................................


THE CENTRAL PARK NY CLIMATE NORMALS FOR TODAY
                         NORMAL    RECORD    YEAR
 MAXIMUM TEMPERATURE (F)   38        60      1876
 MINIMUM TEMPERATURE (F)   27        -6      1875


SUNRISE AND SUNSET
JANUARY 10 2018.......SUNRISE   720 AM EST   SUNSET   448 PM EST
JANUARY 11 2018.......SUNRISE   719 AM EST   SUNSET   449 PM EST


-  INDICATES NEGATIVE NUMBERS.
R  INDICATES RECORD WAS SET OR TIED.
MM INDICATES DATA IS MISSING.
T  INDICATES TRACE AMOUNT.




$$
