000
CDUS41 KOKX 250618
CLINYC


CLIMATE REPORT
NATIONAL WEATHER SERVICE NEW YORK NY
218 AM EDT MON APR 25 2016


...................................

...THE CENTRAL PARK NY CLIMATE SUMMARY FOR APRIL 24 2016...

CLIMATE NORMAL PERIOD 1981 TO 2010
CLIMATE RECORD PERIOD 1869 TO 2016


WEATHER ITEM   OBSERVED TIME   RECORD YEAR NORMAL DEPARTURE LAST
                VALUE   (LST)  VALUE       VALUE  FROM      YEAR
                                                  NORMAL
..................................................................
TEMPERATURE (F)
 YESTERDAY
  MAXIMUM         68    430 PM  87    2001  64      4       52
  MINIMUM         47    539 AM  31    1930  48     -1       39
  AVERAGE         58                        56      2       46

PRECIPITATION (IN)
  YESTERDAY        0.00          2.17 1968   0.14  -0.14     0.00
  MONTH TO DATE    1.32                      3.66  -2.34     2.08
  SINCE MAR 1      2.49                      8.02  -5.53     6.80
  SINCE JAN 1     11.30                     14.76  -3.46    14.07

SNOWFALL (IN)
  YESTERDAY        0.0           0.5  1883   0.0    0.0      0.0
  MONTH TO DATE    T                         0.6   -0.6      0.0
  SINCE OCT 1     32.1                      25.8    6.3     50.3
  SINCE JUL 1     32.1                      25.8    6.3     50.3
  SNOW DEPTH       0

DEGREE DAYS
 HEATING
  YESTERDAY        7                        10     -3       19
  MONTH TO DATE  295                       319    -24      273
  SINCE MAR 1    793                      1019   -226     1099
  SINCE JUL 1   3540                      4541  -1001     4858

 COOLING
  YESTERDAY        0                         1     -1        0
  MONTH TO DATE   13                         3     10        5
  SINCE MAR 1     19                         4     15        5
  SINCE JAN 1     19                         4     15        5
..................................................................


WIND (MPH)
  HIGHEST WIND SPEED    15   HIGHEST WIND DIRECTION    NE (30)
  HIGHEST GUST SPEED    25   HIGHEST GUST DIRECTION    NE (40)
  AVERAGE WIND SPEED     5.9


SKY COVER
  AVERAGE SKY COVER 0.0


WEATHER CONDITIONS
 THE FOLLOWING WEATHER WAS RECORDED YESTERDAY.
  NO SIGNIFICANT WEATHER WAS OBSERVED.


RELATIVE HUMIDITY (PERCENT)
 HIGHEST    68          1100 PM
 LOWEST     15           300 PM
 AVERAGE    42

..........................................................


THE CENTRAL PARK NY CLIMATE NORMALS FOR TODAY
                         NORMAL    RECORD    YEAR
 MAXIMUM TEMPERATURE (F)   65        91      1915
 MINIMUM TEMPERATURE (F)   48        29      1919


SUNRISE AND SUNSET
APRIL 25 2016.........SUNRISE   602 AM EDT   SUNSET   746 PM EDT
APRIL 26 2016.........SUNRISE   600 AM EDT   SUNSET   747 PM EDT


-  INDICATES NEGATIVE NUMBERS.
R  INDICATES RECORD WAS SET OR TIED.
MM INDICATES DATA IS MISSING.
T  INDICATES TRACE AMOUNT.




$$
