000
CDUS41 KOKX 160619
CLINYC


CLIMATE REPORT
NATIONAL WEATHER SERVICE NEW YORK NY
219 AM EDT SAT SEP 16 2017


...................................

...THE CENTRAL PARK NY CLIMATE SUMMARY FOR SEPTEMBER 15 2017...

CLIMATE NORMAL PERIOD 1981 TO 2010
CLIMATE RECORD PERIOD 1869 TO 2017


WEATHER ITEM   OBSERVED TIME   RECORD YEAR NORMAL DEPARTURE LAST
                VALUE   (LST)  VALUE       VALUE  FROM      YEAR
                                                  NORMAL
..................................................................
TEMPERATURE (F)
 YESTERDAY
  MAXIMUM         81    414 PM  92    1927  76      5       74
  MINIMUM         67    615 AM  45    1913  61      6       61
                                      1873
  AVERAGE         74                        68      6       68

PRECIPITATION (IN)
  YESTERDAY        0.00          4.16 1933   0.15  -0.15     0.00
  MONTH TO DATE    1.78                      2.02  -0.24     1.28
  SINCE SEP 1      1.78                      2.02  -0.24     1.28
  SINCE JAN 1     36.85                     35.26   1.59    28.21

SNOWFALL (IN)
  YESTERDAY        0.0           0.0  2002   0.0    0.0      0.0
                                      2001
  MONTH TO DATE    0.0                       0.0    0.0      0.0
  SINCE OCT 1     30.2                      25.8    4.4     32.8
  SINCE JUL 1      0.0                       0.0    0.0      0.0
  SNOW DEPTH       0

DEGREE DAYS
 HEATING
  YESTERDAY        0                         1     -1        0
  MONTH TO DATE    9                         6      3        0
  SINCE SEP 1      9                         6      3        0
  SINCE JUL 1      9                         8      1        0

 COOLING
  YESTERDAY        9                         4      5        3
  MONTH TO DATE   54                        92    -38      157
  SINCE SEP 1     54                        92    -38      157
  SINCE JAN 1   1048                      1046      2     1389
..................................................................


WIND (MPH)
  HIGHEST WIND SPEED     8   HIGHEST WIND DIRECTION     W (250)
  HIGHEST GUST SPEED    12   HIGHEST GUST DIRECTION     W (250)
  AVERAGE WIND SPEED     1.6


SKY COVER
  AVERAGE SKY COVER 0.4


WEATHER CONDITIONS
 THE FOLLOWING WEATHER WAS RECORDED YESTERDAY.
  NO SIGNIFICANT WEATHER WAS OBSERVED.


RELATIVE HUMIDITY (PERCENT)
 HIGHEST    87           600 AM
 LOWEST     60          1000 AM
 AVERAGE    74

..........................................................


THE CENTRAL PARK NY CLIMATE NORMALS FOR TODAY
                         NORMAL    RECORD    YEAR
 MAXIMUM TEMPERATURE (F)   75        93      1915
 MINIMUM TEMPERATURE (F)   61        47      1966


SUNRISE AND SUNSET
SEPTEMBER 16 2017.....SUNRISE   638 AM EDT   SUNSET   703 PM EDT
SEPTEMBER 17 2017.....SUNRISE   639 AM EDT   SUNSET   701 PM EDT


-  INDICATES NEGATIVE NUMBERS.
R  INDICATES RECORD WAS SET OR TIED.
MM INDICATES DATA IS MISSING.
T  INDICATES TRACE AMOUNT.




$$
