000
CDUS41 KOKX 092132
CLINYC


CLIMATE REPORT
NATIONAL WEATHER SERVICE NEW YORK NY
432 PM EST THU NOV 9 2017


...................................

...THE CENTRAL PARK NY CLIMATE SUMMARY FOR NOVEMBER 9 2017...
VALID TODAY AS OF 0400 PM LOCAL TIME.

CLIMATE NORMAL PERIOD 1981 TO 2010
CLIMATE RECORD PERIOD 1869 TO 2017


WEATHER ITEM   OBSERVED TIME   RECORD YEAR NORMAL DEPARTURE LAST
                VALUE   (LST)  VALUE       VALUE  FROM      YEAR
                                                  NORMAL
..................................................................
TEMPERATURE (F)
 TODAY
  MAXIMUM         55    218 PM  75    1975  56     -1       59
  MINIMUM         39    554 AM  24    1976  44     -5       49
  AVERAGE         47                        50     -3       54

PRECIPITATION (IN)
  TODAY            0.00          3.65 1889   0.13  -0.13     0.06
  MONTH TO DATE    0.73                      1.19  -0.46     0.06
  SINCE SEP 1      6.91                      9.87  -2.96     7.00
  SINCE JAN 1     41.98                     43.11  -1.13    33.93

SNOWFALL (IN)
  TODAY            0.0           2.3  1892   0.0    0.0      0.0
  MONTH TO DATE    0.0                       0.0    0.0      0.0
  SINCE OCT 1      0.0                       0.0    0.0      0.0
  SINCE JUL 1      0.0                       0.0    0.0      0.0
  SNOW DEPTH       0

DEGREE DAYS
 HEATING
  TODAY           18                        15      3       11
  MONTH TO DATE  107                       127    -20       95
  SINCE SEP 1    223                       438   -215      329
  SINCE JUL 1    223                       440   -217      329

 COOLING
  TODAY            0                         0      0        0
  MONTH TO DATE    0                         0      0        0
  SINCE SEP 1    271                       150    121      257
  SINCE JAN 1   1265                      1104    161     1489
..................................................................


WIND (MPH)
  HIGHEST WIND SPEED     9   HIGHEST WIND DIRECTION     E (70)
  HIGHEST GUST SPEED    14   HIGHEST GUST DIRECTION    SE (140)
  AVERAGE WIND SPEED     3.0


SKY COVER
  AVERAGE SKY COVER 0.4


WEATHER CONDITIONS
 THE FOLLOWING WEATHER WAS RECORDED TODAY.
  HAZE


RELATIVE HUMIDITY (PERCENT)
 HIGHEST    85           500 AM
 LOWEST     54           100 PM
 AVERAGE    70

..........................................................


THE CENTRAL PARK NY CLIMATE NORMALS FOR TOMORROW
                         NORMAL    RECORD    YEAR
 MAXIMUM TEMPERATURE (F)   56        73      1985
 MINIMUM TEMPERATURE (F)   43        27      1914


SUNRISE AND SUNSET
NOVEMBER  9 2017......SUNRISE   636 AM EST   SUNSET   443 PM EST
NOVEMBER 10 2017......SUNRISE   637 AM EST   SUNSET   442 PM EST


-  INDICATES NEGATIVE NUMBERS.
R  INDICATES RECORD WAS SET OR TIED.
MM INDICATES DATA IS MISSING.
T  INDICATES TRACE AMOUNT.




$$
