000
CDUS41 KOKX 090616
CLINYC


CLIMATE REPORT
NATIONAL WEATHER SERVICE NEW YORK NY
216 AM EDT WED APR 9 2014


...................................

...THE CENTRAL PARK NY CLIMATE SUMMARY FOR APRIL 8 2014...

CLIMATE NORMAL PERIOD 1981 TO 2010
CLIMATE RECORD PERIOD 1869 TO 2014


WEATHER ITEM   OBSERVED TIME   RECORD YEAR NORMAL DEPARTURE LAST
                VALUE   (LST)  VALUE       VALUE  FROM      YEAR
                                                  NORMAL
..................................................................
TEMPERATURE (F)
 YESTERDAY
  MAXIMUM         64    213 PM  90    1991  58      6       73
  MINIMUM         46   1242 AM  25    1982  42      4       51
  AVERAGE         55                        50      5       62

PRECIPITATION (IN)
  YESTERDAY        0.34          1.93 1940   0.15   0.19     0.00
  MONTH TO DATE    1.14                      1.26  -0.12      T
  SINCE MAR 1      4.81                      5.62  -0.81     2.90
  SINCE JAN 1     13.08                     12.36   0.72     9.91

SNOWFALL (IN)
  YESTERDAY        0.0           4.2  1956   0.0    0.0      0.0
  MONTH TO DATE    0.0                       0.3   -0.3      0.0
  SINCE OCT 1     57.4                      25.5   31.9     26.1
  SINCE JUL 1     57.4                      25.5   31.9     26.1
  SNOW DEPTH       0

DEGREE DAYS
 HEATING
  YESTERDAY       10                        15     -5        3
  MONTH TO DATE  122                       129     -7      142
  SINCE MAR 1    964                       829    135      905
  SINCE JUL 1   4634                      4351    283     4278

 COOLING
  YESTERDAY        0                         0      0        0
  MONTH TO DATE    0                         0      0        0
  SINCE MAR 1      0                         1     -1        0
  SINCE JAN 1      0                         1     -1        0
..................................................................


WIND (MPH)
  HIGHEST WIND SPEED    17   HIGHEST WIND DIRECTION     W (290)
  HIGHEST GUST SPEED    30   HIGHEST GUST DIRECTION     W (250)
  AVERAGE WIND SPEED     6.9


SKY COVER
  AVERAGE SKY COVER 0.7


WEATHER CONDITIONS
 THE FOLLOWING WEATHER WAS RECORDED YESTERDAY.
  HEAVY RAIN
  RAIN
  LIGHT RAIN
  FOG
  HAZE


RELATIVE HUMIDITY (PERCENT)
 HIGHEST    93           100 AM
 LOWEST     36           400 PM
 AVERAGE    65

..........................................................


THE CENTRAL PARK NY CLIMATE NORMALS FOR TODAY
                         NORMAL    RECORD    YEAR
 MAXIMUM TEMPERATURE (F)   59        86      1991
 MINIMUM TEMPERATURE (F)   43        25      1977


SUNRISE AND SUNSET
APRIL  9 2014.........SUNRISE   627 AM EDT   SUNSET   729 PM EDT
APRIL 10 2014.........SUNRISE   625 AM EDT   SUNSET   730 PM EDT


-  INDICATES NEGATIVE NUMBERS.
R  INDICATES RECORD WAS SET OR TIED.
MM INDICATES DATA IS MISSING.
T  INDICATES TRACE AMOUNT.




$$
