000
CDUS41 KOKX 202132
CLINYC


CLIMATE REPORT
NATIONAL WEATHER SERVICE NEW YORK NY
432 PM EST TUE JAN 20 2015


...................................

...THE CENTRAL PARK NY CLIMATE SUMMARY FOR JANUARY 20 2015...
VALID TODAY AS OF 0400 PM LOCAL TIME.

CLIMATE NORMAL PERIOD 1981 TO 2010
CLIMATE RECORD PERIOD 1869 TO 2015


WEATHER ITEM   OBSERVED TIME   RECORD YEAR NORMAL DEPARTURE LAST
                VALUE   (LST)  VALUE       VALUE  FROM      YEAR
                                                  NORMAL
..................................................................
TEMPERATURE (F)
 TODAY
  MAXIMUM         40    354 PM  61    2006  38      2       46
                                      1951
  MINIMUM         34    846 AM   0    1994  27      7       31
  AVERAGE         37                        32      5       39

PRECIPITATION (IN)
  TODAY            0.00          1.41 1995   0.11  -0.11     0.00
  MONTH TO DATE    3.59                      2.41   1.18     2.23
  SINCE DEC 1      9.63                      6.41   3.22     7.08
  SINCE JAN 1      3.59                      2.41   1.18     2.23

SNOWFALL (IN)
  TODAY            0.0          11.1  1978   0.3   -0.3      0.0
  MONTH TO DATE    2.0                       4.4   -2.4      6.4
  SINCE OCT 1      3.2                       9.5   -6.3     15.0
  SINCE JUL 1      3.2                       9.5   -6.3     15.0
  SNOW DEPTH       0

DEGREE DAYS
 HEATING
  TODAY           28                        33     -5       26
  MONTH TO DATE  692                       651     41      640
  SINCE DEC 1   1443                      1503    -60     1455
  SINCE JUL 1   2228                      2336   -108     2263

 COOLING
  TODAY            0                         0      0        0
  MONTH TO DATE    0                         0      0        0
  SINCE DEC 1      0                         0      0        1
  SINCE JAN 1      0                         0      0        0
..................................................................


WIND (MPH)
  HIGHEST WIND SPEED    13   HIGHEST WIND DIRECTION     W (290)
  HIGHEST GUST SPEED    20   HIGHEST GUST DIRECTION     W (280)
  AVERAGE WIND SPEED     5.6


SKY COVER
  AVERAGE SKY COVER 0.6


WEATHER CONDITIONS
 THE FOLLOWING WEATHER WAS RECORDED TODAY.
  NO SIGNIFICANT WEATHER WAS OBSERVED.


RELATIVE HUMIDITY (PERCENT)
 HIGHEST    59           100 AM
 LOWEST     40           100 PM
 AVERAGE    50

..........................................................


THE CENTRAL PARK NY CLIMATE NORMALS FOR TOMORROW
                         NORMAL    RECORD    YEAR
 MAXIMUM TEMPERATURE (F)   38        63      2006
 MINIMUM TEMPERATURE (F)   27        -2      1985


SUNRISE AND SUNSET
JANUARY 20 2015.......SUNRISE   716 AM EST   SUNSET   458 PM EST
JANUARY 21 2015.......SUNRISE   715 AM EST   SUNSET   500 PM EST


-  INDICATES NEGATIVE NUMBERS.
R  INDICATES RECORD WAS SET OR TIED.
MM INDICATES DATA IS MISSING.
T  INDICATES TRACE AMOUNT.




$$
