000
CDUS41 KOKX 162043
CLINYC


CLIMATE REPORT
NATIONAL WEATHER SERVICE NEW YORK NY
442 PM EDT SAT JUL 16 2016


...................................

...THE CENTRAL PARK NY CLIMATE SUMMARY FOR JULY 16 2016...
VALID TODAY AS OF 0400 PM LOCAL TIME.

CLIMATE NORMAL PERIOD 1981 TO 2010
CLIMATE RECORD PERIOD 1869 TO 2016


WEATHER ITEM   OBSERVED TIME   RECORD YEAR NORMAL DEPARTURE LAST
                VALUE   (LST)  VALUE       VALUE  FROM      YEAR
                                                  NORMAL
..................................................................
TEMPERATURE (F)
 TODAY
  MAXIMUM         90    137 PM  99    1980  84      6       80
  MINIMUM         75    541 AM  56    1946  69      6       64
                                      1926
  AVERAGE         83                        77      6       72

PRECIPITATION (IN)
  TODAY            0.00          1.38 1926   0.16  -0.16     0.00
  MONTH TO DATE    3.25                      2.25   1.00     1.35
  SINCE JUN 1      5.85                      6.66  -0.81     6.14
  SINCE JAN 1     21.19                     26.45  -5.26    22.07

SNOWFALL (IN)
  TODAY            0.0           0.0  2002   0.0    0.0      0.0
                                      2001
  MONTH TO DATE    0.0                       0.0    0.0      0.0
  SINCE OCT 1     32.8                      25.8    7.0     50.3
  SINCE JUL 1      0.0                       0.0    0.0      0.0
  SNOW DEPTH       0

DEGREE DAYS
 HEATING
  TODAY            0                         0      0        0
  MONTH TO DATE    0                         0      0        0
  SINCE JUN 1      7                        19    -12       33
  SINCE JUL 1      0                         0      0        0

 COOLING
  TODAY           18                        12      6        7
  MONTH TO DATE  186                       180      6      196
  SINCE JUN 1    418                       392     26      424
  SINCE JAN 1    537                       461     76      583
..................................................................


WIND (MPH)
  HIGHEST WIND SPEED     9   HIGHEST WIND DIRECTION     E (70)
  HIGHEST GUST SPEED    12   HIGHEST GUST DIRECTION     N (340)
  AVERAGE WIND SPEED     4.3


SKY COVER
  AVERAGE SKY COVER 0.0


WEATHER CONDITIONS
 THE FOLLOWING WEATHER WAS RECORDED TODAY.
  NO SIGNIFICANT WEATHER WAS OBSERVED.


RELATIVE HUMIDITY (PERCENT)
 HIGHEST    69           500 AM
 LOWEST     40          1100 AM
 AVERAGE    55

..........................................................


THE CENTRAL PARK NY CLIMATE NORMALS FOR TOMORROW
                         NORMAL    RECORD    YEAR
 MAXIMUM TEMPERATURE (F)   84       100      1953
 MINIMUM TEMPERATURE (F)   69        57      1892


SUNRISE AND SUNSET
JULY 16 2016..........SUNRISE   538 AM EDT   SUNSET   825 PM EDT
JULY 17 2016..........SUNRISE   539 AM EDT   SUNSET   824 PM EDT


-  INDICATES NEGATIVE NUMBERS.
R  INDICATES RECORD WAS SET OR TIED.
MM INDICATES DATA IS MISSING.
T  INDICATES TRACE AMOUNT.




$$
