000
CDUS41 KOKX 262133
CLINYC


CLIMATE REPORT
NATIONAL WEATHER SERVICE NEW YORK NY
433 PM EST SAT NOV 26 2016


...................................

...THE CENTRAL PARK NY CLIMATE SUMMARY FOR NOVEMBER 26 2016...
VALID TODAY AS OF 0400 PM LOCAL TIME.

CLIMATE NORMAL PERIOD 1981 TO 2010
CLIMATE RECORD PERIOD 1869 TO 2016


WEATHER ITEM   OBSERVED TIME   RECORD YEAR NORMAL DEPARTURE LAST
                VALUE   (LST)  VALUE       VALUE  FROM      YEAR
                                                  NORMAL
..................................................................
TEMPERATURE (F)
 TODAY
  MAXIMUM         50    259 PM  67    1946  50      0       60
  MINIMUM         44    804 AM  16    1938  39      5       41
                                      1880
  AVERAGE         47                        44      3       51

PRECIPITATION (IN)
  TODAY            0.00          1.91 1996   0.14  -0.14     0.00
  MONTH TO DATE    2.48                      3.46  -0.98     1.99
  SINCE SEP 1      9.42                     12.14  -2.72     9.18
  SINCE JAN 1     36.35                     45.38  -9.03    36.23

SNOWFALL (IN)
  TODAY            0.0           5.0  1898   0.0    0.0      0.0
  MONTH TO DATE    T                         0.2   -0.2      0.0
  SINCE OCT 1      T                         0.2   -0.2      0.0
  SINCE JUL 1      T                         0.2   -0.2      0.0
  SNOW DEPTH       0

DEGREE DAYS
 HEATING
  TODAY           18                        21     -3       14
  MONTH TO DATE  391                       433    -42      301
  SINCE SEP 1    625                       744   -119      525
  SINCE JUL 1    625                       746   -121      525

 COOLING
  TODAY            0                         0      0        0
  MONTH TO DATE    0                         0      0        5
  SINCE SEP 1    257                       150    107      313
  SINCE JAN 1   1489                      1104    385     1578
..................................................................


WIND (MPH)
  HIGHEST WIND SPEED    14   HIGHEST WIND DIRECTION    NW (310)
  HIGHEST GUST SPEED    21   HIGHEST GUST DIRECTION    NW (300)
  AVERAGE WIND SPEED     3.7


SKY COVER
  AVERAGE SKY COVER 0.8


WEATHER CONDITIONS
 THE FOLLOWING WEATHER WAS RECORDED TODAY.
  FOG
  HAZE


RELATIVE HUMIDITY (PERCENT)
 HIGHEST    83           700 AM
 LOWEST     52           300 PM
 AVERAGE    68

..........................................................


THE CENTRAL PARK NY CLIMATE NORMALS FOR TOMORROW
                         NORMAL    RECORD    YEAR
 MAXIMUM TEMPERATURE (F)   50        72      1896
 MINIMUM TEMPERATURE (F)   38        12      1932


SUNRISE AND SUNSET
NOVEMBER 26 2016......SUNRISE   656 AM EST   SUNSET   430 PM EST
NOVEMBER 27 2016......SUNRISE   657 AM EST   SUNSET   430 PM EST


-  INDICATES NEGATIVE NUMBERS.
R  INDICATES RECORD WAS SET OR TIED.
MM INDICATES DATA IS MISSING.
T  INDICATES TRACE AMOUNT.




$$
