000
CDUS41 KOKX 210618
CLINYC


CLIMATE REPORT
NATIONAL WEATHER SERVICE NEW YORK NY
217 AM EDT THU MAY 21 2015


...................................

...THE CENTRAL PARK NY CLIMATE SUMMARY FOR MAY 20 2015...

CLIMATE NORMAL PERIOD 1981 TO 2010
CLIMATE RECORD PERIOD 1869 TO 2015


WEATHER ITEM   OBSERVED TIME   RECORD YEAR NORMAL DEPARTURE LAST
                VALUE   (LST)  VALUE       VALUE  FROM      YEAR
                                                  NORMAL
..................................................................
TEMPERATURE (F)
 YESTERDAY
  MAXIMUM         67   1221 AM  96    1996  72     -5       78
  MINIMUM         54   1159 PM  43    2002  55     -1       53
                                      1907
  AVERAGE         61                        64     -3       66

PRECIPITATION (IN)
  YESTERDAY        0.00          2.03 1972   0.14  -0.14     0.00
  MONTH TO DATE    0.32                      2.56  -2.24     2.77
  SINCE MAR 1      7.12                     11.42  -4.30    14.29
  SINCE JAN 1     14.39                     18.16  -3.77    22.56

SNOWFALL (IN)
  YESTERDAY        0.0           0.0  2002   0.0    0.0      0.0
                                      2001
  MONTH TO DATE    0.0                       0.0    0.0      0.0
  SINCE OCT 1     50.3                      25.8   24.5     57.4
  SINCE JUL 1     50.3                      25.8   24.5     57.4
  SNOW DEPTH       0

DEGREE DAYS
 HEATING
  YESTERDAY        4                         4      0        0
  MONTH TO DATE   24                       109    -85       57
  SINCE MAR 1   1169                      1180    -11     1276
  SINCE JUL 1   4928                      4702    226     4946

 COOLING
  YESTERDAY        0                         2     -2        1
  MONTH TO DATE   73                        26     47       22
  SINCE MAR 1     78                        38     40       26
  SINCE JAN 1     78                        38     40       26
..................................................................


WIND (MPH)
  HIGHEST WIND SPEED    14   HIGHEST WIND DIRECTION    NW (300)
  HIGHEST GUST SPEED    27   HIGHEST GUST DIRECTION    NW (320)
  AVERAGE WIND SPEED     6.9


SKY COVER
  AVERAGE SKY COVER 0.2


WEATHER CONDITIONS
 THE FOLLOWING WEATHER WAS RECORDED YESTERDAY.
  NO SIGNIFICANT WEATHER WAS OBSERVED.


RELATIVE HUMIDITY (PERCENT)
 HIGHEST    57           400 AM
 LOWEST     36           200 PM
 AVERAGE    47

..........................................................


THE CENTRAL PARK NY CLIMATE NORMALS FOR TODAY
                         NORMAL    RECORD    YEAR
 MAXIMUM TEMPERATURE (F)   72        93      1996
 MINIMUM TEMPERATURE (F)   55        40      1907


SUNRISE AND SUNSET
MAY 21 2015...........SUNRISE   534 AM EDT   SUNSET   812 PM EDT
MAY 22 2015...........SUNRISE   533 AM EDT   SUNSET   813 PM EDT


-  INDICATES NEGATIVE NUMBERS.
R  INDICATES RECORD WAS SET OR TIED.
MM INDICATES DATA IS MISSING.
T  INDICATES TRACE AMOUNT.




$$
