000
CDUS41 KOKX 212036
CLINYC


CLIMATE REPORT
NATIONAL WEATHER SERVICE NEW YORK NY
433 PM EDT SUN MAY 21 2017


...................................

...THE CENTRAL PARK NY CLIMATE SUMMARY FOR MAY 21 2017...
VALID TODAY AS OF 0400 PM LOCAL TIME.

CLIMATE NORMAL PERIOD 1981 TO 2010
CLIMATE RECORD PERIOD 1869 TO 2017


WEATHER ITEM   OBSERVED TIME   RECORD YEAR NORMAL DEPARTURE LAST
                VALUE   (LST)  VALUE       VALUE  FROM      YEAR
                                                  NORMAL
..................................................................
TEMPERATURE (F)
 TODAY
  MAXIMUM         69    116 PM  93    1996  72     -3       66
  MINIMUM         52    448 AM  40    1907  55     -3       54
  AVERAGE         61                        64     -3       60

PRECIPITATION (IN)
  TODAY            0.00          1.94 1883   0.14  -0.14     0.04
  MONTH TO DATE    4.85                      2.70   2.15     1.81
  SINCE MAR 1     13.94                     11.56   2.38     4.59
  SINCE JAN 1     21.25                     18.30   2.95    13.40

SNOWFALL (IN)
  TODAY            0.0           0.0  2002   0.0    0.0      0.0
                                      2001
  MONTH TO DATE    0.0                       0.0    0.0      0.0
  SINCE OCT 1     30.2                      25.8    4.4     32.8
  SINCE JUL 1     30.2                      25.8    4.4     32.8
  SNOW DEPTH       0

DEGREE DAYS
 HEATING
  TODAY            4                         3      1        5
  MONTH TO DATE  133                       112     21      157
  SINCE MAR 1   1187                      1183      4     1010
  SINCE JUL 1   4170                      4705   -535     3757

 COOLING
  TODAY            0                         2     -2        0
  MONTH TO DATE   53                        28     25        3
  SINCE MAR 1     87                        40     47       22
  SINCE JAN 1     87                        40     47       22
..................................................................


WIND (MPH)
  HIGHEST WIND SPEED    12   HIGHEST WIND DIRECTION     S (160)
  HIGHEST GUST SPEED    19   HIGHEST GUST DIRECTION     S (170)
  AVERAGE WIND SPEED     3.1


SKY COVER
  AVERAGE SKY COVER 0.0


WEATHER CONDITIONS
 THE FOLLOWING WEATHER WAS RECORDED TODAY.
  NO SIGNIFICANT WEATHER WAS OBSERVED.


RELATIVE HUMIDITY (PERCENT)
 HIGHEST    71           500 AM
 LOWEST     28           100 PM
 AVERAGE    50

..........................................................


THE CENTRAL PARK NY CLIMATE NORMALS FOR TOMORROW
                         NORMAL    RECORD    YEAR
 MAXIMUM TEMPERATURE (F)   72        96      1941
 MINIMUM TEMPERATURE (F)   56        44      1990


SUNRISE AND SUNSET
MAY 21 2017...........SUNRISE   533 AM EDT   SUNSET   812 PM EDT
MAY 22 2017...........SUNRISE   533 AM EDT   SUNSET   813 PM EDT


-  INDICATES NEGATIVE NUMBERS.
R  INDICATES RECORD WAS SET OR TIED.
MM INDICATES DATA IS MISSING.
T  INDICATES TRACE AMOUNT.




$$
