000
CDUS41 KOKX 080617
CLINYC


CLIMATE REPORT
NATIONAL WEATHER SERVICE NEW YORK NY
217 AM EDT TUE JUL 8 2014


...................................

...THE CENTRAL PARK NY CLIMATE SUMMARY FOR JULY 7 2014...

CLIMATE NORMAL PERIOD 1981 TO 2010
CLIMATE RECORD PERIOD 1869 TO 2014


WEATHER ITEM   OBSERVED TIME   RECORD YEAR NORMAL DEPARTURE LAST
                VALUE   (LST)  VALUE       VALUE  FROM      YEAR
                                                  NORMAL
..................................................................
TEMPERATURE (F)
 YESTERDAY
  MAXIMUM         90    351 PM 100    2010  84      6       92
  MINIMUM         72    608 AM  56    1914  68      4       78
  AVERAGE         81                        76      5       85

PRECIPITATION (IN)
  YESTERDAY        0.04          3.13 1984   0.13  -0.09     0.00
  MONTH TO DATE    2.92                      0.88   2.04     1.45
  SINCE JUN 1      7.18                      5.29   1.89    11.55
  SINCE JAN 1     31.34                     25.08   6.26    30.77

SNOWFALL (IN)
  YESTERDAY        0.0           0.0  2002   0.0    0.0      0.0
                                      2001
  MONTH TO DATE    0.0                       0.0    0.0      0.0
  SINCE OCT 1     57.4                      25.8   31.6     26.1
  SINCE JUL 1      0.0                       0.0    0.0      0.0
  SNOW DEPTH       0

DEGREE DAYS
 HEATING
  YESTERDAY        0                         0      0        0
  MONTH TO DATE    0                         0      0        0
  SINCE JUN 1      0                        19    -19        9
  SINCE JUL 1      0                         0      0        0

 COOLING
  YESTERDAY       16                        11      5       20
  MONTH TO DATE   84                        76      8      109
  SINCE JUN 1    316                       288     28      354
  SINCE JAN 1    370                       357     13      433
..................................................................


WIND (MPH)
  HIGHEST WIND SPEED    14   HIGHEST WIND DIRECTION     W (260)
  HIGHEST GUST SPEED    25   HIGHEST GUST DIRECTION    SW (240)
  AVERAGE WIND SPEED     5.7


SKY COVER
  AVERAGE SKY COVER 0.2


WEATHER CONDITIONS
 THE FOLLOWING WEATHER WAS RECORDED YESTERDAY.
  HEAVY RAIN
  RAIN
  LIGHT RAIN
  FOG


RELATIVE HUMIDITY (PERCENT)
 HIGHEST    73           500 AM
 LOWEST     38           400 PM
 AVERAGE    56

..........................................................


THE CENTRAL PARK NY CLIMATE NORMALS FOR TODAY
                         NORMAL    RECORD    YEAR
 MAXIMUM TEMPERATURE (F)   84       100      1993
 MINIMUM TEMPERATURE (F)   69        56      1894


SUNRISE AND SUNSET
JULY  8 2014..........SUNRISE   532 AM EDT   SUNSET   829 PM EDT
JULY  9 2014..........SUNRISE   533 AM EDT   SUNSET   829 PM EDT


-  INDICATES NEGATIVE NUMBERS.
R  INDICATES RECORD WAS SET OR TIED.
MM INDICATES DATA IS MISSING.
T  INDICATES TRACE AMOUNT.




$$
