000
CDUS41 KOKX 260619
CLINYC


CLIMATE REPORT
NATIONAL WEATHER SERVICE NEW YORK NY
219 AM EDT FRI SEP 26 2014


...................................

...THE CENTRAL PARK NY CLIMATE SUMMARY FOR SEPTEMBER 25 2014...

CLIMATE NORMAL PERIOD 1981 TO 2010
CLIMATE RECORD PERIOD 1869 TO 2014


WEATHER ITEM   OBSERVED TIME   RECORD YEAR NORMAL DEPARTURE LAST
                VALUE   (LST)  VALUE       VALUE  FROM      YEAR
                                                  NORMAL
..................................................................
TEMPERATURE (F)
 YESTERDAY
  MAXIMUM         64    354 AM  90    1970  72     -8       73
  MINIMUM         57    952 AM  40    1887  57      0       52
  AVERAGE         61                        64     -3       63

PRECIPITATION (IN)
  YESTERDAY        0.32          2.36 1940   0.14   0.18     0.00
  MONTH TO DATE    1.21                      3.50  -2.29     2.95
  SINCE SEP 1      1.21                      3.50  -2.29     2.95
  SINCE JAN 1     37.47                     36.74   0.73    37.96

SNOWFALL (IN)
  YESTERDAY        0.0           0.0  2002   0.0    0.0      0.0
                                      2001
  MONTH TO DATE    0.0                       0.0    0.0      0.0
  SINCE OCT 1     57.4                      25.8   31.6     26.1
  SINCE JUL 1      0.0                       0.0    0.0      0.0
  SNOW DEPTH       0

DEGREE DAYS
 HEATING
  YESTERDAY        4                         3      1        2
  MONTH TO DATE   22                        24     -2       34
  SINCE SEP 1     22                        24     -2       34
  SINCE JUL 1     22                        26     -4       34

 COOLING
  YESTERDAY        0                         2     -2        0
  MONTH TO DATE  141                       123     18      131
  SINCE SEP 1    141                       123     18      131
  SINCE JAN 1   1079                      1077      2     1224
..................................................................


WIND (MPH)
  HIGHEST WIND SPEED    16   HIGHEST WIND DIRECTION     E (70)
  HIGHEST GUST SPEED    23   HIGHEST GUST DIRECTION     E (70)
  AVERAGE WIND SPEED     8.2


SKY COVER
  AVERAGE SKY COVER 0.8


WEATHER CONDITIONS
 THE FOLLOWING WEATHER WAS RECORDED YESTERDAY.
  RAIN
  LIGHT RAIN
  FOG


RELATIVE HUMIDITY (PERCENT)
 HIGHEST    90           300 PM
 LOWEST     60          1200 AM
 AVERAGE    75

..........................................................


THE CENTRAL PARK NY CLIMATE NORMALS FOR TODAY
                         NORMAL    RECORD    YEAR
 MAXIMUM TEMPERATURE (F)   71        91      1970
                                             1881
 MINIMUM TEMPERATURE (F)   57        42      1940


SUNRISE AND SUNSET
SEPTEMBER 26 2014.....SUNRISE   647 AM EDT   SUNSET   646 PM EDT
SEPTEMBER 27 2014.....SUNRISE   648 AM EDT   SUNSET   645 PM EDT


-  INDICATES NEGATIVE NUMBERS.
R  INDICATES RECORD WAS SET OR TIED.
MM INDICATES DATA IS MISSING.
T  INDICATES TRACE AMOUNT.




$$
