000
CDUS41 KOKX 120619
CLINYC


CLIMATE REPORT
NATIONAL WEATHER SERVICE NEW YORK NY
118 AM EST WED NOV 12 2014


...................................

...THE CENTRAL PARK NY CLIMATE SUMMARY FOR NOVEMBER 11 2014...

CLIMATE NORMAL PERIOD 1981 TO 2010
CLIMATE RECORD PERIOD 1869 TO 2014


WEATHER ITEM   OBSERVED TIME   RECORD YEAR NORMAL DEPARTURE LAST
                VALUE   (LST)  VALUE       VALUE  FROM      YEAR
                                                  NORMAL
..................................................................
TEMPERATURE (F)
 YESTERDAY
  MAXIMUM         64    246 PM  74    1949  56      8       53
  MINIMUM         49    459 AM  28    1933  43      6       43
                                      1926
  AVERAGE         57                        49      8       48

PRECIPITATION (IN)
  YESTERDAY        0.00          1.41 1995   0.12  -0.12     0.00
  MONTH TO DATE    0.72                      1.44  -0.72     0.26
  SINCE SEP 1      7.70                     10.12  -2.42     3.57
  SINCE JAN 1     43.96                     43.36   0.60    38.58

SNOWFALL (IN)
  YESTERDAY        0.0           1.1  1987   0.0    0.0      0.0
  MONTH TO DATE    0.0                       0.0    0.0      0.0
  SINCE OCT 1      0.0                       0.0    0.0      0.0
  SINCE JUL 1      0.0                       0.0    0.0      0.0
  SNOW DEPTH       0

DEGREE DAYS
 HEATING
  YESTERDAY        8                        16     -8       17
  MONTH TO DATE  150                       158     -8      154
  SINCE SEP 1    351                       469   -118      377
  SINCE JUL 1    351                       471   -120      377

 COOLING
  YESTERDAY        0                         0      0        0
  MONTH TO DATE    0                         0      0        0
  SINCE SEP 1    190                       150     40      178
  SINCE JAN 1   1128                      1104     24     1271
..................................................................


WIND (MPH)
  HIGHEST WIND SPEED    10   HIGHEST WIND DIRECTION     S (170)
  HIGHEST GUST SPEED    19   HIGHEST GUST DIRECTION     S (180)
  AVERAGE WIND SPEED     3.4


SKY COVER
  AVERAGE SKY COVER 0.5


WEATHER CONDITIONS
 THE FOLLOWING WEATHER WAS RECORDED YESTERDAY.
  FOG
  HAZE


RELATIVE HUMIDITY (PERCENT)
 HIGHEST    87          1000 PM
 LOWEST     63           100 PM
 AVERAGE    75

..........................................................


THE CENTRAL PARK NY CLIMATE NORMALS FOR TODAY
                         NORMAL    RECORD    YEAR
 MAXIMUM TEMPERATURE (F)   55        76      1879
 MINIMUM TEMPERATURE (F)   43        26      1926


SUNRISE AND SUNSET
NOVEMBER 12 2014......SUNRISE   639 AM EST   SUNSET   440 PM EST
NOVEMBER 13 2014......SUNRISE   640 AM EST   SUNSET   439 PM EST


-  INDICATES NEGATIVE NUMBERS.
R  INDICATES RECORD WAS SET OR TIED.
MM INDICATES DATA IS MISSING.
T  INDICATES TRACE AMOUNT.




$$
