000
CDUS41 KOKX 062150
CLINYC


CLIMATE REPORT
NATIONAL WEATHER SERVICE NEW YORK NY
450 PM EST FRI JAN 6 2017


...................................

...THE CENTRAL PARK NY CLIMATE SUMMARY FOR JANUARY 6 2017...
VALID TODAY AS OF 0400 PM LOCAL TIME.

CLIMATE NORMAL PERIOD 1981 TO 2010
CLIMATE RECORD PERIOD 1869 TO 2017


WEATHER ITEM   OBSERVED TIME   RECORD YEAR NORMAL DEPARTURE LAST
                VALUE   (LST)  VALUE       VALUE  FROM      YEAR
                                                  NORMAL
..................................................................
TEMPERATURE (F)
 TODAY
  MAXIMUM         33    221 PM  72    2007  38     -5       41
  MINIMUM         27    722 AM  -2    1896  27      0       25
  AVERAGE         30                        33     -3       33

PRECIPITATION (IN)
  TODAY            0.05          1.65 1873   0.13  -0.08     0.00
  MONTH TO DATE    0.84                      0.73   0.11     0.00
  SINCE DEC 1      3.73                      4.73  -1.00     4.72
  SINCE JAN 1      0.84                      0.73   0.11     0.00

SNOWFALL (IN)
  TODAY            1.2           5.0  1989   0.2    1.0      0.0
  MONTH TO DATE    1.2                       1.2    0.0      0.0
  SINCE OCT 1      4.4                       6.3   -1.9       T
  SINCE JUL 1      4.4                       6.3   -1.9       T
  SNOW DEPTH       1

DEGREE DAYS
 HEATING
  TODAY           35                        32      3       32
  MONTH TO DATE  162                       192    -30      198
  SINCE DEC 1    981                      1044    -63      632
  SINCE JUL 1   1668                      1877   -209     1220

 COOLING
  TODAY            0                         0      0        0
  MONTH TO DATE    0                         0      0        0
  SINCE DEC 1      0                         0      0        3
  SINCE JAN 1      0                         0      0        0
..................................................................


WIND (MPH)
  HIGHEST WIND SPEED    10   HIGHEST WIND DIRECTION    NW (300)
  HIGHEST GUST SPEED    15   HIGHEST GUST DIRECTION    NW (300)
  AVERAGE WIND SPEED     4.2


SKY COVER
  AVERAGE SKY COVER 0.8


WEATHER CONDITIONS
 THE FOLLOWING WEATHER WAS RECORDED TODAY.
  SNOW
  LIGHT SNOW
  FOG
  HAZE


RELATIVE HUMIDITY (PERCENT)
 HIGHEST    92           300 AM
 LOWEST     39           200 PM
 AVERAGE    66

..........................................................


THE CENTRAL PARK NY CLIMATE NORMALS FOR TOMORROW
                         NORMAL    RECORD    YEAR
 MAXIMUM TEMPERATURE (F)   38        64      1907
 MINIMUM TEMPERATURE (F)   27         4      2014


SUNRISE AND SUNSET
JANUARY  6 2017.......SUNRISE   720 AM EST   SUNSET   444 PM EST
JANUARY  7 2017.......SUNRISE   720 AM EST   SUNSET   445 PM EST


-  INDICATES NEGATIVE NUMBERS.
R  INDICATES RECORD WAS SET OR TIED.
MM INDICATES DATA IS MISSING.
T  INDICATES TRACE AMOUNT.




$$
