000
CDUS41 KOKX 300616
CLINYC


CLIMATE REPORT
NATIONAL WEATHER SERVICE NEW YORK NY
216 AM EDT SUN AUG 30 2015


...................................

...THE CENTRAL PARK NY CLIMATE SUMMARY FOR AUGUST 29 2015...

CLIMATE NORMAL PERIOD 1981 TO 2010
CLIMATE RECORD PERIOD 1869 TO 2015


WEATHER ITEM   OBSERVED TIME   RECORD YEAR NORMAL DEPARTURE LAST
                VALUE   (LST)  VALUE       VALUE  FROM      YEAR
                                                  NORMAL
..................................................................
TEMPERATURE (F)
 YESTERDAY
  MAXIMUM         87    301 PM  99    1953  81      6       80
  MINIMUM         67    615 AM  50    1986  66      1       61
                                      1982
                                      1965
  AVERAGE         77                        73      4       71

PRECIPITATION (IN)
  YESTERDAY        0.00          2.68 2002   0.12  -0.12     0.00
  MONTH TO DATE    2.22                      4.20  -1.98     1.63
  SINCE JUN 1     10.99                     13.21  -2.22    11.48
  SINCE JAN 1     26.92                     33.00  -6.08    35.64

SNOWFALL (IN)
  YESTERDAY        0.0           0.0  2002   0.0    0.0      0.0
                                      2001
  MONTH TO DATE    0.0                       0.0    0.0      0.0
  SINCE OCT 1     50.3                      25.8   24.5     57.4
  SINCE JUL 1      0.0                       0.0    0.0      0.0
  SNOW DEPTH       0

DEGREE DAYS
 HEATING
  YESTERDAY        0                         0      0        0
  MONTH TO DATE    0                         0      0        0
  SINCE JUN 1     33                        19     14        0
  SINCE JUL 1      0                         0      0        0

 COOLING
  YESTERDAY       12                         9      3        6
  MONTH TO DATE  406                       300    106      276
  SINCE JUN 1   1071                       867    204      859
  SINCE JAN 1   1230                       936    294      913
..................................................................


WIND (MPH)
  HIGHEST WIND SPEED    12   HIGHEST WIND DIRECTION    SW (230)
  HIGHEST GUST SPEED    20   HIGHEST GUST DIRECTION    SW (240)
  AVERAGE WIND SPEED     1.9


SKY COVER
  AVERAGE SKY COVER 0.1


WEATHER CONDITIONS
 THE FOLLOWING WEATHER WAS RECORDED YESTERDAY.
  NO SIGNIFICANT WEATHER WAS OBSERVED.


RELATIVE HUMIDITY (PERCENT)
 HIGHEST    63           600 AM
 LOWEST     31           300 PM
 AVERAGE    47

..........................................................


THE CENTRAL PARK NY CLIMATE NORMALS FOR TODAY
                         NORMAL    RECORD    YEAR
 MAXIMUM TEMPERATURE (F)   81        98      1973
                                             1953
 MINIMUM TEMPERATURE (F)   66        50      1965


SUNRISE AND SUNSET
AUGUST 30 2015........SUNRISE   621 AM EDT   SUNSET   732 PM EDT
AUGUST 31 2015........SUNRISE   621 AM EDT   SUNSET   730 PM EDT


-  INDICATES NEGATIVE NUMBERS.
R  INDICATES RECORD WAS SET OR TIED.
MM INDICATES DATA IS MISSING.
T  INDICATES TRACE AMOUNT.




$$
