000
CDUS41 KOKX 292034
CLINYC


CLIMATE REPORT
NATIONAL WEATHER SERVICE NEW YORK NY
434 PM EDT MON JUN 29 2015


...................................

...THE CENTRAL PARK NY CLIMATE SUMMARY FOR JUNE 29 2015...
VALID TODAY AS OF 0400 PM LOCAL TIME.

CLIMATE NORMAL PERIOD 1981 TO 2010
CLIMATE RECORD PERIOD 1869 TO 2015


WEATHER ITEM   OBSERVED TIME   RECORD YEAR NORMAL DEPARTURE LAST
                VALUE   (LST)  VALUE       VALUE  FROM      YEAR
                                                  NORMAL
..................................................................
TEMPERATURE (F)
 TODAY
  MAXIMUM         76    100 PM 101    1934  83     -7       83
  MINIMUM         63    551 AM  52    1919  67     -4       68
                                      1888
  AVERAGE         70                        75     -5       76

PRECIPITATION (IN)
  TODAY            0.00          2.57 1903   0.12  -0.12     0.00
  MONTH TO DATE    4.75                      4.28   0.47     4.26
  SINCE JUN 1      4.75                      4.28   0.47     4.26
  SINCE JAN 1     20.68                     24.07  -3.39    28.42

SNOWFALL (IN)
  TODAY            0.0           0.0  2002   0.0    0.0      0.0
                                      2001
  MONTH TO DATE    0.0                       0.0    0.0      0.0
  SINCE OCT 1     50.3                      25.8   24.5     57.4
  SINCE JUL 1     50.3                      25.8   24.5     57.4
  SNOW DEPTH       0

DEGREE DAYS
 HEATING
  TODAY            0                         0      0        0
  MONTH TO DATE   33                        17     16        0
  SINCE JUN 1     33                        17     16        0
  SINCE JUL 1   4974                      4748    226     4962

 COOLING
  TODAY            5                        10     -5       11
  MONTH TO DATE  218                       202     16      220
  SINCE JUN 1    218                       202     16      220
  SINCE JAN 1    377                       271    106      274
..................................................................


WIND (MPH)
  HIGHEST WIND SPEED    12   HIGHEST WIND DIRECTION     W (280)
  HIGHEST GUST SPEED    20   HIGHEST GUST DIRECTION     W (250)
  AVERAGE WIND SPEED     5.6


SKY COVER
  AVERAGE SKY COVER 0.6


WEATHER CONDITIONS
 THE FOLLOWING WEATHER WAS RECORDED TODAY.
  NO SIGNIFICANT WEATHER WAS OBSERVED.


RELATIVE HUMIDITY (PERCENT)
 HIGHEST    72           500 AM
 LOWEST     53          1100 AM
 AVERAGE    63

..........................................................


THE CENTRAL PARK NY CLIMATE NORMALS FOR TOMORROW
                         NORMAL    RECORD    YEAR
 MAXIMUM TEMPERATURE (F)   83        99      1964
 MINIMUM TEMPERATURE (F)   67        53      1919


SUNRISE AND SUNSET
JUNE 29 2015..........SUNRISE   527 AM EDT   SUNSET   831 PM EDT
JUNE 30 2015..........SUNRISE   528 AM EDT   SUNSET   831 PM EDT


-  INDICATES NEGATIVE NUMBERS.
R  INDICATES RECORD WAS SET OR TIED.
MM INDICATES DATA IS MISSING.
T  INDICATES TRACE AMOUNT.




$$
