000
CDUS41 KOKX 230617
CLINYC


CLIMATE REPORT
NATIONAL WEATHER SERVICE NEW YORK NY
217 AM EDT SUN APR 23 2017


...................................

...THE CENTRAL PARK NY CLIMATE SUMMARY FOR APRIL 22 2017...

CLIMATE NORMAL PERIOD 1981 TO 2010
CLIMATE RECORD PERIOD 1869 TO 2017


WEATHER ITEM   OBSERVED TIME   RECORD YEAR NORMAL DEPARTURE LAST
                VALUE   (LST)  VALUE       VALUE  FROM      YEAR
                                                  NORMAL
..................................................................
TEMPERATURE (F)
 YESTERDAY
  MAXIMUM         57   1112 AM  86    2001  64     -7       79
                                      1973
                                      1962
  MINIMUM         49    140 AM  33    1947  47      2       62
                                      1922
  AVERAGE         53                        55     -2       71

PRECIPITATION (IN)
  YESTERDAY        0.11          2.45 2012   0.14  -0.03      T
  MONTH TO DATE    2.53                      3.38  -0.85     1.16
  SINCE MAR 1      7.78                      7.74   0.04     2.33
  SINCE JAN 1     15.09                     14.48   0.61    11.14

SNOWFALL (IN)
  YESTERDAY        0.0           T    1972   0.0    0.0      0.0
                                      2000
                                      2000
  MONTH TO DATE    0.0                       0.6   -0.6       T
  SINCE OCT 1     30.2                      25.8    4.4     32.8
  SINCE JUL 1     30.2                      25.8    4.4     32.8
  SNOW DEPTH       0

DEGREE DAYS
 HEATING
  YESTERDAY       12                        10      2        0
  MONTH TO DATE  214                       299    -85      286
  SINCE MAR 1   1007                       999      8      784
  SINCE JUL 1   3990                      4521   -531     3531

 COOLING
  YESTERDAY        0                         1     -1        6
  MONTH TO DATE   17                         1     16       13
  SINCE MAR 1     17                         2     15       19
  SINCE JAN 1     17                         2     15       19
..................................................................


WIND (MPH)
  HIGHEST WIND SPEED    10   HIGHEST WIND DIRECTION     N (20)
  HIGHEST GUST SPEED    16   HIGHEST GUST DIRECTION    NW (310)
  AVERAGE WIND SPEED     3.6


SKY COVER
  AVERAGE SKY COVER 1.0


WEATHER CONDITIONS
 THE FOLLOWING WEATHER WAS RECORDED YESTERDAY.
  RAIN
  LIGHT RAIN
  FOG


RELATIVE HUMIDITY (PERCENT)
 HIGHEST    93          1200 AM
 LOWEST     63           900 PM
 AVERAGE    78

..........................................................


THE CENTRAL PARK NY CLIMATE NORMALS FOR TODAY
                         NORMAL    RECORD    YEAR
 MAXIMUM TEMPERATURE (F)   64        86      2007
 MINIMUM TEMPERATURE (F)   47        32      1930


SUNRISE AND SUNSET
APRIL 23 2017.........SUNRISE   605 AM EDT   SUNSET   744 PM EDT
APRIL 24 2017.........SUNRISE   603 AM EDT   SUNSET   745 PM EDT


-  INDICATES NEGATIVE NUMBERS.
R  INDICATES RECORD WAS SET OR TIED.
MM INDICATES DATA IS MISSING.
T  INDICATES TRACE AMOUNT.




$$
