000
CDUS41 KOKX 182036
CLINYC


CLIMATE REPORT
NATIONAL WEATHER SERVICE NEW YORK NY
436 PM EDT MON APR 18 2016


...................................

...THE CENTRAL PARK NY CLIMATE SUMMARY FOR APRIL 18 2016...
VALID TODAY AS OF 0400 PM LOCAL TIME.

CLIMATE NORMAL PERIOD 1981 TO 2010
CLIMATE RECORD PERIOD 1869 TO 2016


WEATHER ITEM   OBSERVED TIME   RECORD YEAR NORMAL DEPARTURE LAST
                VALUE   (LST)  VALUE       VALUE  FROM      YEAR
                                                  NORMAL
..................................................................
TEMPERATURE (F)
 TODAY
  MAXIMUM         82    259 PM  96    1976  62     20       80
  MINIMUM         51    532 AM  25    1875  46      5       59
  AVERAGE         67                        54     13       70

PRECIPITATION (IN)
  TODAY            0.00          2.19 1924   0.14  -0.14     0.00
  MONTH TO DATE    1.16                      2.81  -1.65     0.46
  SINCE MAR 1      2.33                      7.17  -4.84     5.18
  SINCE JAN 1     11.14                     13.91  -2.77    12.45

SNOWFALL (IN)
  TODAY            0.0           3.0  1887   0.0    0.0      0.0
  MONTH TO DATE    T                         0.5   -0.5      0.0
  SINCE OCT 1     32.1                      25.7    6.4     50.3
  SINCE JUL 1     32.1                      25.7    6.4     50.3
  SNOW DEPTH       0

DEGREE DAYS
 HEATING
  TODAY            0                        11    -11        0
  MONTH TO DATE  275                       257     18      202
  SINCE MAR 1    773                       957   -184     1028
  SINCE JUL 1   3520                      4479   -959     4787

 COOLING
  TODAY            2                         0      2        5
  MONTH TO DATE    7                         0      7        5
  SINCE MAR 1     13                         1     12        5
  SINCE JAN 1     13                         1     12        5
..................................................................


WIND (MPH)
  HIGHEST WIND SPEED    MM   HIGHEST WIND DIRECTION     E (99)
  HIGHEST GUST SPEED    MM   HIGHEST GUST DIRECTION    MM
  AVERAGE WIND SPEED     2.6


SKY COVER
  AVERAGE SKY COVER 0.0


WEATHER CONDITIONS
 THE FOLLOWING WEATHER WAS RECORDED TODAY.
  NO SIGNIFICANT WEATHER WAS OBSERVED.


RELATIVE HUMIDITY (PERCENT)
 HIGHEST    54          1200 AM
 LOWEST     14           200 PM
 AVERAGE    34

..........................................................


THE CENTRAL PARK NY CLIMATE NORMALS FOR TOMORROW
                         NORMAL    RECORD    YEAR
 MAXIMUM TEMPERATURE (F)   63        92      1976
 MINIMUM TEMPERATURE (F)   46        21      1875


SUNRISE AND SUNSET
APRIL 18 2016.........SUNRISE   612 AM EDT   SUNSET   739 PM EDT
APRIL 19 2016.........SUNRISE   610 AM EDT   SUNSET   740 PM EDT


-  INDICATES NEGATIVE NUMBERS.
R  INDICATES RECORD WAS SET OR TIED.
MM INDICATES DATA IS MISSING.
T  INDICATES TRACE AMOUNT.




$$
