000
CDUS41 KOKX 130624
CLINYC


CLIMATE REPORT
NATIONAL WEATHER SERVICE NEW YORK NY
223 AM EDT TUE JUN 13 2017


...................................

...THE CENTRAL PARK NY CLIMATE SUMMARY FOR JUNE 12 2017...

CLIMATE NORMAL PERIOD 1981 TO 2010
CLIMATE RECORD PERIOD 1869 TO 2017


WEATHER ITEM   OBSERVED TIME   RECORD YEAR NORMAL DEPARTURE LAST
                VALUE   (LST)  VALUE       VALUE  FROM      YEAR
                                                  NORMAL
..................................................................
TEMPERATURE (F)
 YESTERDAY
  MAXIMUM         93R   130 PM  93    1973  78     15       83
                                      1933
  MINIMUM         76    614 AM  48    1979  63     13       62
  AVERAGE         85                        71     14       73

PRECIPITATION (IN)
  YESTERDAY        0.00          2.18 1910   0.16  -0.16     0.00
                                      1903
  MONTH TO DATE    0.19                      1.92  -1.73     1.80
  SINCE JUN 1      0.19                      1.92  -1.73     1.80
  SINCE JAN 1     22.97                     21.71   1.26    17.14

SNOWFALL (IN)
  YESTERDAY        0.0           0.0  2002   0.0    0.0      0.0
                                      2001
  MONTH TO DATE    0.0                       0.0    0.0      0.0
  SINCE OCT 1     30.2                      25.8    4.4     32.8
  SINCE JUL 1     30.2                      25.8    4.4     32.8
  SNOW DEPTH       0

DEGREE DAYS
 HEATING
  YESTERDAY        0                         1     -1        0
  MONTH TO DATE   24                        15      9        7
  SINCE JUN 1     24                        15      9        7
  SINCE JUL 1   4226                      4746   -520     3768

 COOLING
  YESTERDAY       20                         6     14        8
  MONTH TO DATE   55                        61     -6       68
  SINCE JUN 1     55                        61     -6       68
  SINCE JAN 1    144                       130     14      187
..................................................................


WIND (MPH)
  HIGHEST WIND SPEED    12   HIGHEST WIND DIRECTION     W (270)
  HIGHEST GUST SPEED    18   HIGHEST GUST DIRECTION     W (260)
  AVERAGE WIND SPEED     3.9


SKY COVER
  AVERAGE SKY COVER 0.0


WEATHER CONDITIONS
 THE FOLLOWING WEATHER WAS RECORDED YESTERDAY.
  NO SIGNIFICANT WEATHER WAS OBSERVED.


RELATIVE HUMIDITY (PERCENT)
 HIGHEST    64           400 AM
 LOWEST     34          1200 PM
 AVERAGE    49

..........................................................


THE CENTRAL PARK NY CLIMATE NORMALS FOR TODAY
                         NORMAL    RECORD    YEAR
 MAXIMUM TEMPERATURE (F)   79        96      1961
 MINIMUM TEMPERATURE (F)   63        51      1953


SUNRISE AND SUNSET
JUNE 13 2017..........SUNRISE   524 AM EDT   SUNSET   828 PM EDT
JUNE 14 2017..........SUNRISE   524 AM EDT   SUNSET   829 PM EDT


-  INDICATES NEGATIVE NUMBERS.
R  INDICATES RECORD WAS SET OR TIED.
MM INDICATES DATA IS MISSING.
T  INDICATES TRACE AMOUNT.




$$
