000
CDUS41 KOKX 120618
CLINYC


CLIMATE REPORT
NATIONAL WEATHER SERVICE NEW YORK NY
118 AM EST FRI JAN 12 2018


...................................

...THE CENTRAL PARK NY CLIMATE SUMMARY FOR JANUARY 11 2018...

CLIMATE NORMAL PERIOD 1981 TO 2010
CLIMATE RECORD PERIOD 1869 TO 2018


WEATHER ITEM   OBSERVED TIME   RECORD YEAR NORMAL DEPARTURE LAST
                VALUE   (LST)  VALUE       VALUE  FROM      YEAR
                                                  NORMAL
..................................................................
TEMPERATURE (F)
 YESTERDAY
  MAXIMUM         53    352 PM  63    1975  38     15       52
  MINIMUM         41    739 AM   3    1968  27     14       42
                                      1875
  AVERAGE         47                        32     15       47

PRECIPITATION (IN)
  YESTERDAY        0.00          1.46 1900   0.12  -0.12     0.52
  MONTH TO DATE    0.77                      1.33  -0.56     1.68
  SINCE DEC 1      2.98                      5.33  -2.35     4.57
  SINCE JAN 1      0.77                      1.33  -0.56     1.68

SNOWFALL (IN)
  YESTERDAY        0.0           5.7  1991   0.2   -0.2      0.0
  MONTH TO DATE    9.8                       2.4    7.4      6.3
  SINCE OCT 1     17.5                       7.5   10.0      9.5
  SINCE JUL 1     17.5                       7.5   10.0      9.5
  SNOW DEPTH       3

DEGREE DAYS
 HEATING
  YESTERDAY       18                        33    -15       18
  MONTH TO DATE  454                       354    100      344
  SINCE DEC 1   1374                      1206    168     1163
  SINCE JUL 1   2036                      2039     -3     1850

 COOLING
  YESTERDAY        0                         0      0        0
  MONTH TO DATE    0                         0      0        0
  SINCE DEC 1      0                         0      0        0
  SINCE JAN 1      0                         0      0        0
..................................................................


WIND (MPH)
  HIGHEST WIND SPEED    12   HIGHEST WIND DIRECTION     S (160)
  HIGHEST GUST SPEED    19   HIGHEST GUST DIRECTION     S (170)
  AVERAGE WIND SPEED     3.2


SKY COVER
  AVERAGE SKY COVER 0.8


WEATHER CONDITIONS
 THE FOLLOWING WEATHER WAS RECORDED YESTERDAY.
  FOG
  HAZE


RELATIVE HUMIDITY (PERCENT)
 HIGHEST    93           800 PM
 LOWEST     66           100 PM
 AVERAGE    80

..........................................................


THE CENTRAL PARK NY CLIMATE NORMALS FOR TODAY
                         NORMAL    RECORD    YEAR
 MAXIMUM TEMPERATURE (F)   38        66      2017
 MINIMUM TEMPERATURE (F)   27         2      1981
                                             1968
                                             1886


SUNRISE AND SUNSET
JANUARY 12 2018.......SUNRISE   719 AM EST   SUNSET   450 PM EST
JANUARY 13 2018.......SUNRISE   719 AM EST   SUNSET   451 PM EST


-  INDICATES NEGATIVE NUMBERS.
R  INDICATES RECORD WAS SET OR TIED.
MM INDICATES DATA IS MISSING.
T  INDICATES TRACE AMOUNT.




$$
