000
CDUS41 KOKX 220617
CLINYC


CLIMATE REPORT
NATIONAL WEATHER SERVICE NEW YORK NY
117 AM EST SAT NOV 22 2014


...................................

...THE CENTRAL PARK NY CLIMATE SUMMARY FOR NOVEMBER 21 2014...

CLIMATE NORMAL PERIOD 1981 TO 2010
CLIMATE RECORD PERIOD 1869 TO 2014


WEATHER ITEM   OBSERVED TIME   RECORD YEAR NORMAL DEPARTURE LAST
                VALUE   (LST)  VALUE       VALUE  FROM      YEAR
                                                  NORMAL
..................................................................
TEMPERATURE (F)
 YESTERDAY
  MAXIMUM         37    202 PM  74    1900  52    -15       52
  MINIMUM         28    819 AM  16    1879  40    -12       35
  AVERAGE         33                        46    -13       44

PRECIPITATION (IN)
  YESTERDAY        0.00          1.33 1944   0.14  -0.14     0.00
  MONTH TO DATE    2.55                      2.77  -0.22     0.59
  SINCE SEP 1      9.53                     11.45  -1.92     3.90
  SINCE JAN 1     45.79                     44.69   1.10    38.91

SNOWFALL (IN)
  YESTERDAY        0.0           0.8  1937   0.0    0.0      0.0
  MONTH TO DATE    T                         0.1   -0.1       T
  SINCE OCT 1      T                         0.1   -0.1       T
  SINCE JUL 1      T                         0.1   -0.1       T
  SNOW DEPTH       0

DEGREE DAYS
 HEATING
  YESTERDAY       32                        19     13       21
  MONTH TO DATE  404                       333     71      341
  SINCE SEP 1    605                       644    -39      564
  SINCE JUL 1    605                       646    -41      564

 COOLING
  YESTERDAY        0                         0      0        0
  MONTH TO DATE    0                         0      0        0
  SINCE SEP 1    190                       150     40      178
  SINCE JAN 1   1128                      1104     24     1271
..................................................................


WIND (MPH)
  HIGHEST WIND SPEED    17   HIGHEST WIND DIRECTION     W (290)
  HIGHEST GUST SPEED    26   HIGHEST GUST DIRECTION    NW (320)
  AVERAGE WIND SPEED     7.7


SKY COVER
  AVERAGE SKY COVER 0.0


WEATHER CONDITIONS
 THE FOLLOWING WEATHER WAS RECORDED YESTERDAY.
  NO SIGNIFICANT WEATHER WAS OBSERVED.


RELATIVE HUMIDITY (PERCENT)
 HIGHEST    42           400 AM
 LOWEST     29           300 PM
 AVERAGE    36

..........................................................


THE CENTRAL PARK NY CLIMATE NORMALS FOR TODAY
                         NORMAL    RECORD    YEAR
 MAXIMUM TEMPERATURE (F)   52        72      1931
 MINIMUM TEMPERATURE (F)   40        13      1880


SUNRISE AND SUNSET
NOVEMBER 22 2014......SUNRISE   651 AM EST   SUNSET   433 PM EST
NOVEMBER 23 2014......SUNRISE   652 AM EST   SUNSET   432 PM EST


-  INDICATES NEGATIVE NUMBERS.
R  INDICATES RECORD WAS SET OR TIED.
MM INDICATES DATA IS MISSING.
T  INDICATES TRACE AMOUNT.




$$
