000
CDUS41 KOKX 130623
CLINYC


CLIMATE REPORT
NATIONAL WEATHER SERVICE NEW YORK NY
222 AM EDT TUE SEP 13 2016


...................................

...THE CENTRAL PARK NY CLIMATE SUMMARY FOR SEPTEMBER 12 2016...

CLIMATE NORMAL PERIOD 1981 TO 2010
CLIMATE RECORD PERIOD 1869 TO 2016


WEATHER ITEM   OBSERVED TIME   RECORD YEAR NORMAL DEPARTURE LAST
                VALUE   (LST)  VALUE       VALUE  FROM      YEAR
                                                  NORMAL
..................................................................
TEMPERATURE (F)
 YESTERDAY
  MAXIMUM         78   1225 PM  94    1961  77      1       79
  MINIMUM         62    553 AM  46    1917  62      0       69
  AVERAGE         70                        70      0       74

PRECIPITATION (IN)
  YESTERDAY        0.00          2.35 1960   0.14  -0.14     0.29
  MONTH TO DATE    0.72                      1.59  -0.87     1.87
  SINCE SEP 1      0.72                      1.59  -0.87     1.87
  SINCE JAN 1     27.65                     34.83  -7.18    28.92

SNOWFALL (IN)
  YESTERDAY        0.0           0.0  2002   0.0    0.0      0.0
                                      2001
  MONTH TO DATE    0.0                       0.0    0.0      0.0
  SINCE OCT 1     32.8                      25.8    7.0     50.3
  SINCE JUL 1      0.0                       0.0    0.0      0.0
  SNOW DEPTH       0

DEGREE DAYS
 HEATING
  YESTERDAY        0                         1     -1        0
  MONTH TO DATE    0                         3     -3        0
  SINCE SEP 1      0                         3     -3        0
  SINCE JUL 1      0                         5     -5        0

 COOLING
  YESTERDAY        5                         5      0        9
  MONTH TO DATE  131                        78     53      174
  SINCE SEP 1    131                        78     53      174
  SINCE JAN 1   1363                      1032    331     1439
..................................................................


WIND (MPH)
  HIGHEST WIND SPEED     9   HIGHEST WIND DIRECTION    NE (60)
  HIGHEST GUST SPEED    16   HIGHEST GUST DIRECTION     S (200)
  AVERAGE WIND SPEED     4.3


SKY COVER
  AVERAGE SKY COVER 0.0


WEATHER CONDITIONS
 THE FOLLOWING WEATHER WAS RECORDED YESTERDAY.
  NO SIGNIFICANT WEATHER WAS OBSERVED.


RELATIVE HUMIDITY (PERCENT)
 HIGHEST    73          1000 PM
 LOWEST     35          1200 PM
 AVERAGE    54

..........................................................


THE CENTRAL PARK NY CLIMATE NORMALS FOR TODAY
                         NORMAL    RECORD    YEAR
 MAXIMUM TEMPERATURE (F)   76        94      1952
 MINIMUM TEMPERATURE (F)   62        46      1963


SUNRISE AND SUNSET
SEPTEMBER 13 2016.....SUNRISE   635 AM EDT   SUNSET   707 PM EDT
SEPTEMBER 14 2016.....SUNRISE   636 AM EDT   SUNSET   706 PM EDT


-  INDICATES NEGATIVE NUMBERS.
R  INDICATES RECORD WAS SET OR TIED.
MM INDICATES DATA IS MISSING.
T  INDICATES TRACE AMOUNT.




$$
