000
CDUS41 KOKX 230624
CLINYC


CLIMATE REPORT
NATIONAL WEATHER SERVICE NEW YORK NY
124 AM EST MON FEB 23 2015


...................................

...THE CENTRAL PARK NY CLIMATE SUMMARY FOR FEBRUARY 22 2015...

CLIMATE NORMAL PERIOD 1981 TO 2010
CLIMATE RECORD PERIOD 1869 TO 2015


WEATHER ITEM   OBSERVED TIME   RECORD YEAR NORMAL DEPARTURE LAST
                VALUE   (LST)  VALUE       VALUE  FROM      YEAR
                                                  NORMAL
..................................................................
TEMPERATURE (F)
 YESTERDAY
  MAXIMUM         43    424 PM  69    1997  43      0       54
  MINIMUM         32    837 AM   8    1963  30      2       40
                                      1918
  AVERAGE         38                        36      2       47

PRECIPITATION (IN)
  YESTERDAY        0.10          2.39 1878   0.11  -0.01     0.00
  MONTH TO DATE    2.04                      2.38  -0.34     5.45
  SINCE DEC 1     13.31                     10.03   3.28    13.09
  SINCE JAN 1      7.27                      6.03   1.24     8.24

SNOWFALL (IN)
  YESTERDAY        1.0           6.0  2008   0.3    0.7      0.0
  MONTH TO DATE   11.9                       7.4    4.5     28.8
  SINCE OCT 1     28.4                      19.5    8.9     57.1
  SINCE JUL 1     28.4                      19.5    8.9     57.1
  SNOW DEPTH      13

DEGREE DAYS
 HEATING
  YESTERDAY       27                        28     -1       18
  MONTH TO DATE  891                       666    225      718
  SINCE DEC 1   2722                      2522    200     2653
  SINCE JUL 1   3507                      3355    152     3461

 COOLING
  YESTERDAY        0                         0      0        0
  MONTH TO DATE    0                         0      0        0
  SINCE DEC 1      0                         0      0        1
  SINCE JAN 1      0                         0      0        0
..................................................................


WIND (MPH)
  HIGHEST WIND SPEED    12   HIGHEST WIND DIRECTION     W (290)
  HIGHEST GUST SPEED    17   HIGHEST GUST DIRECTION     W (280)
  AVERAGE WIND SPEED     2.9


SKY COVER
  AVERAGE SKY COVER 0.5


WEATHER CONDITIONS
 THE FOLLOWING WEATHER WAS RECORDED YESTERDAY.
  LT FREEZING RAIN
  LIGHT SNOW
  FOG
  HAZE


RELATIVE HUMIDITY (PERCENT)
 HIGHEST    89           200 AM
 LOWEST     53           400 PM
 AVERAGE    71

..........................................................


THE CENTRAL PARK NY CLIMATE NORMALS FOR TODAY
                         NORMAL    RECORD    YEAR
 MAXIMUM TEMPERATURE (F)   43        70      1985
 MINIMUM TEMPERATURE (F)   30         5      1889
                                             1873


SUNRISE AND SUNSET
FEBRUARY 23 2015......SUNRISE   639 AM EST   SUNSET   540 PM EST
FEBRUARY 24 2015......SUNRISE   638 AM EST   SUNSET   541 PM EST


-  INDICATES NEGATIVE NUMBERS.
R  INDICATES RECORD WAS SET OR TIED.
MM INDICATES DATA IS MISSING.
T  INDICATES TRACE AMOUNT.




$$
