000
CDUS41 KOKX 242038
CLINYC


CLIMATE REPORT
NATIONAL WEATHER SERVICE NEW YORK NY
438 PM EDT WED SEP 24 2014


...................................

...THE CENTRAL PARK NY CLIMATE SUMMARY FOR SEPTEMBER 24 2014...
VALID TODAY AS OF 0400 PM LOCAL TIME.

CLIMATE NORMAL PERIOD 1981 TO 2010
CLIMATE RECORD PERIOD 1869 TO 2014


WEATHER ITEM   OBSERVED TIME   RECORD YEAR NORMAL DEPARTURE LAST
                VALUE   (LST)  VALUE       VALUE  FROM      YEAR
                                                  NORMAL
..................................................................
TEMPERATURE (F)
 TODAY
  MAXIMUM         71    221 PM  89    1959  72     -1       73
  MINIMUM         58    555 AM  40    1963  58      0       47
  AVERAGE         65                        65      0       60

PRECIPITATION (IN)
  TODAY            0.00          2.26 1975   0.15  -0.15     0.00
  MONTH TO DATE    0.89                      3.36  -2.47     2.95
  SINCE SEP 1      0.89                      3.36  -2.47     2.95
  SINCE JAN 1     37.15                     36.60   0.55    37.96

SNOWFALL (IN)
  TODAY            0.0           0.0  2002   0.0    0.0      0.0
                                      2001
  MONTH TO DATE    0.0                       0.0    0.0      0.0
  SINCE OCT 1     57.4                      25.8   31.6     26.1
  SINCE JUL 1      0.0                       0.0    0.0      0.0
  SNOW DEPTH       0

DEGREE DAYS
 HEATING
  TODAY            0                         2     -2        5
  MONTH TO DATE   18                        21     -3       32
  SINCE SEP 1     18                        21     -3       32
  SINCE JUL 1     18                        23     -5       32

 COOLING
  TODAY            0                         2     -2        0
  MONTH TO DATE  141                       121     20      131
  SINCE SEP 1    141                       121     20      131
  SINCE JAN 1   1079                      1075      4     1224
..................................................................


WIND (MPH)
  HIGHEST WIND SPEED    13   HIGHEST WIND DIRECTION     E (70)
  HIGHEST GUST SPEED    19   HIGHEST GUST DIRECTION     W (270)
  AVERAGE WIND SPEED     5.0


SKY COVER
  AVERAGE SKY COVER 0.1


WEATHER CONDITIONS
 THE FOLLOWING WEATHER WAS RECORDED TODAY.
  NO SIGNIFICANT WEATHER WAS OBSERVED.


RELATIVE HUMIDITY (PERCENT)
 HIGHEST    80           400 AM
 LOWEST     53           200 PM
 AVERAGE    67

..........................................................


THE CENTRAL PARK NY CLIMATE NORMALS FOR TOMORROW
                         NORMAL    RECORD    YEAR
 MAXIMUM TEMPERATURE (F)   72        90      1970
 MINIMUM TEMPERATURE (F)   57        40      1887


SUNRISE AND SUNSET
SEPTEMBER 24 2014.....SUNRISE   645 AM EDT   SUNSET   650 PM EDT
SEPTEMBER 25 2014.....SUNRISE   646 AM EDT   SUNSET   648 PM EDT


-  INDICATES NEGATIVE NUMBERS.
R  INDICATES RECORD WAS SET OR TIED.
MM INDICATES DATA IS MISSING.
T  INDICATES TRACE AMOUNT.




$$
