000
CDUS41 KOKX 172047
CLINYC


CLIMATE REPORT
NATIONAL WEATHER SERVICE NEW YORK NY
447 PM EDT TUE MAY 17 2016


...................................

...THE CENTRAL PARK NY CLIMATE SUMMARY FOR MAY 17 2016...
VALID TODAY AS OF 0400 PM LOCAL TIME.

CLIMATE NORMAL PERIOD 1981 TO 2010
CLIMATE RECORD PERIOD 1869 TO 2016


WEATHER ITEM   OBSERVED TIME   RECORD YEAR NORMAL DEPARTURE LAST
                VALUE   (LST)  VALUE       VALUE  FROM      YEAR
                                                  NORMAL
..................................................................
TEMPERATURE (F)
 TODAY
  MAXIMUM         64    200 PM  92    1974  71     -7       83
  MINIMUM         55    300 AM  39    1956  54      1       64
  AVERAGE         60                        63     -3       74

PRECIPITATION (IN)
  TODAY            0.00          1.05 1989   0.13  -0.13     0.02
  MONTH TO DATE    1.77                      2.16  -0.39     0.32
  SINCE MAR 1      4.55                     11.02  -6.47     7.12
  SINCE JAN 1     13.36                     17.76  -4.40    14.39

SNOWFALL (IN)
  TODAY            0.0           0.0  2002   0.0    0.0      0.0
                                      2001
  MONTH TO DATE    0.0                       0.0    0.0      0.0
  SINCE OCT 1     32.8                      25.8    7.0     50.3
  SINCE JUL 1     32.8                      25.8    7.0     50.3
  SNOW DEPTH       0

DEGREE DAYS
 HEATING
  TODAY            5                         4      1        0
  MONTH TO DATE  144                        97     47       20
  SINCE MAR 1    997                      1168   -171     1165
  SINCE JUL 1   3744                      4690   -946     4924

 COOLING
  TODAY            0                         2     -2        9
  MONTH TO DATE    3                        20    -17       65
  SINCE MAR 1     22                        32    -10       70
  SINCE JAN 1     22                        32    -10       70
..................................................................


WIND (MPH)
  HIGHEST WIND SPEED     5   HIGHEST WIND DIRECTION     E (99)
  HIGHEST GUST SPEED    MM   HIGHEST GUST DIRECTION    MM
  AVERAGE WIND SPEED     3.8


SKY COVER
  AVERAGE SKY COVER 0.3


WEATHER CONDITIONS
 THE FOLLOWING WEATHER WAS RECORDED TODAY.
  NO SIGNIFICANT WEATHER WAS OBSERVED.


RELATIVE HUMIDITY (PERCENT)
 HIGHEST    55           300 PM
 LOWEST     40          1200 AM
 AVERAGE    48

..........................................................


THE CENTRAL PARK NY CLIMATE NORMALS FOR TOMORROW
                         NORMAL    RECORD    YEAR
 MAXIMUM TEMPERATURE (F)   71        90      1936
                                             1906
 MINIMUM TEMPERATURE (F)   55        41      1973


SUNRISE AND SUNSET
MAY 17 2016...........SUNRISE   536 AM EDT   SUNSET   809 PM EDT
MAY 18 2016...........SUNRISE   536 AM EDT   SUNSET   810 PM EDT


-  INDICATES NEGATIVE NUMBERS.
R  INDICATES RECORD WAS SET OR TIED.
MM INDICATES DATA IS MISSING.
T  INDICATES TRACE AMOUNT.




$$
