000
CDUS41 KOKX 181430
CLINYC


CLIMATE REPORT
NATIONAL WEATHER SERVICE NEW YORK NY
1029 AM EDT MON MAY 18 2015


...................................

...THE CENTRAL PARK NY CLIMATE SUMMARY FOR MAY 17 2015...

CLIMATE NORMAL PERIOD 1981 TO 2010
CLIMATE RECORD PERIOD 1869 TO 2015


WEATHER ITEM   OBSERVED TIME   RECORD YEAR NORMAL DEPARTURE LAST
                VALUE   (LST)  VALUE       VALUE  FROM      YEAR
                                                  NORMAL
..................................................................
TEMPERATURE (F)
 YESTERDAY
  MAXIMUM         83    329 PM  92    1974  71     12       70
  MINIMUM         64   1231 AM  39    1956  54     10       53
  AVERAGE         74                        63     11       62

PRECIPITATION (IN)
  YESTERDAY        0.02          1.05 1989   0.13  -0.11     0.00
  MONTH TO DATE    0.32                      2.16  -1.84     2.77
  SINCE MAR 1      7.12                     11.02  -3.90    14.29
  SINCE JAN 1     14.39                     17.76  -3.37    22.56

SNOWFALL (IN)
  YESTERDAY        0.0           0.0  2002   0.0    0.0      0.0
                                      2001
  MONTH TO DATE    0.0                       0.0    0.0      0.0
  SINCE OCT 1     50.3                      25.8   24.5     57.4
  SINCE JUL 1     50.3                      25.8   24.5     57.4
  SNOW DEPTH       0

DEGREE DAYS
 HEATING
  YESTERDAY        0                         4     -4        3
  MONTH TO DATE   20                        97    -77       47
  SINCE MAR 1   1165                      1168     -3     1266
  SINCE JUL 1   4924                      4690    234     4936

 COOLING
  YESTERDAY        9                         2      7        0
  MONTH TO DATE   65                        20     45       21
  SINCE MAR 1     70                        32     38       25
  SINCE JAN 1     70                        32     38       25
..................................................................


WIND (MPH)
  HIGHEST WIND SPEED     7   HIGHEST WIND DIRECTION     N (10)
  HIGHEST GUST SPEED    11   HIGHEST GUST DIRECTION     N (20)
  AVERAGE WIND SPEED     1.9


SKY COVER
  AVERAGE SKY COVER 0.2


WEATHER CONDITIONS
 THE FOLLOWING WEATHER WAS RECORDED YESTERDAY.
  LIGHT RAIN
  FOG
  HAZE


RELATIVE HUMIDITY (PERCENT)
 HIGHEST    93           400 AM
 LOWEST     51          1200 PM
 AVERAGE    72

..........................................................


THE CENTRAL PARK NY CLIMATE NORMALS FOR TODAY
                         NORMAL    RECORD    YEAR
 MAXIMUM TEMPERATURE (F)   71        90      1936
                                             1906
 MINIMUM TEMPERATURE (F)   55        41      1973


SUNRISE AND SUNSET
MAY 18 2015...........SUNRISE   536 AM EDT   SUNSET   809 PM EDT
MAY 19 2015...........SUNRISE   535 AM EDT   SUNSET   810 PM EDT


-  INDICATES NEGATIVE NUMBERS.
R  INDICATES RECORD WAS SET OR TIED.
MM INDICATES DATA IS MISSING.
T  INDICATES TRACE AMOUNT.




$$
