000
CDUS41 KOKX 130622
CLINYC


CLIMATE REPORT
NATIONAL WEATHER SERVICE NEW YORK NY
122 AM EST MON FEB 13 2017


...................................

...THE CENTRAL PARK NY CLIMATE SUMMARY FOR FEBRUARY 12 2017...

CLIMATE NORMAL PERIOD 1981 TO 2010
CLIMATE RECORD PERIOD 1869 TO 2017


WEATHER ITEM   OBSERVED TIME   RECORD YEAR NORMAL DEPARTURE LAST
                VALUE   (LST)  VALUE       VALUE  FROM      YEAR
                                                  NORMAL
..................................................................
TEMPERATURE (F)
 YESTERDAY
  MAXIMUM         40   1249 AM  62    1999  41     -1       27
  MINIMUM         30   1208 PM  -3    1914  28      2       15
  AVERAGE         35                        35      0       21

PRECIPITATION (IN)
  YESTERDAY        0.46          1.66 2006   0.11   0.35     0.00
  MONTH TO DATE    1.92                      1.29   0.63     1.33
  SINCE DEC 1      9.64                      8.94   0.70    10.46
  SINCE JAN 1      6.75                      4.94   1.81     5.74

SNOWFALL (IN)
  YESTERDAY        T            24.1  2006   0.3   -0.3      0.0
  MONTH TO DATE    9.4                       3.9    5.5      2.6
  SINCE OCT 1     20.5                      16.0    4.5     30.5
  SINCE JUL 1     20.5                      16.0    4.5     30.5
  SNOW DEPTH       2

DEGREE DAYS
 HEATING
  YESTERDAY       30                        30      0       44
  MONTH TO DATE  342                       373    -31      321
  SINCE DEC 1   1990                      2229   -239     1695
  SINCE JUL 1   2677                      3062   -385     2283

 COOLING
  YESTERDAY        0                         0      0        0
  MONTH TO DATE    0                         0      0        0
  SINCE DEC 1      0                         0      0        3
  SINCE JAN 1      0                         0      0        0
..................................................................


WIND (MPH)
  HIGHEST WIND SPEED    17   HIGHEST WIND DIRECTION     E (70)
  HIGHEST GUST SPEED    23   HIGHEST GUST DIRECTION    NE (60)
  AVERAGE WIND SPEED     7.2


SKY COVER
  AVERAGE SKY COVER 0.8


WEATHER CONDITIONS
 THE FOLLOWING WEATHER WAS RECORDED YESTERDAY.
  RAIN
  LIGHT RAIN
  FREEZING RAIN
  LT FREEZING RAIN
  LIGHT SNOW
  FOG


RELATIVE HUMIDITY (PERCENT)
 HIGHEST   100           300 PM
 LOWEST     64          1200 AM
 AVERAGE    82

..........................................................


THE CENTRAL PARK NY CLIMATE NORMALS FOR TODAY
                         NORMAL    RECORD    YEAR
 MAXIMUM TEMPERATURE (F)   41        64      1951
 MINIMUM TEMPERATURE (F)   29        -1      1914


SUNRISE AND SUNSET
FEBRUARY 13 2017......SUNRISE   652 AM EST   SUNSET   528 PM EST
FEBRUARY 14 2017......SUNRISE   651 AM EST   SUNSET   530 PM EST


-  INDICATES NEGATIVE NUMBERS.
R  INDICATES RECORD WAS SET OR TIED.
MM INDICATES DATA IS MISSING.
T  INDICATES TRACE AMOUNT.




$$
