000
CDUS41 KOKX 072030
CLINYC


CLIMATE REPORT
NATIONAL WEATHER SERVICE NEW YORK NY
430 PM EDT THU SEP 7 2017


...................................

...THE CENTRAL PARK NY CLIMATE SUMMARY FOR SEPTEMBER 7 2017...
VALID TODAY AS OF 0400 PM LOCAL TIME.

CLIMATE NORMAL PERIOD 1981 TO 2010
CLIMATE RECORD PERIOD 1869 TO 2017


WEATHER ITEM   OBSERVED TIME   RECORD YEAR NORMAL DEPARTURE LAST
                VALUE   (LST)  VALUE       VALUE  FROM      YEAR
                                                  NORMAL
..................................................................
TEMPERATURE (F)
 TODAY
  MAXIMUM         71    259 PM 101    1881  78     -7       85
  MINIMUM         59    631 AM  46    1888  64     -5       71
  AVERAGE         65                        71     -6       78

PRECIPITATION (IN)
  TODAY            0.01          2.07 1998   0.14  -0.13     0.00
  MONTH TO DATE    1.70                      0.93   0.77     0.50
  SINCE SEP 1      1.70                      0.93   0.77     0.50
  SINCE JAN 1     36.77                     34.17   2.60    27.43

SNOWFALL (IN)
  TODAY            0.0           0.0  2002   0.0    0.0      0.0
                                      2001
  MONTH TO DATE    0.0                       0.0    0.0      0.0
  SINCE OCT 1     30.2                      25.8    4.4     32.8
  SINCE JUL 1      0.0                       0.0    0.0      0.0
  SNOW DEPTH       0

DEGREE DAYS
 HEATING
  TODAY            0                         0      0        0
  MONTH TO DATE    7                         0      7        0
  SINCE SEP 1      7                         0      7        0
  SINCE JUL 1      7                         2      5        0

 COOLING
  TODAY            0                         6     -6       13
  MONTH TO DATE   20                        50    -30       66
  SINCE SEP 1     20                        50    -30       66
  SINCE JAN 1   1014                      1004     10     1298
..................................................................


WIND (MPH)
  HIGHEST WIND SPEED    14   HIGHEST WIND DIRECTION     W (270)
  HIGHEST GUST SPEED    20   HIGHEST GUST DIRECTION     W (250)
  AVERAGE WIND SPEED     5.9


SKY COVER
  AVERAGE SKY COVER 0.6


WEATHER CONDITIONS
 THE FOLLOWING WEATHER WAS RECORDED TODAY.
  LIGHT RAIN
  FOG


RELATIVE HUMIDITY (PERCENT)
 HIGHEST   100           200 AM
 LOWEST     53           300 PM
 AVERAGE    77

..........................................................


THE CENTRAL PARK NY CLIMATE NORMALS FOR TOMORROW
                         NORMAL    RECORD    YEAR
 MAXIMUM TEMPERATURE (F)   78        97      2015
 MINIMUM TEMPERATURE (F)   64        54      1986
                                             1956
                                             1955


SUNRISE AND SUNSET
SEPTEMBER  7 2017.....SUNRISE   629 AM EDT   SUNSET   718 PM EDT
SEPTEMBER  8 2017.....SUNRISE   630 AM EDT   SUNSET   716 PM EDT


-  INDICATES NEGATIVE NUMBERS.
R  INDICATES RECORD WAS SET OR TIED.
MM INDICATES DATA IS MISSING.
T  INDICATES TRACE AMOUNT.




$$
