000
CDUS41 KOKX 120618
CLINYC


CLIMATE REPORT
NATIONAL WEATHER SERVICE NEW YORK NY
117 AM EST SUN NOV 12 2017


...................................

...THE CENTRAL PARK NY CLIMATE SUMMARY FOR NOVEMBER 11 2017...

CLIMATE NORMAL PERIOD 1981 TO 2010
CLIMATE RECORD PERIOD 1869 TO 2017


WEATHER ITEM   OBSERVED TIME   RECORD YEAR NORMAL DEPARTURE LAST
                VALUE   (LST)  VALUE       VALUE  FROM      YEAR
                                                  NORMAL
..................................................................
TEMPERATURE (F)
 YESTERDAY
  MAXIMUM         38    101 PM  74    1949  56    -18       63
  MINIMUM         24R   657 AM  28    1933  43    -19       41
                                      1926
  AVERAGE         31                        49    -18       52

PRECIPITATION (IN)
  YESTERDAY        0.00          1.41 1995   0.12  -0.12     0.00
  MONTH TO DATE    0.74                      1.44  -0.70     0.06
  SINCE SEP 1      6.92                     10.12  -3.20     7.00
  SINCE JAN 1     41.99                     43.36  -1.37    33.93

SNOWFALL (IN)
  YESTERDAY        0.0           1.1  1987   0.0    0.0      0.0
  MONTH TO DATE    0.0                       0.0    0.0      0.0
  SINCE OCT 1      0.0                       0.0    0.0      0.0
  SINCE JUL 1      0.0                       0.0    0.0      0.0
  SNOW DEPTH       0

DEGREE DAYS
 HEATING
  YESTERDAY       34                        16     18       13
  MONTH TO DATE  168                       158     10      125
  SINCE SEP 1    284                       469   -185      359
  SINCE JUL 1    284                       471   -187      359

 COOLING
  YESTERDAY        0                         0      0        0
  MONTH TO DATE    0                         0      0        0
  SINCE SEP 1    271                       150    121      257
  SINCE JAN 1   1265                      1104    161     1489
..................................................................


WIND (MPH)
  HIGHEST WIND SPEED    13   HIGHEST WIND DIRECTION    NE (50)
  HIGHEST GUST SPEED    20   HIGHEST GUST DIRECTION    NW (320)
  AVERAGE WIND SPEED     4.7


SKY COVER
  AVERAGE SKY COVER 0.0


WEATHER CONDITIONS
 THE FOLLOWING WEATHER WAS RECORDED YESTERDAY.
  NO SIGNIFICANT WEATHER WAS OBSERVED.


RELATIVE HUMIDITY (PERCENT)
 HIGHEST    60           500 AM
 LOWEST     27           300 PM
 AVERAGE    44

..........................................................


THE CENTRAL PARK NY CLIMATE NORMALS FOR TODAY
                         NORMAL    RECORD    YEAR
 MAXIMUM TEMPERATURE (F)   55        76      1879
 MINIMUM TEMPERATURE (F)   43        26      1926


SUNRISE AND SUNSET
NOVEMBER 12 2017......SUNRISE   640 AM EST   SUNSET   440 PM EST
NOVEMBER 13 2017......SUNRISE   641 AM EST   SUNSET   439 PM EST


-  INDICATES NEGATIVE NUMBERS.
R  INDICATES RECORD WAS SET OR TIED.
MM INDICATES DATA IS MISSING.
T  INDICATES TRACE AMOUNT.




$$
