000
CDUS41 KOKX 070617
CLINYC


CLIMATE REPORT
NATIONAL WEATHER SERVICE NEW YORK NY
117 AM EST WED FEB 7 2018


...................................

...THE CENTRAL PARK NY CLIMATE SUMMARY FOR FEBRUARY 6 2018...

CLIMATE NORMAL PERIOD 1981 TO 2010
CLIMATE RECORD PERIOD 1869 TO 2018


WEATHER ITEM   OBSERVED TIME   RECORD YEAR NORMAL DEPARTURE LAST
                VALUE   (LST)  VALUE       VALUE  FROM      YEAR
                                                  NORMAL
..................................................................
TEMPERATURE (F)
 YESTERDAY
  MAXIMUM         37    403 PM  68    2008  40     -3       49
  MINIMUM         26   1235 AM  -4    1895  28     -2       36
  AVERAGE         32                        34     -2       43

PRECIPITATION (IN)
  YESTERDAY        0.00          2.74 1896   0.11  -0.11     0.00
  MONTH TO DATE    1.19                      0.65   0.54     0.00
  SINCE DEC 1      5.58                      8.30  -2.72     7.72
  SINCE JAN 1      3.37                      4.30  -0.93     4.83

SNOWFALL (IN)
  YESTERDAY        0.0          15.5  1978   0.3   -0.3      0.0
  MONTH TO DATE    T                         2.0   -2.0      0.0
  SINCE OCT 1     18.9                      14.1    4.8     11.1
  SINCE JUL 1     18.9                      14.1    4.8     11.1
  SNOW DEPTH       0

DEGREE DAYS
 HEATING
  YESTERDAY       33                        31      2       22
  MONTH TO DATE  195                       189      6      173
  SINCE DEC 1   2141                      2045     96     1821
  SINCE JUL 1   2803                      2878    -75     2508

 COOLING
  YESTERDAY        0                         0      0        0
  MONTH TO DATE    0                         0      0        0
  SINCE DEC 1      0                         0      0        0
  SINCE JAN 1      0                         0      0        0
..................................................................


WIND (MPH)
  HIGHEST WIND SPEED    14   HIGHEST WIND DIRECTION     W (260)
  HIGHEST GUST SPEED    19   HIGHEST GUST DIRECTION     W (260)
  AVERAGE WIND SPEED     4.0


SKY COVER
  AVERAGE SKY COVER 0.4


WEATHER CONDITIONS
 THE FOLLOWING WEATHER WAS RECORDED YESTERDAY.
  NO SIGNIFICANT WEATHER WAS OBSERVED.


RELATIVE HUMIDITY (PERCENT)
 HIGHEST    61           900 PM
 LOWEST     41          1100 AM
 AVERAGE    51

..........................................................


THE CENTRAL PARK NY CLIMATE NORMALS FOR TODAY
                         NORMAL    RECORD    YEAR
 MAXIMUM TEMPERATURE (F)   40        54      1938
 MINIMUM TEMPERATURE (F)   28         1      1910


SUNRISE AND SUNSET
FEBRUARY  7 2018......SUNRISE   700 AM EST   SUNSET   521 PM EST
FEBRUARY  8 2018......SUNRISE   659 AM EST   SUNSET   522 PM EST


-  INDICATES NEGATIVE NUMBERS.
R  INDICATES RECORD WAS SET OR TIED.
MM INDICATES DATA IS MISSING.
T  INDICATES TRACE AMOUNT.




$$
