000
CDUS41 KOKX 112031
CLINYC


CLIMATE REPORT
NATIONAL WEATHER SERVICE NEW YORK NY
431 PM EDT TUE JUL 11 2017


...................................

...THE CENTRAL PARK NY CLIMATE SUMMARY FOR JULY 11 2017...
VALID TODAY AS OF 0400 PM LOCAL TIME.

CLIMATE NORMAL PERIOD 1981 TO 2010
CLIMATE RECORD PERIOD 1869 TO 2017


WEATHER ITEM   OBSERVED TIME   RECORD YEAR NORMAL DEPARTURE LAST
                VALUE   (LST)  VALUE       VALUE  FROM      YEAR
                                                  NORMAL
..................................................................
TEMPERATURE (F)
 TODAY
  MAXIMUM         84    253 PM  98    1988  84      0       81
  MINIMUM         75    625 AM  57    1898  69      6       65
                                      1893
  AVERAGE         80                        76      4       73

PRECIPITATION (IN)
  TODAY            0.00          1.94 1940   0.15  -0.15     0.00
  MONTH TO DATE    2.46                      1.46   1.00     2.63
  SINCE JUN 1      7.22                      5.87   1.35     5.23
  SINCE JAN 1     30.00                     25.66   4.34    20.57

SNOWFALL (IN)
  TODAY            0.0           0.0  2002   0.0    0.0      0.0
                                      2001
  MONTH TO DATE    0.0                       0.0    0.0      0.0
  SINCE OCT 1     30.2                      25.8    4.4     32.8
  SINCE JUL 1      0.0                       0.0    0.0      0.0
  SNOW DEPTH       0

DEGREE DAYS
 HEATING
  TODAY            0                         0      0        0
  MONTH TO DATE    0                         0      0        0
  SINCE JUN 1     24                        19      5        7
  SINCE JUL 1      0                         0      0        0

 COOLING
  TODAY           15                        11      4        8
  MONTH TO DATE  134                       120     14      110
  SINCE JUN 1    376                       332     44      342
  SINCE JAN 1    465                       401     64      461
..................................................................


WIND (MPH)
  HIGHEST WIND SPEED    13   HIGHEST WIND DIRECTION     W (260)
  HIGHEST GUST SPEED    20   HIGHEST GUST DIRECTION    SW (240)
  AVERAGE WIND SPEED     3.0


SKY COVER
  AVERAGE SKY COVER 0.6


WEATHER CONDITIONS
 THE FOLLOWING WEATHER WAS RECORDED TODAY.
  NO SIGNIFICANT WEATHER WAS OBSERVED.


RELATIVE HUMIDITY (PERCENT)
 HIGHEST    82           600 AM
 LOWEST     61           300 PM
 AVERAGE    72

..........................................................


THE CENTRAL PARK NY CLIMATE NORMALS FOR TOMORROW
                         NORMAL    RECORD    YEAR
 MAXIMUM TEMPERATURE (F)   84        99      1966
 MINIMUM TEMPERATURE (F)   69        57      1926


SUNRISE AND SUNSET
JULY 11 2017..........SUNRISE   534 AM EDT   SUNSET   828 PM EDT
JULY 12 2017..........SUNRISE   535 AM EDT   SUNSET   827 PM EDT


-  INDICATES NEGATIVE NUMBERS.
R  INDICATES RECORD WAS SET OR TIED.
MM INDICATES DATA IS MISSING.
T  INDICATES TRACE AMOUNT.




$$
