000
CDUS41 KOKX 202032
CLINYC


CLIMATE REPORT
NATIONAL WEATHER SERVICE NEW YORK NY
432 PM EDT SAT AUG 20 2016


...................................

...THE CENTRAL PARK NY CLIMATE SUMMARY FOR AUGUST 20 2016...
VALID TODAY AS OF 0400 PM LOCAL TIME.

CLIMATE NORMAL PERIOD 1981 TO 2010
CLIMATE RECORD PERIOD 1869 TO 2016


WEATHER ITEM   OBSERVED TIME   RECORD YEAR NORMAL DEPARTURE LAST
                VALUE   (LST)  VALUE       VALUE  FROM      YEAR
                                                  NORMAL
..................................................................
TEMPERATURE (F)
 TODAY
  MAXIMUM         83   1029 AM  97    1955  82      1       86
  MINIMUM         70   1249 PM  55    1949  68      2       77
  AVERAGE         77                        75      2       82

PRECIPITATION (IN)
  TODAY            0.82          3.63 1904   0.14   0.68     0.01
  MONTH TO DATE    1.65                      2.99  -1.34     1.90
  SINCE JUN 1     11.27                     12.00  -0.73    10.67
  SINCE JAN 1     26.61                     31.79  -5.18    26.60

SNOWFALL (IN)
  TODAY            0.0           0.0  2002   0.0    0.0      0.0
                                      2001
  MONTH TO DATE    0.0                       0.0    0.0      0.0
  SINCE OCT 1     32.8                      25.8    7.0     50.3
  SINCE JUL 1      0.0                       0.0    0.0      0.0
  SNOW DEPTH       0

DEGREE DAYS
 HEATING
  TODAY            0                         0      0        0
  MONTH TO DATE    0                         0      0        0
  SINCE JUN 1      7                        19    -12       33
  SINCE JUL 1      0                         0      0        0

 COOLING
  TODAY           12                        10      2       17
  MONTH TO DATE  296                       216     80      293
  SINCE JUN 1    960                       783    177      958
  SINCE JAN 1   1079                       852    227     1117
..................................................................


WIND (MPH)
  HIGHEST WIND SPEED    16   HIGHEST WIND DIRECTION     S (160)
  HIGHEST GUST SPEED    23   HIGHEST GUST DIRECTION     S (160)
  AVERAGE WIND SPEED     3.7


SKY COVER
  AVERAGE SKY COVER 0.4


WEATHER CONDITIONS
 THE FOLLOWING WEATHER WAS RECORDED TODAY.
  HEAVY RAIN
  LIGHT RAIN
  FOG
  FOG W/VISIBILITY <= 1/4 MILE
  HAZE


RELATIVE HUMIDITY (PERCENT)
 HIGHEST    97           100 PM
 LOWEST     58          1000 AM
 AVERAGE    78

..........................................................


THE CENTRAL PARK NY CLIMATE NORMALS FOR TOMORROW
                         NORMAL    RECORD    YEAR
 MAXIMUM TEMPERATURE (F)   82        96      1955
 MINIMUM TEMPERATURE (F)   68        53      1922


SUNRISE AND SUNSET
AUGUST 20 2016........SUNRISE   611 AM EDT   SUNSET   746 PM EDT
AUGUST 21 2016........SUNRISE   612 AM EDT   SUNSET   745 PM EDT


-  INDICATES NEGATIVE NUMBERS.
R  INDICATES RECORD WAS SET OR TIED.
MM INDICATES DATA IS MISSING.
T  INDICATES TRACE AMOUNT.




$$
