000
CDUS41 KOKX 090617
CLINYC


CLIMATE REPORT
NATIONAL WEATHER SERVICE NEW YORK NY
116 AM EST FRI FEB 9 2018


...................................

...THE CENTRAL PARK NY CLIMATE SUMMARY FOR FEBRUARY 8 2018...

CLIMATE NORMAL PERIOD 1981 TO 2010
CLIMATE RECORD PERIOD 1869 TO 2018


WEATHER ITEM   OBSERVED TIME   RECORD YEAR NORMAL DEPARTURE LAST
                VALUE   (LST)  VALUE       VALUE  FROM      YEAR
                                                  NORMAL
..................................................................
TEMPERATURE (F)
 YESTERDAY
  MAXIMUM         33   1204 AM  62    2017  40     -7       62
  MINIMUM         25    816 AM  -7    1934  28     -3       38
  AVERAGE         29                        34     -5       50

PRECIPITATION (IN)
  YESTERDAY        0.00          1.15 2013   0.11  -0.11     0.03
  MONTH TO DATE    2.04                      0.87   1.17     0.30
  SINCE DEC 1      6.43                      8.52  -2.09     8.02
  SINCE JAN 1      4.22                      4.52  -0.30     5.13

SNOWFALL (IN)
  YESTERDAY        0.0           8.0  1870   0.3   -0.3      0.0
  MONTH TO DATE    0.5                       2.6   -2.1      0.0
  SINCE OCT 1     19.4                      14.7    4.7     11.1
  SINCE JUL 1     19.4                      14.7    4.7     11.1
  SNOW DEPTH       0

DEGREE DAYS
 HEATING
  YESTERDAY       36                        31      5       15
  MONTH TO DATE  258                       251      7      214
  SINCE DEC 1   2204                      2107     97     1862
  SINCE JUL 1   2866                      2940    -74     2549

 COOLING
  YESTERDAY        0                         0      0        0
  MONTH TO DATE    0                         0      0        0
  SINCE DEC 1      0                         0      0        0
  SINCE JAN 1      0                         0      0        0
..................................................................


WIND (MPH)
  HIGHEST WIND SPEED    18   HIGHEST WIND DIRECTION    NW (310)
  HIGHEST GUST SPEED    27   HIGHEST GUST DIRECTION    NW (310)
  AVERAGE WIND SPEED     6.8


SKY COVER
  AVERAGE SKY COVER 0.4


WEATHER CONDITIONS
 THE FOLLOWING WEATHER WAS RECORDED YESTERDAY.
  NO SIGNIFICANT WEATHER WAS OBSERVED.


RELATIVE HUMIDITY (PERCENT)
 HIGHEST    64          1200 AM
 LOWEST     46           800 PM
 AVERAGE    55

..........................................................


THE CENTRAL PARK NY CLIMATE NORMALS FOR TODAY
                         NORMAL    RECORD    YEAR
 MAXIMUM TEMPERATURE (F)   40        63      1990
 MINIMUM TEMPERATURE (F)   28       -15      1934


SUNRISE AND SUNSET
FEBRUARY  9 2018......SUNRISE   657 AM EST   SUNSET   523 PM EST
FEBRUARY 10 2018......SUNRISE   656 AM EST   SUNSET   525 PM EST


-  INDICATES NEGATIVE NUMBERS.
R  INDICATES RECORD WAS SET OR TIED.
MM INDICATES DATA IS MISSING.
T  INDICATES TRACE AMOUNT.




$$
