000
CDUS41 KOKX 150616
CLINYC


CLIMATE REPORT
NATIONAL WEATHER SERVICE NEW YORK NY
216 AM EDT FRI APR 15 2016


...................................

...THE CENTRAL PARK NY CLIMATE SUMMARY FOR APRIL 14 2016...

CLIMATE NORMAL PERIOD 1981 TO 2010
CLIMATE RECORD PERIOD 1869 TO 2016


WEATHER ITEM   OBSERVED TIME   RECORD YEAR NORMAL DEPARTURE LAST
                VALUE   (LST)  VALUE       VALUE  FROM      YEAR
                                                  NORMAL
..................................................................
TEMPERATURE (F)
 YESTERDAY
  MAXIMUM         62        MM  85    1941  61      1       65
  MINIMUM         43        MM  26    1950  44     -1       55
  AVERAGE         53                        53      0       60

PRECIPITATION (IN)
  YESTERDAY        0.00          2.72 1909   0.16  -0.16     0.01
  MONTH TO DATE    1.16                      2.23  -1.07     0.38
  SINCE MAR 1      2.33                      6.59  -4.26     5.10
  SINCE JAN 1     11.14                     13.33  -2.19    12.37

SNOWFALL (IN)
  YESTERDAY        0.0           1.0  1950   0.1   -0.1      0.0
  MONTH TO DATE    T                         0.5   -0.5      0.0
  SINCE OCT 1     32.1                      25.7    6.4     50.3
  SINCE JUL 1     32.1                      25.7    6.4     50.3
  SNOW DEPTH       0

DEGREE DAYS
 HEATING
  YESTERDAY       12                        13     -1        5
  MONTH TO DATE  250                       210     40      190
  SINCE MAR 1    748                       910   -162     1016
  SINCE JUL 1   3495                      4432   -937     4775

 COOLING
  YESTERDAY        0                         0      0        0
  MONTH TO DATE    5                         0      5        0
  SINCE MAR 1     11                         1     10        0
  SINCE JAN 1     11                         1     10        0
..................................................................


WIND (MPH)
  HIGHEST WIND SPEED    12   HIGHEST WIND DIRECTION    NE (50)
  HIGHEST GUST SPEED    20   HIGHEST GUST DIRECTION    NE (50)
  AVERAGE WIND SPEED     6.3


SKY COVER
  AVERAGE SKY COVER 0.1


WEATHER CONDITIONS
 THE FOLLOWING WEATHER WAS RECORDED YESTERDAY.
  NO SIGNIFICANT WEATHER WAS OBSERVED.


RELATIVE HUMIDITY (PERCENT)
 HIGHEST    65           700 AM
 LOWEST     19           300 PM
 AVERAGE    42

..........................................................


THE CENTRAL PARK NY CLIMATE NORMALS FOR TODAY
                         NORMAL    RECORD    YEAR
 MAXIMUM TEMPERATURE (F)   61        87      1941
 MINIMUM TEMPERATURE (F)   45        28      1943


SUNRISE AND SUNSET
APRIL 15 2016.........SUNRISE   616 AM EDT   SUNSET   736 PM EDT
APRIL 16 2016.........SUNRISE   615 AM EDT   SUNSET   737 PM EDT


-  INDICATES NEGATIVE NUMBERS.
R  INDICATES RECORD WAS SET OR TIED.
MM INDICATES DATA IS MISSING.
T  INDICATES TRACE AMOUNT.




$$
