000
CDUS41 KOKX 160616
CLINYC


CLIMATE REPORT
NATIONAL WEATHER SERVICE NEW YORK NY
216 AM EDT TUE SEP 16 2014


...................................

...THE CENTRAL PARK NY CLIMATE SUMMARY FOR SEPTEMBER 15 2014...

CLIMATE NORMAL PERIOD 1981 TO 2010
CLIMATE RECORD PERIOD 1869 TO 2014


WEATHER ITEM   OBSERVED TIME   RECORD YEAR NORMAL DEPARTURE LAST
                VALUE   (LST)  VALUE       VALUE  FROM      YEAR
                                                  NORMAL
..................................................................
TEMPERATURE (F)
 YESTERDAY
  MAXIMUM         71    334 PM  92    1927  76     -5       73
  MINIMUM         55    626 AM  45    1913  61     -6       51
                                      1873
  AVERAGE         63                        68     -5       62

PRECIPITATION (IN)
  YESTERDAY        0.00          4.16 1933   0.15  -0.15     0.00
  MONTH TO DATE    0.37                      2.02  -1.65     1.75
  SINCE SEP 1      0.37                      2.02  -1.65     1.75
  SINCE JAN 1     36.63                     35.26   1.37    36.76

SNOWFALL (IN)
  YESTERDAY        0.0           0.0  2002   0.0    0.0      0.0
                                      2001
  MONTH TO DATE    0.0                       0.0    0.0      0.0
  SINCE OCT 1     57.4                      25.8   31.6     26.1
  SINCE JUL 1      0.0                       0.0    0.0      0.0
  SNOW DEPTH       0

DEGREE DAYS
 HEATING
  YESTERDAY        2                         1      1        3
  MONTH TO DATE    6                         6      0        7
  SINCE SEP 1      6                         6      0        7
  SINCE JUL 1      6                         8     -2        7

 COOLING
  YESTERDAY        0                         4     -4        0
  MONTH TO DATE  132                        92     40      120
  SINCE SEP 1    132                        92     40      120
  SINCE JAN 1   1070                      1046     24     1213
..................................................................


WIND (MPH)
  HIGHEST WIND SPEED     9   HIGHEST WIND DIRECTION    NE (50)
  HIGHEST GUST SPEED    14   HIGHEST GUST DIRECTION    NE (50)
  AVERAGE WIND SPEED     3.0


SKY COVER
  AVERAGE SKY COVER 0.0


WEATHER CONDITIONS
 THE FOLLOWING WEATHER WAS RECORDED YESTERDAY.
  NO SIGNIFICANT WEATHER WAS OBSERVED.


RELATIVE HUMIDITY (PERCENT)
 HIGHEST    72           200 AM
 LOWEST     33          1200 PM
 AVERAGE    53

..........................................................


THE CENTRAL PARK NY CLIMATE NORMALS FOR TODAY
                         NORMAL    RECORD    YEAR
 MAXIMUM TEMPERATURE (F)   75        93      1915
 MINIMUM TEMPERATURE (F)   61        47      1966


SUNRISE AND SUNSET
SEPTEMBER 16 2014.....SUNRISE   637 AM EDT   SUNSET   703 PM EDT
SEPTEMBER 17 2014.....SUNRISE   638 AM EDT   SUNSET   702 PM EDT


-  INDICATES NEGATIVE NUMBERS.
R  INDICATES RECORD WAS SET OR TIED.
MM INDICATES DATA IS MISSING.
T  INDICATES TRACE AMOUNT.




$$
