000
CDUS41 KOKX 271245
CLINYC


CLIMATE REPORT
NATIONAL WEATHER SERVICE NEW YORK NY
845 AM EDT MON JUL 27 2015


...................................

...THE CENTRAL PARK NY CLIMATE SUMMARY FOR JULY 26 2015...

CLIMATE NORMAL PERIOD 1981 TO 2010
CLIMATE RECORD PERIOD 1869 TO 2015


WEATHER ITEM   OBSERVED TIME   RECORD YEAR NORMAL DEPARTURE LAST
                VALUE   (LST)  VALUE       VALUE  FROM      YEAR
                                                  NORMAL
..................................................................
TEMPERATURE (F)
 YESTERDAY
  MAXIMUM         90   1240 PM  98    1940  84      6       81
  MINIMUM         74    305 AM  55    1920  69      5       69
  AVERAGE         82                        77      5       75

PRECIPITATION (IN)
  YESTERDAY        T             3.80 1872   0.16  -0.16     0.00
  MONTH TO DATE    1.67                      3.76  -2.09     5.38
  SINCE JUN 1      6.46                      8.17  -1.71     9.64
  SINCE JAN 1     22.39                     27.96  -5.57    33.80

SNOWFALL (IN)
  YESTERDAY        0.0           0.0  2002   0.0    0.0      0.0
                                      2001
  MONTH TO DATE    0.0                       0.0    0.0      0.0
  SINCE OCT 1     50.3                      25.8   24.5     57.4
  SINCE JUL 1      0.0                       0.0    0.0      0.0
  SNOW DEPTH       0

DEGREE DAYS
 HEATING
  YESTERDAY        0                         0      0        0
  MONTH TO DATE    0                         0      0        0
  SINCE JUN 1     33                        19     14        0
  SINCE JUL 1      0                         0      0        0

 COOLING
  YESTERDAY       17                        12      5       10
  MONTH TO DATE  348                       300     48      306
  SINCE JUN 1    576                       512     64      538
  SINCE JAN 1    735                       581    154      592
..................................................................


WIND (MPH)
  HIGHEST WIND SPEED    12   HIGHEST WIND DIRECTION     S (180)
  HIGHEST GUST SPEED    22   HIGHEST GUST DIRECTION     W (260)
  AVERAGE WIND SPEED     4.5


SKY COVER
  AVERAGE SKY COVER 0.4


WEATHER CONDITIONS
 THE FOLLOWING WEATHER WAS RECORDED YESTERDAY.
  NO SIGNIFICANT WEATHER WAS OBSERVED.


RELATIVE HUMIDITY (PERCENT)
 HIGHEST    61           300 AM
 LOWEST     43          1200 PM
 AVERAGE    52

..........................................................


THE CENTRAL PARK NY CLIMATE NORMALS FOR TODAY
                         NORMAL    RECORD    YEAR
 MAXIMUM TEMPERATURE (F)   84        98      1963
                                             1940
 MINIMUM TEMPERATURE (F)   69        55      1920


SUNRISE AND SUNSET
JULY 27 2015..........SUNRISE   547 AM EDT   SUNSET   817 PM EDT
JULY 28 2015..........SUNRISE   548 AM EDT   SUNSET   816 PM EDT


-  INDICATES NEGATIVE NUMBERS.
R  INDICATES RECORD WAS SET OR TIED.
MM INDICATES DATA IS MISSING.
T  INDICATES TRACE AMOUNT.




$$
