000
CDUS41 KOKX 082031
CLINYC


CLIMATE REPORT
NATIONAL WEATHER SERVICE NEW YORK NY
431 PM EDT SUN OCT 8 2017


...................................

...THE CENTRAL PARK NY CLIMATE SUMMARY FOR OCTOBER 8 2017...
VALID TODAY AS OF 0400 PM LOCAL TIME.

CLIMATE NORMAL PERIOD 1981 TO 2010
CLIMATE RECORD PERIOD 1869 TO 2017


WEATHER ITEM   OBSERVED TIME   RECORD YEAR NORMAL DEPARTURE LAST
                VALUE   (LST)  VALUE       VALUE  FROM      YEAR
                                                  NORMAL
..................................................................
TEMPERATURE (F)
 TODAY
  MAXIMUM         77    259 PM  87    2007  67     10       68
  MINIMUM         72    925 AM  37    1988  52     20       58
  AVERAGE         75                        59     16       63

PRECIPITATION (IN)
  TODAY            0.22          4.30 1903   0.14   0.08     0.23
  MONTH TO DATE    0.22                      1.14  -0.92     0.23
  SINCE SEP 1      2.22                      5.42  -3.20     3.02
  SINCE JAN 1     37.29                     38.66  -1.37    29.95

SNOWFALL (IN)
  TODAY            0.0           0.0  2002   0.0    0.0      0.0
                                      2001
  MONTH TO DATE    0.0                       0.0    0.0      0.0
  SINCE OCT 1      0.0                       0.0    0.0      0.0
  SINCE JUL 1      0.0                       0.0    0.0      0.0
  SNOW DEPTH       0

DEGREE DAYS
 HEATING
  TODAY            0                         7     -7        2
  MONTH TO DATE    9                        44    -35       19
  SINCE SEP 1     26                        87    -61       36
  SINCE JUL 1     26                        89    -63       36

 COOLING
  TODAY           10                         1      9        0
  MONTH TO DATE   39                         8     31        2
  SINCE SEP 1    229                       141     88      230
  SINCE JAN 1   1223                      1095    128     1462
..................................................................


WIND (MPH)
  HIGHEST WIND SPEED    12   HIGHEST WIND DIRECTION    SW (240)
  HIGHEST GUST SPEED    21   HIGHEST GUST DIRECTION    SW (240)
  AVERAGE WIND SPEED     4.9


SKY COVER
  AVERAGE SKY COVER 1.0


WEATHER CONDITIONS
 THE FOLLOWING WEATHER WAS RECORDED TODAY.
  RAIN
  LIGHT RAIN
  FOG


RELATIVE HUMIDITY (PERCENT)
 HIGHEST   100          1200 PM
 LOWEST     79          1200 AM
 AVERAGE    90

..........................................................


THE CENTRAL PARK NY CLIMATE NORMALS FOR TOMORROW
                         NORMAL    RECORD    YEAR
 MAXIMUM TEMPERATURE (F)   66        86      1916
 MINIMUM TEMPERATURE (F)   52        37      1988
                                             1888


SUNRISE AND SUNSET
OCTOBER  8 2017.......SUNRISE   700 AM EDT   SUNSET   626 PM EDT
OCTOBER  9 2017.......SUNRISE   701 AM EDT   SUNSET   625 PM EDT


-  INDICATES NEGATIVE NUMBERS.
R  INDICATES RECORD WAS SET OR TIED.
MM INDICATES DATA IS MISSING.
T  INDICATES TRACE AMOUNT.




$$
