400
CDUS41 KOKX 100626
CLINYC


CLIMATE REPORT
NATIONAL WEATHER SERVICE NEW YORK NY
226 AM EDT THU AUG 10 2017


...................................

...THE CENTRAL PARK NY CLIMATE SUMMARY FOR AUGUST 9 2017...

CLIMATE NORMAL PERIOD 1981 TO 2010
CLIMATE RECORD PERIOD 1869 TO 2017


WEATHER ITEM   OBSERVED TIME   RECORD YEAR NORMAL DEPARTURE LAST
                VALUE   (LST)  VALUE       VALUE  FROM      YEAR
                                                  NORMAL
..................................................................
TEMPERATURE (F)
 YESTERDAY
  MAXIMUM         85    116 PM 103    2001  84      1       87
  MINIMUM         64    514 AM  57    1989  69     -5       71
                                      1919
  AVERAGE         75                        76     -1       79

PRECIPITATION (IN)
  YESTERDAY        0.00          4.10 1942   0.15  -0.15     0.00
  MONTH TO DATE    1.30                      1.42  -0.12     0.05
  SINCE JUN 1     10.25                     10.43  -0.18     9.67
  SINCE JAN 1     33.03                     30.22   2.81    25.01

SNOWFALL (IN)
  YESTERDAY        0.0           0.0  2002   0.0    0.0      0.0
                                      2001
  MONTH TO DATE    0.0                       0.0    0.0      0.0
  SINCE OCT 1     30.2                      25.8    4.4     32.8
  SINCE JUL 1      0.0                       0.0    0.0      0.0
  SNOW DEPTH       0

DEGREE DAYS
 HEATING
  YESTERDAY        0                         0      0        0
  MONTH TO DATE    0                         0      0        0
  SINCE JUN 1     24                        19      5        7
  SINCE JUL 1      0                         0      0        0

 COOLING
  YESTERDAY       10                        11     -1       14
  MONTH TO DATE   89                       100    -11      103
  SINCE JUN 1    703                       667     36      767
  SINCE JAN 1    792                       736     56      886
..................................................................


WIND (MPH)
  HIGHEST WIND SPEED     8   HIGHEST WIND DIRECTION     S (180)
  HIGHEST GUST SPEED    14   HIGHEST GUST DIRECTION     S (200)
  AVERAGE WIND SPEED     1.3


SKY COVER
  AVERAGE SKY COVER 0.1


WEATHER CONDITIONS
 THE FOLLOWING WEATHER WAS RECORDED YESTERDAY.
  NO SIGNIFICANT WEATHER WAS OBSERVED.


RELATIVE HUMIDITY (PERCENT)
 HIGHEST    78           400 AM
 LOWEST     40          1200 PM
 AVERAGE    59

..........................................................


THE CENTRAL PARK NY CLIMATE NORMALS FOR TODAY
                         NORMAL    RECORD    YEAR
 MAXIMUM TEMPERATURE (F)   83        98      1949
                                             1891
 MINIMUM TEMPERATURE (F)   69        55      1879


SUNRISE AND SUNSET
AUGUST 10 2017........SUNRISE   601 AM EDT   SUNSET   800 PM EDT
AUGUST 11 2017........SUNRISE   602 AM EDT   SUNSET   759 PM EDT


-  INDICATES NEGATIVE NUMBERS.
R  INDICATES RECORD WAS SET OR TIED.
MM INDICATES DATA IS MISSING.
T  INDICATES TRACE AMOUNT.




$$
