000
CDUS41 KOKX 152033
CLINYC


CLIMATE REPORT
NATIONAL WEATHER SERVICE NEW YORK NY
433 PM EDT MON AUG 15 2016


...................................

...THE CENTRAL PARK NY CLIMATE SUMMARY FOR AUGUST 15 2016...
VALID TODAY AS OF 0400 PM LOCAL TIME.

CLIMATE NORMAL PERIOD 1981 TO 2010
CLIMATE RECORD PERIOD 1869 TO 2016


WEATHER ITEM   OBSERVED TIME   RECORD YEAR NORMAL DEPARTURE LAST
                VALUE   (LST)  VALUE       VALUE  FROM      YEAR
                                                  NORMAL
..................................................................
TEMPERATURE (F)
 TODAY
  MAXIMUM         92    102 PM  97    1988  83      9       92
  MINIMUM         77    704 AM  54    1964  68      9       73
  AVERAGE         85                        76      9       83

PRECIPITATION (IN)
  TODAY            0.00          1.52 1911   0.14  -0.14     0.00
  MONTH TO DATE    0.67                      2.27  -1.60     1.60
  SINCE JUN 1     10.29                     11.28  -0.99    10.37
  SINCE JAN 1     25.63                     31.07  -5.44    26.30

SNOWFALL (IN)
  TODAY            0.0           0.0  2002   0.0    0.0      0.0
                                      2001
  MONTH TO DATE    0.0                       0.0    0.0      0.0
  SINCE OCT 1     32.8                      25.8    7.0     50.3
  SINCE JUL 1      0.0                       0.0    0.0      0.0
  SNOW DEPTH       0

DEGREE DAYS
 HEATING
  TODAY            0                         0      0        0
  MONTH TO DATE    0                         0      0        0
  SINCE JUN 1      7                        19    -12       33
  SINCE JUL 1      0                         0      0        0

 COOLING
  TODAY           20                        11      9       18
  MONTH TO DATE  220                       166     54      200
  SINCE JUN 1    884                       733    151      865
  SINCE JAN 1   1003                       802    201     1024
..................................................................


WIND (MPH)
  HIGHEST WIND SPEED     8   HIGHEST WIND DIRECTION     W (280)
  HIGHEST GUST SPEED    14   HIGHEST GUST DIRECTION     W (290)
  AVERAGE WIND SPEED     3.4


SKY COVER
  AVERAGE SKY COVER 0.1


WEATHER CONDITIONS
 THE FOLLOWING WEATHER WAS RECORDED TODAY.
  NO SIGNIFICANT WEATHER WAS OBSERVED.


RELATIVE HUMIDITY (PERCENT)
 HIGHEST    79           200 AM
 LOWEST     41           100 PM
 AVERAGE    60

..........................................................


THE CENTRAL PARK NY CLIMATE NORMALS FOR TOMORROW
                         NORMAL    RECORD    YEAR
 MAXIMUM TEMPERATURE (F)   83        96      1944
 MINIMUM TEMPERATURE (F)   68        55      1880


SUNRISE AND SUNSET
AUGUST 15 2016........SUNRISE   606 AM EDT   SUNSET   753 PM EDT
AUGUST 16 2016........SUNRISE   607 AM EDT   SUNSET   752 PM EDT


-  INDICATES NEGATIVE NUMBERS.
R  INDICATES RECORD WAS SET OR TIED.
MM INDICATES DATA IS MISSING.
T  INDICATES TRACE AMOUNT.




$$
