000
CDUS41 KOKX 260616
CLINYC


CLIMATE REPORT
NATIONAL WEATHER SERVICE NEW YORK NY
116 AM EST THU FEB 26 2015


...................................

...THE CENTRAL PARK NY CLIMATE SUMMARY FOR FEBRUARY 25 2015...

CLIMATE NORMAL PERIOD 1981 TO 2010
CLIMATE RECORD PERIOD 1869 TO 2015


WEATHER ITEM   OBSERVED TIME   RECORD YEAR NORMAL DEPARTURE LAST
                VALUE   (LST)  VALUE       VALUE  FROM      YEAR
                                                  NORMAL
..................................................................
TEMPERATURE (F)
 YESTERDAY
  MAXIMUM         37    437 PM  75    1930  44     -7       33
  MINIMUM         20    656 AM   1    1914  31    -11       24
                                      1894
  AVERAGE         29                        37     -8       29

PRECIPITATION (IN)
  YESTERDAY        0.00          2.11 1916   0.11  -0.11     0.00
  MONTH TO DATE    2.04                      2.73  -0.69     5.45
  SINCE DEC 1     13.31                     10.38   2.93    13.09
  SINCE JAN 1      7.27                      6.38   0.89     8.24

SNOWFALL (IN)
  YESTERDAY        0.0           9.4  2010   0.3   -0.3      0.0
  MONTH TO DATE   11.9                       8.4    3.5     28.8
  SINCE OCT 1     28.4                      20.5    7.9     57.1
  SINCE JUL 1     28.4                      20.5    7.9     57.1
  SNOW DEPTH      12

DEGREE DAYS
 HEATING
  YESTERDAY       36                        28      8       36
  MONTH TO DATE 1020                       750    270      799
  SINCE DEC 1   2851                      2606    245     2734
  SINCE JUL 1   3636                      3439    197     3542

 COOLING
  YESTERDAY        0                         0      0        0
  MONTH TO DATE    0                         0      0        0
  SINCE DEC 1      0                         0      0        1
  SINCE JAN 1      0                         0      0        0
..................................................................


WIND (MPH)
  HIGHEST WIND SPEED    15   HIGHEST WIND DIRECTION     W (280)
  HIGHEST GUST SPEED    24   HIGHEST GUST DIRECTION     W (280)
  AVERAGE WIND SPEED     6.4


SKY COVER
  AVERAGE SKY COVER 0.0


WEATHER CONDITIONS
 THE FOLLOWING WEATHER WAS RECORDED YESTERDAY.
  NO SIGNIFICANT WEATHER WAS OBSERVED.


RELATIVE HUMIDITY (PERCENT)
 HIGHEST    65           200 AM
 LOWEST     32           300 PM
 AVERAGE    49

..........................................................


THE CENTRAL PARK NY CLIMATE NORMALS FOR TODAY
                         NORMAL    RECORD    YEAR
 MAXIMUM TEMPERATURE (F)   44        65      1890
 MINIMUM TEMPERATURE (F)   31         7      1990
                                             1928


SUNRISE AND SUNSET
FEBRUARY 26 2015......SUNRISE   635 AM EST   SUNSET   543 PM EST
FEBRUARY 27 2015......SUNRISE   633 AM EST   SUNSET   544 PM EST


-  INDICATES NEGATIVE NUMBERS.
R  INDICATES RECORD WAS SET OR TIED.
MM INDICATES DATA IS MISSING.
T  INDICATES TRACE AMOUNT.




$$
