000
CDUS41 KOKX 212036
CLINYC


CLIMATE REPORT
NATIONAL WEATHER SERVICE NEW YORK NY
435 PM EDT FRI AUG 21 2015


...................................

...THE CENTRAL PARK NY CLIMATE SUMMARY FOR AUGUST 21 2015...
VALID TODAY AS OF 0400 PM LOCAL TIME.

CLIMATE NORMAL PERIOD 1981 TO 2010
CLIMATE RECORD PERIOD 1869 TO 2015


WEATHER ITEM   OBSERVED TIME   RECORD YEAR NORMAL DEPARTURE LAST
                VALUE   (LST)  VALUE       VALUE  FROM      YEAR
                                                  NORMAL
..................................................................
TEMPERATURE (F)
 TODAY
  MAXIMUM         87    151 PM  96    1955  82      5       83
  MINIMUM         71    843 AM  53    1922  68      3       65
  AVERAGE         79                        75      4       74

PRECIPITATION (IN)
  TODAY            0.32          4.19 1888   0.15   0.17     0.35
  MONTH TO DATE    2.22                      3.14  -0.92     1.56
  SINCE JUN 1     10.99                     12.15  -1.16    11.41
  SINCE JAN 1     26.92                     31.94  -5.02    35.57

SNOWFALL (IN)
  TODAY            0.0           0.0  2002   0.0    0.0      0.0
                                      2001
  MONTH TO DATE    0.0                       0.0    0.0      0.0
  SINCE OCT 1     50.3                      25.8   24.5     57.4
  SINCE JUL 1      0.0                       0.0    0.0      0.0
  SNOW DEPTH       0

DEGREE DAYS
 HEATING
  TODAY            0                         0      0        0
  MONTH TO DATE    0                         0      0        0
  SINCE JUN 1     33                        19     14        0
  SINCE JUL 1      0                         0      0        0

 COOLING
  TODAY           14                        10      4        9
  MONTH TO DATE  307                       226     81      199
  SINCE JUN 1    972                       793    179      782
  SINCE JAN 1   1131                       862    269      836
..................................................................


WIND (MPH)
  HIGHEST WIND SPEED    12   HIGHEST WIND DIRECTION     N (340)
  HIGHEST GUST SPEED    16   HIGHEST GUST DIRECTION    SW (240)
  AVERAGE WIND SPEED     5.2


SKY COVER
  AVERAGE SKY COVER 0.7


WEATHER CONDITIONS
 THE FOLLOWING WEATHER WAS RECORDED TODAY.
  HEAVY RAIN
  RAIN
  LIGHT RAIN
  FOG


RELATIVE HUMIDITY (PERCENT)
 HIGHEST    94           200 AM
 LOWEST     35           300 PM
 AVERAGE    65

..........................................................


THE CENTRAL PARK NY CLIMATE NORMALS FOR TOMORROW
                         NORMAL    RECORD    YEAR
 MAXIMUM TEMPERATURE (F)   82        95      1916
 MINIMUM TEMPERATURE (F)   67        52      1895


SUNRISE AND SUNSET
AUGUST 21 2015........SUNRISE   612 AM EDT   SUNSET   746 PM EDT
AUGUST 22 2015........SUNRISE   613 AM EDT   SUNSET   744 PM EDT


-  INDICATES NEGATIVE NUMBERS.
R  INDICATES RECORD WAS SET OR TIED.
MM INDICATES DATA IS MISSING.
T  INDICATES TRACE AMOUNT.




$$
