000
CDUS41 KOKX 122031
CLINYC


CLIMATE REPORT
NATIONAL WEATHER SERVICE NEW YORK NY
431 PM EDT WED JUL 12 2017


...................................

...THE CENTRAL PARK NY CLIMATE SUMMARY FOR JULY 12 2017...
VALID TODAY AS OF 0400 PM LOCAL TIME.

CLIMATE NORMAL PERIOD 1981 TO 2010
CLIMATE RECORD PERIOD 1869 TO 2017


WEATHER ITEM   OBSERVED TIME   RECORD YEAR NORMAL DEPARTURE LAST
                VALUE   (LST)  VALUE       VALUE  FROM      YEAR
                                                  NORMAL
..................................................................
TEMPERATURE (F)
 TODAY
  MAXIMUM         88   1228 PM  99    1966  84      4       82
  MINIMUM         77    705 AM  57    1926  69      8       68
  AVERAGE         83                        77      6       75

PRECIPITATION (IN)
  TODAY            0.00          2.68 1937   0.15  -0.15     0.00
  MONTH TO DATE    2.46                      1.61   0.85     2.63
  SINCE JUN 1      7.22                      6.02   1.20     5.23
  SINCE JAN 1     30.00                     25.81   4.19    20.57

SNOWFALL (IN)
  TODAY            0.0           0.0  2002   0.0    0.0      0.0
                                      2001
  MONTH TO DATE    0.0                       0.0    0.0      0.0
  SINCE OCT 1     30.2                      25.8    4.4     32.8
  SINCE JUL 1      0.0                       0.0    0.0      0.0
  SNOW DEPTH       0

DEGREE DAYS
 HEATING
  TODAY            0                         0      0        0
  MONTH TO DATE    0                         0      0        0
  SINCE JUN 1     24                        19      5        7
  SINCE JUL 1      0                         0      0        0

 COOLING
  TODAY           18                        12      6       10
  MONTH TO DATE  152                       132     20      120
  SINCE JUN 1    394                       344     50      352
  SINCE JAN 1    483                       413     70      471
..................................................................


WIND (MPH)
  HIGHEST WIND SPEED    13   HIGHEST WIND DIRECTION     W (260)
  HIGHEST GUST SPEED    21   HIGHEST GUST DIRECTION    SW (240)
  AVERAGE WIND SPEED     3.7


SKY COVER
  AVERAGE SKY COVER 0.2


WEATHER CONDITIONS
 THE FOLLOWING WEATHER WAS RECORDED TODAY.
  NO SIGNIFICANT WEATHER WAS OBSERVED.


RELATIVE HUMIDITY (PERCENT)
 HIGHEST    79           100 AM
 LOWEST     55          1200 PM
 AVERAGE    67

..........................................................


THE CENTRAL PARK NY CLIMATE NORMALS FOR TOMORROW
                         NORMAL    RECORD    YEAR
 MAXIMUM TEMPERATURE (F)   84       101      1966
 MINIMUM TEMPERATURE (F)   69        54      1888


SUNRISE AND SUNSET
JULY 12 2017..........SUNRISE   535 AM EDT   SUNSET   827 PM EDT
JULY 13 2017..........SUNRISE   536 AM EDT   SUNSET   827 PM EDT


-  INDICATES NEGATIVE NUMBERS.
R  INDICATES RECORD WAS SET OR TIED.
MM INDICATES DATA IS MISSING.
T  INDICATES TRACE AMOUNT.




$$
