000
CDUS41 KOKX 110622
CLINYC


CLIMATE REPORT
NATIONAL WEATHER SERVICE NEW YORK NY
222 AM EDT MON SEP 11 2017


...................................

...THE CENTRAL PARK NY CLIMATE SUMMARY FOR SEPTEMBER 10 2017...

CLIMATE NORMAL PERIOD 1981 TO 2010
CLIMATE RECORD PERIOD 1869 TO 2017


WEATHER ITEM   OBSERVED TIME   RECORD YEAR NORMAL DEPARTURE LAST
                VALUE   (LST)  VALUE       VALUE  FROM      YEAR
                                                  NORMAL
..................................................................
TEMPERATURE (F)
 YESTERDAY
  MAXIMUM         72    324 PM  97    1983  77     -5       90
                                      1931
  MINIMUM         57    554 AM  43    1883  63     -6       74
  AVERAGE         65                        70     -5       82

PRECIPITATION (IN)
  YESTERDAY        0.00          1.58 2015   0.13  -0.13      T
  MONTH TO DATE    1.70                      1.32   0.38     0.72
  SINCE SEP 1      1.70                      1.32   0.38     0.72
  SINCE JAN 1     36.77                     34.56   2.21    27.65

SNOWFALL (IN)
  YESTERDAY        0.0           0.0  2002   0.0    0.0      0.0
                                      2001
  MONTH TO DATE    0.0                       0.0    0.0      0.0
  SINCE OCT 1     30.2                      25.8    4.4     32.8
  SINCE JUL 1      0.0                       0.0    0.0      0.0
  SNOW DEPTH       0

DEGREE DAYS
 HEATING
  YESTERDAY        0                         1     -1        0
  MONTH TO DATE    9                         1      8        0
  SINCE SEP 1      9                         1      8        0
  SINCE JUL 1      9                         3      6        0

 COOLING
  YESTERDAY        0                         6     -6       17
  MONTH TO DATE   20                        68    -48      116
  SINCE SEP 1     20                        68    -48      116
  SINCE JAN 1   1014                      1022     -8     1348
..................................................................


WIND (MPH)
  HIGHEST WIND SPEED    15   HIGHEST WIND DIRECTION    NE (50)
  HIGHEST GUST SPEED    21   HIGHEST GUST DIRECTION    NE (60)
  AVERAGE WIND SPEED     5.8


SKY COVER
  AVERAGE SKY COVER 0.0


WEATHER CONDITIONS
 THE FOLLOWING WEATHER WAS RECORDED YESTERDAY.
  NO SIGNIFICANT WEATHER WAS OBSERVED.


RELATIVE HUMIDITY (PERCENT)
 HIGHEST    80           200 AM
 LOWEST     42           600 PM
 AVERAGE    61

..........................................................


THE CENTRAL PARK NY CLIMATE NORMALS FOR TODAY
                         NORMAL    RECORD    YEAR
 MAXIMUM TEMPERATURE (F)   77        99      1983
                                             1931
 MINIMUM TEMPERATURE (F)   63        43      1917


SUNRISE AND SUNSET
SEPTEMBER 11 2017.....SUNRISE   633 AM EDT   SUNSET   711 PM EDT
SEPTEMBER 12 2017.....SUNRISE   634 AM EDT   SUNSET   710 PM EDT


-  INDICATES NEGATIVE NUMBERS.
R  INDICATES RECORD WAS SET OR TIED.
MM INDICATES DATA IS MISSING.
T  INDICATES TRACE AMOUNT.




$$
