000
CDUS41 KOKX 130620
CLINYC


CLIMATE REPORT
NATIONAL WEATHER SERVICE NEW YORK NY
120 AM EST SAT JAN 13 2018


...................................

...THE CENTRAL PARK NY CLIMATE SUMMARY FOR JANUARY 12 2018...

CLIMATE NORMAL PERIOD 1981 TO 2010
CLIMATE RECORD PERIOD 1869 TO 2018


WEATHER ITEM   OBSERVED TIME   RECORD YEAR NORMAL DEPARTURE LAST
                VALUE   (LST)  VALUE       VALUE  FROM      YEAR
                                                  NORMAL
..................................................................
TEMPERATURE (F)
 YESTERDAY
  MAXIMUM         61    431 PM  66    2017  38     23       66
  MINIMUM         44    301 AM   2    1981  27     17       47
                                      1968
                                      1886
  AVERAGE         53                        32     21       57

PRECIPITATION (IN)
  YESTERDAY        0.54          2.35 1915   0.13   0.41     0.05
  MONTH TO DATE    1.31                      1.46  -0.15     1.73
  SINCE DEC 1      3.52                      5.46  -1.94     4.62
  SINCE JAN 1      1.31                      1.46  -0.15     1.73

SNOWFALL (IN)
  YESTERDAY        0.0           6.1  2011   0.2   -0.2      0.0
  MONTH TO DATE    9.8                       2.6    7.2      6.3
  SINCE OCT 1     17.5                       7.7    9.8      9.5
  SINCE JUL 1     17.5                       7.7    9.8      9.5
  SNOW DEPTH       T

DEGREE DAYS
 HEATING
  YESTERDAY       12                        33    -21        8
  MONTH TO DATE  466                       387     79      352
  SINCE DEC 1   1386                      1239    147     1171
  SINCE JUL 1   2048                      2072    -24     1858

 COOLING
  YESTERDAY        0                         0      0        0
  MONTH TO DATE    0                         0      0        0
  SINCE DEC 1      0                         0      0        0
  SINCE JAN 1      0                         0      0        0
..................................................................


WIND (MPH)
  HIGHEST WIND SPEED    14   HIGHEST WIND DIRECTION     S (170)
  HIGHEST GUST SPEED    25   HIGHEST GUST DIRECTION     S (170)
  AVERAGE WIND SPEED     6.9


SKY COVER
  AVERAGE SKY COVER 1.0


WEATHER CONDITIONS
 THE FOLLOWING WEATHER WAS RECORDED YESTERDAY.
  RAIN
  LIGHT RAIN
  FOG


RELATIVE HUMIDITY (PERCENT)
 HIGHEST   100           600 AM
 LOWEST     83          1200 AM
 AVERAGE    92

..........................................................


THE CENTRAL PARK NY CLIMATE NORMALS FOR TODAY
                         NORMAL    RECORD    YEAR
 MAXIMUM TEMPERATURE (F)   38        68      1932
 MINIMUM TEMPERATURE (F)   27        -3      1914
                                             1912


SUNRISE AND SUNSET
JANUARY 13 2018.......SUNRISE   719 AM EST   SUNSET   451 PM EST
JANUARY 14 2018.......SUNRISE   718 AM EST   SUNSET   452 PM EST


-  INDICATES NEGATIVE NUMBERS.
R  INDICATES RECORD WAS SET OR TIED.
MM INDICATES DATA IS MISSING.
T  INDICATES TRACE AMOUNT.




$$
