000
CDUS41 KOKX 160617
CLINYC


CLIMATE REPORT
NATIONAL WEATHER SERVICE NEW YORK NY
116 AM EST MON JAN 16 2017


...................................

...THE CENTRAL PARK NY CLIMATE SUMMARY FOR JANUARY 15 2017...

CLIMATE NORMAL PERIOD 1981 TO 2010
CLIMATE RECORD PERIOD 1869 TO 2017


WEATHER ITEM   OBSERVED TIME   RECORD YEAR NORMAL DEPARTURE LAST
                VALUE   (LST)  VALUE       VALUE  FROM      YEAR
                                                  NORMAL
..................................................................
TEMPERATURE (F)
 YESTERDAY
  MAXIMUM         38    439 PM  67    1932  38      0       51
  MINIMUM         30    821 AM   0    1957  27      3       34
  AVERAGE         34                        32      2       43

PRECIPITATION (IN)
  YESTERDAY        0.00          1.27 1951   0.13  -0.13      T
  MONTH TO DATE    1.85                      1.83   0.02     1.80
  SINCE DEC 1      4.74                      5.83  -1.09     6.52
  SINCE JAN 1      1.85                      1.83   0.02     1.80

SNOWFALL (IN)
  YESTERDAY        0.0           5.1  1927   0.3   -0.3      0.0
  MONTH TO DATE    6.9                       3.3    3.6       T
  SINCE OCT 1     10.1                       8.4    1.7       T
  SINCE JUL 1     10.1                       8.4    1.7       T
  SNOW DEPTH       1

DEGREE DAYS
 HEATING
  YESTERDAY       31                        33     -2       22
  MONTH TO DATE  435                       486    -51      444
  SINCE DEC 1   1254                      1338    -84      878
  SINCE JUL 1   1941                      2171   -230     1466

 COOLING
  YESTERDAY        0                         0      0        0
  MONTH TO DATE    0                         0      0        0
  SINCE DEC 1      0                         0      0        3
  SINCE JAN 1      0                         0      0        0
..................................................................


WIND (MPH)
  HIGHEST WIND SPEED    10   HIGHEST WIND DIRECTION    NW (310)
  HIGHEST GUST SPEED    15   HIGHEST GUST DIRECTION    NW (300)
  AVERAGE WIND SPEED     4.3


SKY COVER
  AVERAGE SKY COVER 0.2


WEATHER CONDITIONS
 THE FOLLOWING WEATHER WAS RECORDED YESTERDAY.
  NO SIGNIFICANT WEATHER WAS OBSERVED.


RELATIVE HUMIDITY (PERCENT)
 HIGHEST    85          1200 AM
 LOWEST     48           100 PM
 AVERAGE    67

..........................................................


THE CENTRAL PARK NY CLIMATE NORMALS FOR TODAY
                         NORMAL    RECORD    YEAR
 MAXIMUM TEMPERATURE (F)   38        58      1995
 MINIMUM TEMPERATURE (F)   27         1      2004
                                             1893


SUNRISE AND SUNSET
JANUARY 16 2017.......SUNRISE   717 AM EST   SUNSET   454 PM EST
JANUARY 17 2017.......SUNRISE   717 AM EST   SUNSET   456 PM EST


-  INDICATES NEGATIVE NUMBERS.
R  INDICATES RECORD WAS SET OR TIED.
MM INDICATES DATA IS MISSING.
T  INDICATES TRACE AMOUNT.




$$
