000
CDUS41 KOKX 250746
CLINYC


CLIMATE REPORT
NATIONAL WEATHER SERVICE NEW YORK NY
345 AM EDT SAT JUL 25 2015


...................................

...THE CENTRAL PARK NY CLIMATE SUMMARY FOR JULY 24 2015...

CLIMATE NORMAL PERIOD 1981 TO 2010
CLIMATE RECORD PERIOD 1869 TO 2015


WEATHER ITEM   OBSERVED TIME   RECORD YEAR NORMAL DEPARTURE LAST
                VALUE   (LST)  VALUE       VALUE  FROM      YEAR
                                                  NORMAL
..................................................................
TEMPERATURE (F)
 YESTERDAY
  MAXIMUM         87    154 PM  97    2010  84      3       80
                                      1999
  MINIMUM         70    550 AM  56    1893  69      1       70
  AVERAGE         79                        77      2       75

PRECIPITATION (IN)
  YESTERDAY        0.00          3.75 1997   0.15  -0.15     0.00
  MONTH TO DATE    1.67                      3.45  -1.78     5.38
  SINCE JUN 1      6.46                      7.86  -1.40     9.64
  SINCE JAN 1     22.39                     27.65  -5.26    33.80

SNOWFALL (IN)
  YESTERDAY        0.0           0.0  2002   0.0    0.0      0.0
                                      2001
  MONTH TO DATE    0.0                       0.0    0.0      0.0
  SINCE OCT 1     50.3                      25.8   24.5     57.4
  SINCE JUL 1      0.0                       0.0    0.0      0.0
  SNOW DEPTH       0

DEGREE DAYS
 HEATING
  YESTERDAY        0                         0      0        0
  MONTH TO DATE    0                         0      0        0
  SINCE JUN 1     33                        19     14        0
  SINCE JUL 1      0                         0      0        0

 COOLING
  YESTERDAY       14                        12      2       10
  MONTH TO DATE  317                       276     41      287
  SINCE JUN 1    545                       488     57      519
  SINCE JAN 1    704                       557    147      573
..................................................................


WIND (MPH)
  HIGHEST WIND SPEED    10   HIGHEST WIND DIRECTION    NE (40)
  HIGHEST GUST SPEED    15   HIGHEST GUST DIRECTION     N (360)
  AVERAGE WIND SPEED     2.1


SKY COVER
  AVERAGE SKY COVER 0.2


WEATHER CONDITIONS
 THE FOLLOWING WEATHER WAS RECORDED YESTERDAY.
  NO SIGNIFICANT WEATHER WAS OBSERVED.


RELATIVE HUMIDITY (PERCENT)
 HIGHEST    53           700 AM
 LOWEST     25           200 PM
 AVERAGE    39

..........................................................


THE CENTRAL PARK NY CLIMATE NORMALS FOR TODAY
                         NORMAL    RECORD    YEAR
 MAXIMUM TEMPERATURE (F)   84        97      1999
 MINIMUM TEMPERATURE (F)   69        57      1953


SUNRISE AND SUNSET
JULY 25 2015..........SUNRISE   546 AM EDT   SUNSET   819 PM EDT
JULY 26 2015..........SUNRISE   546 AM EDT   SUNSET   818 PM EDT


-  INDICATES NEGATIVE NUMBERS.
R  INDICATES RECORD WAS SET OR TIED.
MM INDICATES DATA IS MISSING.
T  INDICATES TRACE AMOUNT.




$$
