000
CDUS41 KOKX 160617
CLINYC


CLIMATE REPORT
NATIONAL WEATHER SERVICE NEW YORK NY
216 AM EDT TUE MAY 16 2017


...................................

...THE CENTRAL PARK NY CLIMATE SUMMARY FOR MAY 15 2017...

CLIMATE NORMAL PERIOD 1981 TO 2010
CLIMATE RECORD PERIOD 1869 TO 2017


WEATHER ITEM   OBSERVED TIME   RECORD YEAR NORMAL DEPARTURE LAST
                VALUE   (LST)  VALUE       VALUE  FROM      YEAR
                                                  NORMAL
..................................................................
TEMPERATURE (F)
 YESTERDAY
  MAXIMUM         68    415 PM  90    1900  71     -3       59
  MINIMUM         53    257 AM  42    1947  54     -1       46
                                      1920
  AVERAGE         61                        62     -1       53

PRECIPITATION (IN)
  YESTERDAY        0.00          1.16 2004   0.13  -0.13      T
  MONTH TO DATE    4.84                      1.90   2.94     1.77
  SINCE MAR 1     13.93                     10.76   3.17     4.55
  SINCE JAN 1     21.24                     17.50   3.74    13.36

SNOWFALL (IN)
  YESTERDAY        0.0           0.0  2002   0.0    0.0      0.0
                                      2001
  MONTH TO DATE    0.0                       0.0    0.0      0.0
  SINCE OCT 1     30.2                      25.8    4.4     32.8
  SINCE JUL 1     30.2                      25.8    4.4     32.8
  SNOW DEPTH       0

DEGREE DAYS
 HEATING
  YESTERDAY        4                         4      0       12
  MONTH TO DATE  124                        89     35      129
  SINCE MAR 1   1178                      1160     18      982
  SINCE JUL 1   4161                      4682   -521     3729

 COOLING
  YESTERDAY        0                         2     -2        0
  MONTH TO DATE    4                        16    -12        3
  SINCE MAR 1     38                        28     10       22
  SINCE JAN 1     38                        28     10       22
..................................................................


WIND (MPH)
  HIGHEST WIND SPEED    18   HIGHEST WIND DIRECTION    NW (300)
  HIGHEST GUST SPEED    34   HIGHEST GUST DIRECTION    NW (310)
  AVERAGE WIND SPEED     8.9


SKY COVER
  AVERAGE SKY COVER 0.4


WEATHER CONDITIONS
 THE FOLLOWING WEATHER WAS RECORDED YESTERDAY.
  NO SIGNIFICANT WEATHER WAS OBSERVED.


RELATIVE HUMIDITY (PERCENT)
 HIGHEST    66           200 AM
 LOWEST     37           300 PM
 AVERAGE    52

..........................................................


THE CENTRAL PARK NY CLIMATE NORMALS FOR TODAY
                         NORMAL    RECORD    YEAR
 MAXIMUM TEMPERATURE (F)   71        90      1951
 MINIMUM TEMPERATURE (F)   54        42      1878
                                             1873


SUNRISE AND SUNSET
MAY 16 2017...........SUNRISE   537 AM EDT   SUNSET   808 PM EDT
MAY 17 2017...........SUNRISE   537 AM EDT   SUNSET   808 PM EDT


-  INDICATES NEGATIVE NUMBERS.
R  INDICATES RECORD WAS SET OR TIED.
MM INDICATES DATA IS MISSING.
T  INDICATES TRACE AMOUNT.




$$
