000
CDUS41 KOKX 220626
CLINYC


CLIMATE REPORT
NATIONAL WEATHER SERVICE NEW YORK NY
225 AM EDT SUN MAR 22 2015


...................................

...THE CENTRAL PARK NY CLIMATE SUMMARY FOR MARCH 21 2015...

CLIMATE NORMAL PERIOD 1981 TO 2010
CLIMATE RECORD PERIOD 1869 TO 2015


WEATHER ITEM   OBSERVED TIME   RECORD YEAR NORMAL DEPARTURE LAST
                VALUE   (LST)  VALUE       VALUE  FROM      YEAR
                                                  NORMAL
..................................................................
TEMPERATURE (F)
 YESTERDAY
  MAXIMUM         47    941 PM  84    1921  51     -4       51
  MINIMUM         29    710 AM  10    1885  37     -8       39
  AVERAGE         38                        44     -6       45

PRECIPITATION (IN)
  YESTERDAY        T             2.37 1871   0.15  -0.15     0.00
  MONTH TO DATE    3.91                      2.83   1.08     1.31
  SINCE MAR 1      3.91                      2.83   1.08     1.31
  SINCE JAN 1     11.18                      9.57   1.61     9.58

SNOWFALL (IN)
  YESTERDAY        T             7.1  1958   0.1   -0.1      0.0
  MONTH TO DATE   18.6                       3.2   15.4      0.1
  SINCE OCT 1     47.0                      24.5   22.5     57.4
  SINCE JUL 1     47.0                      24.5   22.5     57.4
  SNOW DEPTH       5

DEGREE DAYS
 HEATING
  YESTERDAY       27                        21      6       20
  MONTH TO DATE  571                       507     64      594
  SINCE MAR 1    571                       507     64      594
  SINCE JUL 1   4330                      4029    301     4264

 COOLING
  YESTERDAY        0                         0      0        0
  MONTH TO DATE    0                         0      0        0
  SINCE MAR 1      0                         0      0        0
  SINCE JAN 1      0                         0      0        0
..................................................................


WIND (MPH)
  HIGHEST WIND SPEED    16   HIGHEST WIND DIRECTION    NW (310)
  HIGHEST GUST SPEED    27   HIGHEST GUST DIRECTION    NW (320)
  AVERAGE WIND SPEED     5.4


SKY COVER
  AVERAGE SKY COVER 0.8


WEATHER CONDITIONS
 THE FOLLOWING WEATHER WAS RECORDED YESTERDAY.
  FOG
  HAZE


RELATIVE HUMIDITY (PERCENT)
 HIGHEST    92           300 AM
 LOWEST     58          1100 PM
 AVERAGE    75

..........................................................


THE CENTRAL PARK NY CLIMATE NORMALS FOR TODAY
                         NORMAL    RECORD    YEAR
 MAXIMUM TEMPERATURE (F)   52        78      2012
 MINIMUM TEMPERATURE (F)   37        12      1885


SUNRISE AND SUNSET
MARCH 22 2015.........SUNRISE   656 AM EDT   SUNSET   710 PM EDT
MARCH 23 2015.........SUNRISE   655 AM EDT   SUNSET   711 PM EDT


-  INDICATES NEGATIVE NUMBERS.
R  INDICATES RECORD WAS SET OR TIED.
MM INDICATES DATA IS MISSING.
T  INDICATES TRACE AMOUNT.




$$
