220
CDUS41 KOKX 290615
CLINYC


CLIMATE REPORT
NATIONAL WEATHER SERVICE NEW YORK NY
115 AM EST TUE NOV 29 2016


...................................

...THE CENTRAL PARK NY CLIMATE SUMMARY FOR NOVEMBER 28 2016...

CLIMATE NORMAL PERIOD 1981 TO 2010
CLIMATE RECORD PERIOD 1869 TO 2016


WEATHER ITEM   OBSERVED TIME   RECORD YEAR NORMAL DEPARTURE LAST
                VALUE   (LST)  VALUE       VALUE  FROM      YEAR
                                                  NORMAL
..................................................................
TEMPERATURE (F)
 YESTERDAY
  MAXIMUM         52    300 PM  70    2011  49      3       64
  MINIMUM         38    650 AM  15    1930  38      0       45
  AVERAGE         45                        44      1       55

PRECIPITATION (IN)
  YESTERDAY        0.00          2.14 1937   0.14  -0.14     0.02
  MONTH TO DATE    2.48                      3.73  -1.25     2.01
  SINCE SEP 1      9.42                     12.41  -2.99     9.20
  SINCE JAN 1     36.35                     45.65  -9.30    36.25

SNOWFALL (IN)
  YESTERDAY        0.0           0.8  1912   0.0    0.0      0.0
  MONTH TO DATE    T                         0.2   -0.2      0.0
  SINCE OCT 1      T                         0.2   -0.2      0.0
  SINCE JUL 1      T                         0.2   -0.2      0.0
  SNOW DEPTH       0

DEGREE DAYS
 HEATING
  YESTERDAY       20                        21     -1       10
  MONTH TO DATE  433                       475    -42      318
  SINCE SEP 1    667                       786   -119      542
  SINCE JUL 1    667                       788   -121      542

 COOLING
  YESTERDAY        0                         0      0        0
  MONTH TO DATE    0                         0      0        5
  SINCE SEP 1    257                       150    107      313
  SINCE JAN 1   1489                      1104    385     1578
..................................................................


WIND (MPH)
  HIGHEST WIND SPEED    10   HIGHEST WIND DIRECTION    SW (210)
  HIGHEST GUST SPEED    17   HIGHEST GUST DIRECTION     S (200)
  AVERAGE WIND SPEED     3.4


SKY COVER
  AVERAGE SKY COVER 0.0


WEATHER CONDITIONS
 THE FOLLOWING WEATHER WAS RECORDED YESTERDAY.
  NO SIGNIFICANT WEATHER WAS OBSERVED.


RELATIVE HUMIDITY (PERCENT)
 HIGHEST    64           300 AM
 LOWEST     41           100 PM
 AVERAGE    53

..........................................................


THE CENTRAL PARK NY CLIMATE NORMALS FOR TODAY
                         NORMAL    RECORD    YEAR
 MAXIMUM TEMPERATURE (F)   49        69      1990
 MINIMUM TEMPERATURE (F)   38        15      1872


SUNRISE AND SUNSET
NOVEMBER 29 2016......SUNRISE   659 AM EST   SUNSET   429 PM EST
NOVEMBER 30 2016......SUNRISE   700 AM EST   SUNSET   429 PM EST


-  INDICATES NEGATIVE NUMBERS.
R  INDICATES RECORD WAS SET OR TIED.
MM INDICATES DATA IS MISSING.
T  INDICATES TRACE AMOUNT.




$$
