000
CDUS41 KOKX 220616
CLINYC


CLIMATE REPORT
NATIONAL WEATHER SERVICE NEW YORK NY
216 AM EDT TUE APR 22 2014


...................................

...THE CENTRAL PARK NY CLIMATE SUMMARY FOR APRIL 21 2014...

CLIMATE NORMAL PERIOD 1981 TO 2010
CLIMATE RECORD PERIOD 1869 TO 2014


WEATHER ITEM   OBSERVED TIME   RECORD YEAR NORMAL DEPARTURE LAST
                VALUE   (LST)  VALUE       VALUE  FROM      YEAR
                                                  NORMAL
..................................................................
TEMPERATURE (F)
 YESTERDAY
  MAXIMUM         67    242 PM  87    1923  63      4       55
  MINIMUM         41    539 AM  26    1875  47     -6       37
  AVERAGE         54                        55     -1       46

PRECIPITATION (IN)
  YESTERDAY        0.00          2.28 1991   0.14  -0.14     0.00
  MONTH TO DATE    1.90                      3.24  -1.34     1.27
  SINCE MAR 1      5.57                      7.60  -2.03     4.17
  SINCE JAN 1     13.84                     14.34  -0.50    11.18

SNOWFALL (IN)
  YESTERDAY        0.0           T    1947   0.0    0.0      0.0
                                      2000
  MONTH TO DATE    T                         0.6   -0.6      0.0
  SINCE OCT 1     57.4                      25.8   31.6     26.1
  SINCE JUL 1     57.4                      25.8   31.6     26.1
  SNOW DEPTH       0

DEGREE DAYS
 HEATING
  YESTERDAY       11                        10      1       19
  MONTH TO DATE  273                       289    -16      271
  SINCE MAR 1   1115                       989    126     1034
  SINCE JUL 1   4785                      4511    274     4407

 COOLING
  YESTERDAY        0                         0      0        0
  MONTH TO DATE    4                         0      4        2
  SINCE MAR 1      4                         1      3        2
  SINCE JAN 1      4                         1      3        2
..................................................................


WIND (MPH)
  HIGHEST WIND SPEED    13   HIGHEST WIND DIRECTION    SE (150)
  HIGHEST GUST SPEED    18   HIGHEST GUST DIRECTION    SE (150)
  AVERAGE WIND SPEED     4.2


SKY COVER
  AVERAGE SKY COVER 0.0


WEATHER CONDITIONS
 THE FOLLOWING WEATHER WAS RECORDED YESTERDAY.
  NO SIGNIFICANT WEATHER WAS OBSERVED.


RELATIVE HUMIDITY (PERCENT)
 HIGHEST    63          1100 PM
 LOWEST     19           100 PM
 AVERAGE    41

..........................................................


THE CENTRAL PARK NY CLIMATE NORMALS FOR TODAY
                         NORMAL    RECORD    YEAR
 MAXIMUM TEMPERATURE (F)   64        86      2001
                                             1973
                                             1962
 MINIMUM TEMPERATURE (F)   47        33      1947
                                             1922


SUNRISE AND SUNSET
APRIL 22 2014.........SUNRISE   607 AM EDT   SUNSET   743 PM EDT
APRIL 23 2014.........SUNRISE   605 AM EDT   SUNSET   744 PM EDT


-  INDICATES NEGATIVE NUMBERS.
R  INDICATES RECORD WAS SET OR TIED.
MM INDICATES DATA IS MISSING.
T  INDICATES TRACE AMOUNT.




$$
