000
CDUS41 KOKX 292038
CLINYC


CLIMATE REPORT
NATIONAL WEATHER SERVICE NEW YORK NY
438 PM EDT FRI MAY 29 2015


...................................

...THE CENTRAL PARK NY CLIMATE SUMMARY FOR MAY 29 2015...
VALID TODAY AS OF 0400 PM LOCAL TIME.

CLIMATE NORMAL PERIOD 1981 TO 2010
CLIMATE RECORD PERIOD 1869 TO 2015


WEATHER ITEM   OBSERVED TIME   RECORD YEAR NORMAL DEPARTURE LAST
                VALUE   (LST)  VALUE       VALUE  FROM      YEAR
                                                  NORMAL
..................................................................
TEMPERATURE (F)
 TODAY
  MAXIMUM         85   1242 PM  97    1969  74     11       66
  MINIMUM         65    543 AM  43    1902  58      7       51
                                      1884
  AVERAGE         75                        66      9       59

PRECIPITATION (IN)
  TODAY            0.00          3.99 1968   0.16  -0.16     0.00
  MONTH TO DATE    0.40                      3.89  -3.49     4.32
  SINCE MAR 1      7.20                     12.75  -5.55    15.84
  SINCE JAN 1     14.47                     19.49  -5.02    24.11

SNOWFALL (IN)
  TODAY            0.0           0.0  2002   0.0    0.0      0.0
                                      2001
  MONTH TO DATE    0.0                       0.0    0.0      0.0
  SINCE OCT 1     50.3                      25.8   24.5     57.4
  SINCE JUL 1     50.3                      25.8   24.5     57.4
  SNOW DEPTH       0

DEGREE DAYS
 HEATING
  TODAY            0                         2     -2        6
  MONTH TO DATE   37                       134    -97       73
  SINCE MAR 1   1182                      1205    -23     1292
  SINCE JUL 1   4941                      4727    214     4962

 COOLING
  TODAY           10                         3      7        0
  MONTH TO DATE  136                        50     86       50
  SINCE MAR 1    141                        62     79       54
  SINCE JAN 1    141                        62     79       54
..................................................................


WIND (MPH)
  HIGHEST WIND SPEED    12   HIGHEST WIND DIRECTION    NE (50)
  HIGHEST GUST SPEED    17   HIGHEST GUST DIRECTION    NE (50)
  AVERAGE WIND SPEED     5.0


SKY COVER
  AVERAGE SKY COVER 0.0


WEATHER CONDITIONS
 THE FOLLOWING WEATHER WAS RECORDED TODAY.
  NO SIGNIFICANT WEATHER WAS OBSERVED.


RELATIVE HUMIDITY (PERCENT)
 HIGHEST    67           500 AM
 LOWEST     37          1200 PM
 AVERAGE    52

..........................................................


THE CENTRAL PARK NY CLIMATE NORMALS FOR TOMORROW
                         NORMAL    RECORD    YEAR
 MAXIMUM TEMPERATURE (F)   75        97      1987
 MINIMUM TEMPERATURE (F)   58        42      1884


SUNRISE AND SUNSET
MAY 29 2015...........SUNRISE   528 AM EDT   SUNSET   819 PM EDT
MAY 30 2015...........SUNRISE   528 AM EDT   SUNSET   819 PM EDT


-  INDICATES NEGATIVE NUMBERS.
R  INDICATES RECORD WAS SET OR TIED.
MM INDICATES DATA IS MISSING.
T  INDICATES TRACE AMOUNT.




$$
