000
CDUS41 KOKX 152041
CLINYC


CLIMATE REPORT
NATIONAL WEATHER SERVICE NEW YORK NY
441 PM EDT TUE AUG 15 2017


...................................

...THE CENTRAL PARK NY CLIMATE SUMMARY FOR AUGUST 15 2017...
VALID TODAY AS OF 0400 PM LOCAL TIME.

CLIMATE NORMAL PERIOD 1981 TO 2010
CLIMATE RECORD PERIOD 1869 TO 2017


WEATHER ITEM   OBSERVED TIME   RECORD YEAR NORMAL DEPARTURE LAST
                VALUE   (LST)  VALUE       VALUE  FROM      YEAR
                                                  NORMAL
..................................................................
TEMPERATURE (F)
 TODAY
  MAXIMUM         74   1027 AM  97    1988  83     -9       92
  MINIMUM         68    519 AM  54    1964  68      0       77
  AVERAGE         71                        76     -5       85

PRECIPITATION (IN)
  TODAY            0.45          1.52 1911   0.14   0.31     0.00
  MONTH TO DATE    1.86                      2.27  -0.41     0.67
  SINCE JUN 1     10.81                     11.28  -0.47    10.29
  SINCE JAN 1     33.59                     31.07   2.52    25.63

SNOWFALL (IN)
  TODAY            0.0           0.0  2002   0.0    0.0      0.0
                                      2001
  MONTH TO DATE    0.0                       0.0    0.0      0.0
  SINCE OCT 1     30.2                      25.8    4.4     32.8
  SINCE JUL 1      0.0                       0.0    0.0      0.0
  SNOW DEPTH       0

DEGREE DAYS
 HEATING
  TODAY            0                         0      0        0
  MONTH TO DATE    0                         0      0        0
  SINCE JUN 1     24                        19      5        7
  SINCE JUL 1      0                         0      0        0

 COOLING
  TODAY            6                        11     -5       20
  MONTH TO DATE  145                       166    -21      220
  SINCE JUN 1    759                       733     26      884
  SINCE JAN 1    848                       802     46     1003
..................................................................


WIND (MPH)
  HIGHEST WIND SPEED     8   HIGHEST WIND DIRECTION    SW (230)
  HIGHEST GUST SPEED    13   HIGHEST GUST DIRECTION     W (250)
  AVERAGE WIND SPEED     0.6


SKY COVER
  AVERAGE SKY COVER 1.0


WEATHER CONDITIONS
 THE FOLLOWING WEATHER WAS RECORDED TODAY.
  HEAVY RAIN
  RAIN
  LIGHT RAIN
  FOG


RELATIVE HUMIDITY (PERCENT)
 HIGHEST   100           700 AM
 LOWEST     73           100 AM
 AVERAGE    87

..........................................................


THE CENTRAL PARK NY CLIMATE NORMALS FOR TOMORROW
                         NORMAL    RECORD    YEAR
 MAXIMUM TEMPERATURE (F)   83        96      1944
 MINIMUM TEMPERATURE (F)   68        55      1880


SUNRISE AND SUNSET
AUGUST 15 2017........SUNRISE   606 AM EDT   SUNSET   754 PM EDT
AUGUST 16 2017........SUNRISE   607 AM EDT   SUNSET   752 PM EDT


-  INDICATES NEGATIVE NUMBERS.
R  INDICATES RECORD WAS SET OR TIED.
MM INDICATES DATA IS MISSING.
T  INDICATES TRACE AMOUNT.




$$
