000
CDUS41 KOKX 280622
CLINYC


CLIMATE REPORT
NATIONAL WEATHER SERVICE NEW YORK NY
122 AM EST SUN DEC 28 2014


...................................

...THE CENTRAL PARK NY CLIMATE SUMMARY FOR DECEMBER 27 2014...

CLIMATE NORMAL PERIOD 1981 TO 2010
CLIMATE RECORD PERIOD 1869 TO 2014


WEATHER ITEM   OBSERVED TIME   RECORD YEAR NORMAL DEPARTURE LAST
                VALUE   (LST)  VALUE       VALUE  FROM      YEAR
                                                  NORMAL
..................................................................
TEMPERATURE (F)
 YESTERDAY
  MAXIMUM         55    333 PM  63    1949  40     15       40
  MINIMUM         44    449 AM   6    1872  29     15       31
  AVERAGE         50                        34     16       36

PRECIPITATION (IN)
  YESTERDAY        0.00          2.14 1947   0.12  -0.12     0.00
  MONTH TO DATE    5.94                      3.54   2.40     3.65
  SINCE DEC 1      5.94                      3.54   2.40     3.65
  SINCE JAN 1     53.69                     49.48   4.21    45.12

SNOWFALL (IN)
  YESTERDAY        0.0           7.8  2010   0.2   -0.2      0.0
  MONTH TO DATE    1.0                       3.9   -2.9      8.6
  SINCE OCT 1      1.2                       4.2   -3.0      8.6
  SINCE JUL 1      1.2                       4.2   -3.0      8.6
  SNOW DEPTH       0

DEGREE DAYS
 HEATING
  YESTERDAY       15                        31    -16       29
  MONTH TO DATE  640                       726    -86      707
  SINCE DEC 1    640                       726    -86      707
  SINCE JUL 1   1425                      1559   -134     1515

 COOLING
  YESTERDAY        0                         0      0        0
  MONTH TO DATE    0                         0      0        1
  SINCE DEC 1      0                         0      0        1
  SINCE JAN 1   1128                      1105     23     1272
..................................................................


WIND (MPH)
  HIGHEST WIND SPEED    14   HIGHEST WIND DIRECTION    SW (240)
  HIGHEST GUST SPEED    25   HIGHEST GUST DIRECTION     W (250)
  AVERAGE WIND SPEED     4.4


SKY COVER
  AVERAGE SKY COVER 0.0


WEATHER CONDITIONS
 THE FOLLOWING WEATHER WAS RECORDED YESTERDAY.
  NO SIGNIFICANT WEATHER WAS OBSERVED.


RELATIVE HUMIDITY (PERCENT)
 HIGHEST    53          1200 AM
 LOWEST     41           100 PM
 AVERAGE    47

..........................................................


THE CENTRAL PARK NY CLIMATE NORMALS FOR TODAY
                         NORMAL    RECORD    YEAR
 MAXIMUM TEMPERATURE (F)   40        65      2008
                                             1982
 MINIMUM TEMPERATURE (F)   29         8      1917
                                             1872


SUNRISE AND SUNSET
DECEMBER 28 2014......SUNRISE   719 AM EST   SUNSET   436 PM EST
DECEMBER 29 2014......SUNRISE   720 AM EST   SUNSET   436 PM EST


-  INDICATES NEGATIVE NUMBERS.
R  INDICATES RECORD WAS SET OR TIED.
MM INDICATES DATA IS MISSING.
T  INDICATES TRACE AMOUNT.




$$
