000
CDUS41 KOKX 122147
CLINYC


CLIMATE REPORT
NATIONAL WEATHER SERVICE NEW YORK NY
447 PM EST TUE DEC 12 2017


...................................

...THE CENTRAL PARK NY CLIMATE SUMMARY FOR DECEMBER 12 2017...
VALID TODAY AS OF 0400 PM LOCAL TIME.

CLIMATE NORMAL PERIOD 1981 TO 2010
CLIMATE RECORD PERIOD 1869 TO 2017


WEATHER ITEM   OBSERVED TIME   RECORD YEAR NORMAL DEPARTURE LAST
                VALUE   (LST)  VALUE       VALUE  FROM      YEAR
                                                  NORMAL
..................................................................
TEMPERATURE (F)
 TODAY
  MAXIMUM         50   1148 AM  68    1931  44      6       46
  MINIMUM         39    116 AM   5    1988  33      6       34
  AVERAGE         45                        38      7       40

PRECIPITATION (IN)
  TODAY            T             1.60 1983   0.13  -0.13     0.50
  MONTH TO DATE    1.21                      1.66  -0.45     1.23
  SINCE DEC 1      1.21                      1.66  -0.45     1.23
  SINCE JAN 1     44.04                     47.60  -3.56    40.51

SNOWFALL (IN)
  TODAY            0.0          11.6  1960   0.1   -0.1      0.0
  MONTH TO DATE    4.6                       1.2    3.4      0.4
  SINCE OCT 1      4.6                       1.5    3.1      0.4
  SINCE JUL 1      4.6                       1.5    3.1      0.4
  SNOW DEPTH       0

DEGREE DAYS
 HEATING
  TODAY           20                        26     -6       25
  MONTH TO DATE  265                       294    -29      292
  SINCE DEC 1    265                       294    -29      292
  SINCE JUL 1    927                      1127   -200      979

 COOLING
  TODAY            0                         0      0        0
  MONTH TO DATE    0                         0      0        0
  SINCE DEC 1      0                         0      0        0
  SINCE JAN 1   1265                      1105    160     1489
..................................................................


WIND (MPH)
  HIGHEST WIND SPEED    15   HIGHEST WIND DIRECTION     W (250)
  HIGHEST GUST SPEED    25   HIGHEST GUST DIRECTION     S (190)
  AVERAGE WIND SPEED     6.8


SKY COVER
  AVERAGE SKY COVER 0.9


WEATHER CONDITIONS
 THE FOLLOWING WEATHER WAS RECORDED TODAY.
  HAZE


RELATIVE HUMIDITY (PERCENT)
 HIGHEST    71           600 AM
 LOWEST     48          1200 AM
 AVERAGE    60

..........................................................


THE CENTRAL PARK NY CLIMATE NORMALS FOR TOMORROW
                         NORMAL    RECORD    YEAR
 MAXIMUM TEMPERATURE (F)   44        67      2015
 MINIMUM TEMPERATURE (F)   33         8      1960


SUNRISE AND SUNSET
DECEMBER 12 2017......SUNRISE   711 AM EST   SUNSET   428 PM EST
DECEMBER 13 2017......SUNRISE   712 AM EST   SUNSET   429 PM EST


-  INDICATES NEGATIVE NUMBERS.
R  INDICATES RECORD WAS SET OR TIED.
MM INDICATES DATA IS MISSING.
T  INDICATES TRACE AMOUNT.




$$
