000
CDUS41 KOKX 282035
CLINYC


CLIMATE REPORT
NATIONAL WEATHER SERVICE NEW YORK NY
435 PM EDT SAT MAY 28 2016


...................................

...THE CENTRAL PARK NY CLIMATE SUMMARY FOR MAY 28 2016...
VALID TODAY AS OF 0400 PM LOCAL TIME.

CLIMATE NORMAL PERIOD 1981 TO 2010
CLIMATE RECORD PERIOD 1869 TO 2016


WEATHER ITEM   OBSERVED TIME   RECORD YEAR NORMAL DEPARTURE LAST
                VALUE   (LST)  VALUE       VALUE  FROM      YEAR
                                                  NORMAL
..................................................................
TEMPERATURE (F)
 TODAY
  MAXIMUM         92    118 PM  94    1959  74     18       85
  MINIMUM         71    527 AM  43    1961  58     13       70
                                      1907
  AVERAGE         82                        66     16       78

PRECIPITATION (IN)
  TODAY            0.00          1.16 1906   0.14  -0.14     0.00
  MONTH TO DATE    2.10                      3.73  -1.63     0.40
  SINCE MAR 1      4.88                     12.59  -7.71     7.20
  SINCE JAN 1     13.69                     19.33  -5.64    14.47

SNOWFALL (IN)
  TODAY            0.0           0.0  2002   0.0    0.0      0.0
                                      2001
  MONTH TO DATE    0.0                       0.0    0.0      0.0
  SINCE OCT 1     32.8                      25.8    7.0     50.3
  SINCE JUL 1     32.8                      25.8    7.0     50.3
  SNOW DEPTH       0

DEGREE DAYS
 HEATING
  TODAY            0                         2     -2        0
  MONTH TO DATE  161                       132     29       37
  SINCE MAR 1   1014                      1203   -189     1182
  SINCE JUL 1   3761                      4725   -964     4941

 COOLING
  TODAY           17                         3     14       13
  MONTH TO DATE   63                        47     16      126
  SINCE MAR 1     82                        59     23      131
  SINCE JAN 1     82                        59     23      131
..................................................................


WIND (MPH)
  HIGHEST WIND SPEED    12   HIGHEST WIND DIRECTION    SW (230)
  HIGHEST GUST SPEED    20   HIGHEST GUST DIRECTION     W (250)
  AVERAGE WIND SPEED     5.8


SKY COVER
  AVERAGE SKY COVER 0.0


WEATHER CONDITIONS
 THE FOLLOWING WEATHER WAS RECORDED TODAY.
  HAZE


RELATIVE HUMIDITY (PERCENT)
 HIGHEST    66           300 AM
 LOWEST     44          1200 PM
 AVERAGE    55

..........................................................


THE CENTRAL PARK NY CLIMATE NORMALS FOR TOMORROW
                         NORMAL    RECORD    YEAR
 MAXIMUM TEMPERATURE (F)   74        97      1969
 MINIMUM TEMPERATURE (F)   58        43      1902
                                             1884


SUNRISE AND SUNSET
MAY 28 2016...........SUNRISE   528 AM EDT   SUNSET   818 PM EDT
MAY 29 2016...........SUNRISE   528 AM EDT   SUNSET   819 PM EDT


-  INDICATES NEGATIVE NUMBERS.
R  INDICATES RECORD WAS SET OR TIED.
MM INDICATES DATA IS MISSING.
T  INDICATES TRACE AMOUNT.




$$
