000
CDUS41 KOKX 160624
CLINYC


CLIMATE REPORT
NATIONAL WEATHER SERVICE NEW YORK NY
224 AM EDT MON OCT 16 2017


...................................

...THE CENTRAL PARK NY CLIMATE SUMMARY FOR OCTOBER 15 2017...

CLIMATE NORMAL PERIOD 1981 TO 2010
CLIMATE RECORD PERIOD 1869 TO 2017


WEATHER ITEM   OBSERVED TIME   RECORD YEAR NORMAL DEPARTURE LAST
                VALUE   (LST)  VALUE       VALUE  FROM      YEAR
                                                  NORMAL
..................................................................
TEMPERATURE (F)
 YESTERDAY
  MAXIMUM         74   1230 PM  84    1956  64     10       65
  MINIMUM         65    531 AM  32    1876  50     15       45
  AVERAGE         70                        57     13       55

PRECIPITATION (IN)
  YESTERDAY        T             1.70 1943   0.14  -0.14     0.00
  MONTH TO DATE    0.69                      2.17  -1.48     0.78
  SINCE SEP 1      2.69                      6.45  -3.76     3.57
  SINCE JAN 1     37.76                     39.69  -1.93    30.50

SNOWFALL (IN)
  YESTERDAY        0.0           0.5  1876   0.0    0.0      0.0
  MONTH TO DATE    0.0                       0.0    0.0      0.0
  SINCE OCT 1      0.0                       0.0    0.0      0.0
  SINCE JUL 1      0.0                       0.0    0.0      0.0
  SNOW DEPTH       0

DEGREE DAYS
 HEATING
  YESTERDAY        0                         8     -8       10
  MONTH TO DATE   19                        97    -78       75
  SINCE SEP 1     36                       140   -104       92
  SINCE JUL 1     36                       142   -106       92

 COOLING
  YESTERDAY        5                         0      5        0
  MONTH TO DATE   68                        13     55        2
  SINCE SEP 1    258                       146    112      230
  SINCE JAN 1   1252                      1100    152     1462
..................................................................


WIND (MPH)
  HIGHEST WIND SPEED    15   HIGHEST WIND DIRECTION    SW (240)
  HIGHEST GUST SPEED    23   HIGHEST GUST DIRECTION     W (260)
  AVERAGE WIND SPEED     4.3


SKY COVER
  AVERAGE SKY COVER 1.0


WEATHER CONDITIONS
 THE FOLLOWING WEATHER WAS RECORDED YESTERDAY.
  LIGHT RAIN
  FOG


RELATIVE HUMIDITY (PERCENT)
 HIGHEST    93           500 AM
 LOWEST     73          1200 PM
 AVERAGE    83

..........................................................


THE CENTRAL PARK NY CLIMATE NORMALS FOR TODAY
                         NORMAL    RECORD    YEAR
 MAXIMUM TEMPERATURE (F)   64        87      1897
 MINIMUM TEMPERATURE (F)   50        34      1876


SUNRISE AND SUNSET
OCTOBER 16 2017.......SUNRISE   708 AM EDT   SUNSET   614 PM EDT
OCTOBER 17 2017.......SUNRISE   709 AM EDT   SUNSET   612 PM EDT


-  INDICATES NEGATIVE NUMBERS.
R  INDICATES RECORD WAS SET OR TIED.
MM INDICATES DATA IS MISSING.
T  INDICATES TRACE AMOUNT.




$$
