000
CDUS41 KOKX 252135
CLINYC


CLIMATE REPORT
NATIONAL WEATHER SERVICE NEW YORK NY
435 PM EST FRI NOV 25 2016


...................................

...THE CENTRAL PARK NY CLIMATE SUMMARY FOR NOVEMBER 25 2016...
VALID TODAY AS OF 0400 PM LOCAL TIME.

CLIMATE NORMAL PERIOD 1981 TO 2010
CLIMATE RECORD PERIOD 1869 TO 2016


WEATHER ITEM   OBSERVED TIME   RECORD YEAR NORMAL DEPARTURE LAST
                VALUE   (LST)  VALUE       VALUE  FROM      YEAR
                                                  NORMAL
..................................................................
TEMPERATURE (F)
 TODAY
  MAXIMUM         54    246 PM  73    1979  50      4       50
  MINIMUM         45    636 AM  19    1938  39      6       36
  AVERAGE         50                        45      5       43

PRECIPITATION (IN)
  TODAY            T             1.36 1983   0.13  -0.13     0.00
  MONTH TO DATE    2.46                      3.32  -0.86     1.99
  SINCE SEP 1      9.40                     12.00  -2.60     9.18
  SINCE JAN 1     36.33                     45.24  -8.91    36.23

SNOWFALL (IN)
  TODAY            0.0           4.9  1938   0.1   -0.1      0.0
  MONTH TO DATE    T                         0.2   -0.2      0.0
  SINCE OCT 1      T                         0.2   -0.2      0.0
  SINCE JUL 1      T                         0.2   -0.2      0.0
  SNOW DEPTH       0

DEGREE DAYS
 HEATING
  TODAY           15                        20     -5       22
  MONTH TO DATE  373                       412    -39      287
  SINCE SEP 1    607                       723   -116      511
  SINCE JUL 1    607                       725   -118      511

 COOLING
  TODAY            0                         0      0        0
  MONTH TO DATE    0                         0      0        5
  SINCE SEP 1    257                       150    107      313
  SINCE JAN 1   1489                      1104    385     1578
..................................................................


WIND (MPH)
  HIGHEST WIND SPEED     9   HIGHEST WIND DIRECTION     W (280)
  HIGHEST GUST SPEED    13   HIGHEST GUST DIRECTION     W (270)
  AVERAGE WIND SPEED     2.8


SKY COVER
  AVERAGE SKY COVER 1.0


WEATHER CONDITIONS
 THE FOLLOWING WEATHER WAS RECORDED TODAY.
  LIGHT RAIN
  FOG
  HAZE


RELATIVE HUMIDITY (PERCENT)
 HIGHEST    92           300 AM
 LOWEST     66           100 PM
 AVERAGE    79

..........................................................


THE CENTRAL PARK NY CLIMATE NORMALS FOR TOMORROW
                         NORMAL    RECORD    YEAR
 MAXIMUM TEMPERATURE (F)   50        67      1946
 MINIMUM TEMPERATURE (F)   39        16      1938
                                             1880


SUNRISE AND SUNSET
NOVEMBER 25 2016......SUNRISE   655 AM EST   SUNSET   431 PM EST
NOVEMBER 26 2016......SUNRISE   656 AM EST   SUNSET   430 PM EST


-  INDICATES NEGATIVE NUMBERS.
R  INDICATES RECORD WAS SET OR TIED.
MM INDICATES DATA IS MISSING.
T  INDICATES TRACE AMOUNT.




$$
