211
CDUS41 KOKX 040619
CLINYC


CLIMATE REPORT
NATIONAL WEATHER SERVICE NEW YORK NY
119 AM EST THU FEB 4 2016


...................................

...THE CENTRAL PARK NY CLIMATE SUMMARY FOR FEBRUARY 3 2016...

CLIMATE NORMAL PERIOD 1981 TO 2010
CLIMATE RECORD PERIOD 1869 TO 2016


WEATHER ITEM   OBSERVED TIME   RECORD YEAR NORMAL DEPARTURE LAST
                VALUE   (LST)  VALUE       VALUE  FROM      YEAR
                                                  NORMAL
..................................................................
TEMPERATURE (F)
 YESTERDAY
  MAXIMUM         59    924 PM  64    1991  39     20       26
  MINIMUM         42    225 AM   0    1955  27     15       13
  AVERAGE         51                        33     18       20

PRECIPITATION (IN)
  YESTERDAY        0.73          1.55 1972   0.11   0.62     0.00
  MONTH TO DATE    0.74                      0.33   0.41     1.05
  SINCE DEC 1      9.87                      7.98   1.89    12.32
  SINCE JAN 1      5.15                      3.98   1.17     6.28

SNOWFALL (IN)
  YESTERDAY        0.0           8.0  2014   0.4   -0.4      0.0
  MONTH TO DATE    0.0                       1.0   -1.0      5.3
  SINCE OCT 1     27.2                      13.1   14.1     23.4
  SINCE JUL 1     27.2                      13.1   14.1     23.4
  SNOW DEPTH       0

DEGREE DAYS
 HEATING
  YESTERDAY       14                        32    -18       45
  MONTH TO DATE   48                        96    -48      123
  SINCE DEC 1   1422                      1952   -530     1954
  SINCE JUL 1   2010                      2785   -775     2739

 COOLING
  YESTERDAY        0                         0      0        0
  MONTH TO DATE    0                         0      0        0
  SINCE DEC 1      3                         0      3        0
  SINCE JAN 1      0                         0      0        0
..................................................................


WIND (MPH)
  HIGHEST WIND SPEED    18   HIGHEST WIND DIRECTION     S (180)
  HIGHEST GUST SPEED    30   HIGHEST GUST DIRECTION     S (170)
  AVERAGE WIND SPEED     6.5


SKY COVER
  AVERAGE SKY COVER 0.8


WEATHER CONDITIONS
 THE FOLLOWING WEATHER WAS RECORDED YESTERDAY.
  RAIN
  LIGHT RAIN
  FOG


RELATIVE HUMIDITY (PERCENT)
 HIGHEST    93           500 PM
 LOWEST     57          1200 AM
 AVERAGE    75

..........................................................


THE CENTRAL PARK NY CLIMATE NORMALS FOR TODAY
                         NORMAL    RECORD    YEAR
 MAXIMUM TEMPERATURE (F)   40        68      1991
 MINIMUM TEMPERATURE (F)   28         0      1918
                                             1886


SUNRISE AND SUNSET
FEBRUARY  4 2016......SUNRISE   703 AM EST   SUNSET   516 PM EST
FEBRUARY  5 2016......SUNRISE   702 AM EST   SUNSET   518 PM EST


-  INDICATES NEGATIVE NUMBERS.
R  INDICATES RECORD WAS SET OR TIED.
MM INDICATES DATA IS MISSING.
T  INDICATES TRACE AMOUNT.




$$
