000
CDUS41 KOKX 290643
CLINYC


CLIMATE REPORT
NATIONAL WEATHER SERVICE NEW YORK NY
243 AM EDT MON JUN 29 2015


...................................

...THE CENTRAL PARK NY CLIMATE SUMMARY FOR JUNE 28 2015...

CLIMATE NORMAL PERIOD 1981 TO 2010
CLIMATE RECORD PERIOD 1869 TO 2015


WEATHER ITEM   OBSERVED TIME   RECORD YEAR NORMAL DEPARTURE LAST
                VALUE   (LST)  VALUE       VALUE  FROM      YEAR
                                                  NORMAL
..................................................................
TEMPERATURE (F)
 YESTERDAY
  MAXIMUM         73    939 PM  96    1991  83    -10       87
                                      1969
  MINIMUM         62   1203 AM  54    1995  67     -5       66
                                      1915
                                      1893
  AVERAGE         68                        75     -7       77

PRECIPITATION (IN)
  YESTERDAY        0.29          1.69 1938   0.13   0.16     0.00
  MONTH TO DATE    4.75                      4.16   0.59     4.26
  SINCE JUN 1      4.75                      4.16   0.59     4.26
  SINCE JAN 1     20.68                     23.95  -3.27    28.42

SNOWFALL (IN)
  YESTERDAY        0.0           0.0  2002   0.0    0.0      0.0
                                      2001
  MONTH TO DATE    0.0                       0.0    0.0      0.0
  SINCE OCT 1     50.3                      25.8   24.5     57.4
  SINCE JUL 1     50.3                      25.8   24.5     57.4
  SNOW DEPTH       0

DEGREE DAYS
 HEATING
  YESTERDAY        0                         0      0        0
  MONTH TO DATE   33                        17     16        0
  SINCE JUN 1     33                        17     16        0
  SINCE JUL 1   4974                      4748    226     4962

 COOLING
  YESTERDAY        3                        10     -7       12
  MONTH TO DATE  213                       192     21      209
  SINCE JUN 1    213                       192     21      209
  SINCE JAN 1    372                       261    111      263
..................................................................


WIND (MPH)
  HIGHEST WIND SPEED    18   HIGHEST WIND DIRECTION    NE (60)
  HIGHEST GUST SPEED    25   HIGHEST GUST DIRECTION     E (90)
  AVERAGE WIND SPEED     5.3


SKY COVER
  AVERAGE SKY COVER 1.0


WEATHER CONDITIONS
 THE FOLLOWING WEATHER WAS RECORDED YESTERDAY.
  HEAVY RAIN
  RAIN
  LIGHT RAIN
  FOG


RELATIVE HUMIDITY (PERCENT)
 HIGHEST    93          1200 AM
 LOWEST     61           800 PM
 AVERAGE    77

..........................................................


THE CENTRAL PARK NY CLIMATE NORMALS FOR TODAY
                         NORMAL    RECORD    YEAR
 MAXIMUM TEMPERATURE (F)   83       101      1934
 MINIMUM TEMPERATURE (F)   67        52      1919
                                             1888


SUNRISE AND SUNSET
JUNE 29 2015..........SUNRISE   527 AM EDT   SUNSET   831 PM EDT
JUNE 30 2015..........SUNRISE   528 AM EDT   SUNSET   831 PM EDT


-  INDICATES NEGATIVE NUMBERS.
R  INDICATES RECORD WAS SET OR TIED.
MM INDICATES DATA IS MISSING.
T  INDICATES TRACE AMOUNT.




$$
