000
CDUS41 KOKX 122132
CLINYC


CLIMATE REPORT
NATIONAL WEATHER SERVICE NEW YORK NY
432 PM EST FRI DEC 12 2014


...................................

...THE CENTRAL PARK NY CLIMATE SUMMARY FOR DECEMBER 12 2014...
VALID TODAY AS OF 0400 PM LOCAL TIME.

CLIMATE NORMAL PERIOD 1981 TO 2010
CLIMATE RECORD PERIOD 1869 TO 2014


WEATHER ITEM   OBSERVED TIME   RECORD YEAR NORMAL DEPARTURE LAST
                VALUE   (LST)  VALUE       VALUE  FROM      YEAR
                                                  NORMAL
..................................................................
TEMPERATURE (F)
 TODAY
  MAXIMUM         38    204 PM  68    1931  44     -6       30
  MINIMUM         32    801 AM   5    1988  33     -1       23
  AVERAGE         35                        38     -3       27

PRECIPITATION (IN)
  TODAY            0.00          1.60 1983   0.13  -0.13     0.00
  MONTH TO DATE    4.63                      1.66   2.97     1.49
  SINCE DEC 1      4.63                      1.66   2.97     1.49
  SINCE JAN 1     52.38                     47.60   4.78    42.96

SNOWFALL (IN)
  TODAY            0.0          11.6  1960   0.1   -0.1      0.0
  MONTH TO DATE    1.0                       1.2   -0.2      2.1
  SINCE OCT 1      1.2                       1.5   -0.3      2.1
  SINCE JUL 1      1.2                       1.5   -0.3      2.1
  SNOW DEPTH       0

DEGREE DAYS
 HEATING
  TODAY           30                        26      4       38
  MONTH TO DATE  306                       294     12      301
  SINCE DEC 1    306                       294     12      301
  SINCE JUL 1   1091                      1127    -36     1109

 COOLING
  TODAY            0                         0      0        0
  MONTH TO DATE    0                         0      0        0
  SINCE DEC 1      0                         0      0        0
  SINCE JAN 1   1128                      1105     23     1271
..................................................................


WIND (MPH)
  HIGHEST WIND SPEED    14   HIGHEST WIND DIRECTION    NW (310)
  HIGHEST GUST SPEED    21   HIGHEST GUST DIRECTION    NW (320)
  AVERAGE WIND SPEED     7.2


SKY COVER
  AVERAGE SKY COVER 0.9


WEATHER CONDITIONS
 THE FOLLOWING WEATHER WAS RECORDED TODAY.
  NO SIGNIFICANT WEATHER WAS OBSERVED.


RELATIVE HUMIDITY (PERCENT)
 HIGHEST    61          1200 AM
 LOWEST     52          1200 PM
 AVERAGE    57

..........................................................


THE CENTRAL PARK NY CLIMATE NORMALS FOR TOMORROW
                         NORMAL    RECORD    YEAR
 MAXIMUM TEMPERATURE (F)   44        64      1923
 MINIMUM TEMPERATURE (F)   33         8      1960


SUNRISE AND SUNSET
DECEMBER 12 2014......SUNRISE   711 AM EST   SUNSET   428 PM EST
DECEMBER 13 2014......SUNRISE   711 AM EST   SUNSET   429 PM EST


-  INDICATES NEGATIVE NUMBERS.
R  INDICATES RECORD WAS SET OR TIED.
MM INDICATES DATA IS MISSING.
T  INDICATES TRACE AMOUNT.




$$
