000
CDUS41 KOKX 040617
CLINYC


CLIMATE REPORT
NATIONAL WEATHER SERVICE NEW YORK NY
117 AM EST WED JAN 4 2017


...................................

...THE CENTRAL PARK NY CLIMATE SUMMARY FOR JANUARY 3 2017...

CLIMATE NORMAL PERIOD 1981 TO 2010
CLIMATE RECORD PERIOD 1869 TO 2017


WEATHER ITEM   OBSERVED TIME   RECORD YEAR NORMAL DEPARTURE LAST
                VALUE   (LST)  VALUE       VALUE  FROM      YEAR
                                                  NORMAL
..................................................................
TEMPERATURE (F)
 YESTERDAY
  MAXIMUM         43    859 PM  64    2000  39      4       45
  MINIMUM         39    813 AM  -4    1879  28     11       35
  AVERAGE         41                        33      8       40

PRECIPITATION (IN)
  YESTERDAY        0.58          2.42 1999   0.12   0.46     0.00
  MONTH TO DATE    0.79                      0.36   0.43     0.00
  SINCE DEC 1      3.68                      4.36  -0.68     4.72
  SINCE JAN 1      0.79                      0.36   0.43     0.00

SNOWFALL (IN)
  YESTERDAY        0.0           7.0  1923   0.2   -0.2      0.0
  MONTH TO DATE    T                         0.6   -0.6      0.0
  SINCE OCT 1      3.2                       5.7   -2.5       T
  SINCE JUL 1      3.2                       5.7   -2.5       T
  SNOW DEPTH       0

DEGREE DAYS
 HEATING
  YESTERDAY       24                        32     -8       25
  MONTH TO DATE   71                        96    -25       81
  SINCE DEC 1    890                       948    -58      515
  SINCE JUL 1   1577                      1781   -204     1103

 COOLING
  YESTERDAY        0                         0      0        0
  MONTH TO DATE    0                         0      0        0
  SINCE DEC 1      0                         0      0        3
  SINCE JAN 1      0                         0      0        0
..................................................................


WIND (MPH)
  HIGHEST WIND SPEED    21   HIGHEST WIND DIRECTION     E (70)
  HIGHEST GUST SPEED    30   HIGHEST GUST DIRECTION    NE (60)
  AVERAGE WIND SPEED    10.8


SKY COVER
  AVERAGE SKY COVER 0.9


WEATHER CONDITIONS
 THE FOLLOWING WEATHER WAS RECORDED YESTERDAY.
  RAIN
  LIGHT RAIN
  FOG


RELATIVE HUMIDITY (PERCENT)
 HIGHEST   100           800 AM
 LOWEST     92           200 AM
 AVERAGE    96

..........................................................


THE CENTRAL PARK NY CLIMATE NORMALS FOR TODAY
                         NORMAL    RECORD    YEAR
 MAXIMUM TEMPERATURE (F)   39        66      1950
 MINIMUM TEMPERATURE (F)   27        -3      1918


SUNRISE AND SUNSET
JANUARY  4 2017.......SUNRISE   720 AM EST   SUNSET   442 PM EST
JANUARY  5 2017.......SUNRISE   720 AM EST   SUNSET   443 PM EST


-  INDICATES NEGATIVE NUMBERS.
R  INDICATES RECORD WAS SET OR TIED.
MM INDICATES DATA IS MISSING.
T  INDICATES TRACE AMOUNT.




$$
