000
CDUS41 KOKX 172046
CLINYC


CLIMATE REPORT
NATIONAL WEATHER SERVICE NEW YORK NY
446 PM EDT SUN APR 17 2016


...................................

...THE CENTRAL PARK NY CLIMATE SUMMARY FOR APRIL 17 2016...
VALID TODAY AS OF 0400 PM LOCAL TIME.

CLIMATE NORMAL PERIOD 1981 TO 2010
CLIMATE RECORD PERIOD 1869 TO 2016


WEATHER ITEM   OBSERVED TIME   RECORD YEAR NORMAL DEPARTURE LAST
                VALUE   (LST)  VALUE       VALUE  FROM      YEAR
                                                  NORMAL
..................................................................
TEMPERATURE (F)
 TODAY
  MAXIMUM         75    246 PM  96    2002  62     13       71
  MINIMUM         44    509 AM  28    1875  45     -1       55
  AVERAGE         60                        54      6       63

PRECIPITATION (IN)
  TODAY            0.00          1.29 1954   0.15  -0.15     0.08
  MONTH TO DATE    1.16                      2.67  -1.51     0.46
  SINCE MAR 1      2.33                      7.03  -4.70     5.18
  SINCE JAN 1     11.14                     13.77  -2.63    12.45

SNOWFALL (IN)
  TODAY            0.0           T    1935   0.0    0.0      0.0
                                      2000
                                      2000
  MONTH TO DATE    T                         0.5   -0.5      0.0
  SINCE OCT 1     32.1                      25.7    6.4     50.3
  SINCE JUL 1     32.1                      25.7    6.4     50.3
  SNOW DEPTH       0

DEGREE DAYS
 HEATING
  TODAY            5                        12     -7        2
  MONTH TO DATE  275                       246     29      202
  SINCE MAR 1    773                       946   -173     1028
  SINCE JUL 1   3520                      4468   -948     4787

 COOLING
  TODAY            0                         0      0        0
  MONTH TO DATE    5                         0      5        0
  SINCE MAR 1     11                         1     10        0
  SINCE JAN 1     11                         1     10        0
..................................................................


WIND (MPH)
  HIGHEST WIND SPEED     9   HIGHEST WIND DIRECTION    NE (60)
  HIGHEST GUST SPEED    11   HIGHEST GUST DIRECTION    NE (40)
  AVERAGE WIND SPEED     2.4


SKY COVER
  AVERAGE SKY COVER 0.0


WEATHER CONDITIONS
 THE FOLLOWING WEATHER WAS RECORDED TODAY.
  NO SIGNIFICANT WEATHER WAS OBSERVED.


RELATIVE HUMIDITY (PERCENT)
 HIGHEST    70           300 AM
 LOWEST     15           200 PM
 AVERAGE    43

..........................................................


THE CENTRAL PARK NY CLIMATE NORMALS FOR TOMORROW
                         NORMAL    RECORD    YEAR
 MAXIMUM TEMPERATURE (F)   62        96      1976
 MINIMUM TEMPERATURE (F)   46        25      1875


SUNRISE AND SUNSET
APRIL 17 2016.........SUNRISE   613 AM EDT   SUNSET   738 PM EDT
APRIL 18 2016.........SUNRISE   612 AM EDT   SUNSET   739 PM EDT


-  INDICATES NEGATIVE NUMBERS.
R  INDICATES RECORD WAS SET OR TIED.
MM INDICATES DATA IS MISSING.
T  INDICATES TRACE AMOUNT.




$$
