277
CDUS41 KOKX 180617
CLINYC


CLIMATE REPORT
NATIONAL WEATHER SERVICE NEW YORK NY
117 AM EST SAT NOV 18 2017


...................................

...THE CENTRAL PARK NY CLIMATE SUMMARY FOR NOVEMBER 17 2017...

CLIMATE NORMAL PERIOD 1981 TO 2010
CLIMATE RECORD PERIOD 1869 TO 2017


WEATHER ITEM   OBSERVED TIME   RECORD YEAR NORMAL DEPARTURE LAST
                VALUE   (LST)  VALUE       VALUE  FROM      YEAR
                                                  NORMAL
..................................................................
TEMPERATURE (F)
 YESTERDAY
  MAXIMUM         47        MM  71    1953  53     -6       61
  MINIMUM         37        MM  19    1933  41     -4       49
                                      1924
  AVERAGE         42                        47     -5       55

PRECIPITATION (IN)
  YESTERDAY        0.00          1.54 2014   0.14  -0.14     0.00
  MONTH TO DATE    1.01                      2.22  -1.21     1.87
  SINCE SEP 1      7.19                     10.90  -3.71     8.81
  SINCE JAN 1     42.26                     44.14  -1.88    35.74

SNOWFALL (IN)
  YESTERDAY        0.0           0.5  1882   0.0    0.0      0.0
  MONTH TO DATE    0.0                       0.0    0.0      0.0
  SINCE OCT 1      0.0                       0.0    0.0      0.0
  SINCE JUL 1      0.0                       0.0    0.0      0.0
  SNOW DEPTH       0

DEGREE DAYS
 HEATING
  YESTERDAY       23                        18      5       10
  MONTH TO DATE  298                       259     39      206
  SINCE SEP 1    414                       570   -156      440
  SINCE JUL 1    414                       572   -158      440

 COOLING
  YESTERDAY        0                         0      0        0
  MONTH TO DATE    0                         0      0        0
  SINCE SEP 1    271                       150    121      257
  SINCE JAN 1   1265                      1104    161     1489
..................................................................


WIND (MPH)
  HIGHEST WIND SPEED    12   HIGHEST WIND DIRECTION    NW (300)
  HIGHEST GUST SPEED    31   HIGHEST GUST DIRECTION    NW (320)
  AVERAGE WIND SPEED     7.8


SKY COVER
  AVERAGE SKY COVER 0.1


WEATHER CONDITIONS
 THE FOLLOWING WEATHER WAS RECORDED YESTERDAY.
  NO SIGNIFICANT WEATHER WAS OBSERVED.


RELATIVE HUMIDITY (PERCENT)
 HIGHEST    67           100 AM
 LOWEST     28           400 PM
 AVERAGE    48

..........................................................


THE CENTRAL PARK NY CLIMATE NORMALS FOR TODAY
                         NORMAL    RECORD    YEAR
 MAXIMUM TEMPERATURE (F)   53        73      1928
                                             1921
 MINIMUM TEMPERATURE (F)   41        18      1936


SUNRISE AND SUNSET
NOVEMBER 18 2017......SUNRISE   647 AM EST   SUNSET   435 PM EST
NOVEMBER 19 2017......SUNRISE   648 AM EST   SUNSET   435 PM EST


-  INDICATES NEGATIVE NUMBERS.
R  INDICATES RECORD WAS SET OR TIED.
MM INDICATES DATA IS MISSING.
T  INDICATES TRACE AMOUNT.




$$
