000
CDUS41 KOKX 250619
CLINYC


CLIMATE REPORT
NATIONAL WEATHER SERVICE NEW YORK NY
119 AM EST WED FEB 25 2015


...................................

...THE CENTRAL PARK NY CLIMATE SUMMARY FOR FEBRUARY 24 2015...

CLIMATE NORMAL PERIOD 1981 TO 2010
CLIMATE RECORD PERIOD 1869 TO 2015


WEATHER ITEM   OBSERVED TIME   RECORD YEAR NORMAL DEPARTURE LAST
                VALUE   (LST)  VALUE       VALUE  FROM      YEAR
                                                  NORMAL
..................................................................
TEMPERATURE (F)
 YESTERDAY
  MAXIMUM         24   1004 PM  75    1985  44    -20       44
  MINIMUM          4    709 AM  -4    1873  30    -26       27
  AVERAGE         14                        37    -23       36

PRECIPITATION (IN)
  YESTERDAY        0.00          1.69 1977   0.12  -0.12     0.00
  MONTH TO DATE    2.04                      2.62  -0.58     5.45
  SINCE DEC 1     13.31                     10.27   3.04    13.09
  SINCE JAN 1      7.27                      6.27   1.00     8.24

SNOWFALL (IN)
  YESTERDAY        0.0           6.0  1907   0.3   -0.3      0.0
  MONTH TO DATE   11.9                       8.1    3.8     28.8
  SINCE OCT 1     28.4                      20.2    8.2     57.1
  SINCE JUL 1     28.4                      20.2    8.2     57.1
  SNOW DEPTH      12

DEGREE DAYS
 HEATING
  YESTERDAY       51                        28     23       29
  MONTH TO DATE  984                       722    262      763
  SINCE DEC 1   2815                      2578    237     2698
  SINCE JUL 1   3600                      3411    189     3506

 COOLING
  YESTERDAY        0                         0      0        0
  MONTH TO DATE    0                         0      0        0
  SINCE DEC 1      0                         0      0        1
  SINCE JAN 1      0                         0      0        0
..................................................................


WIND (MPH)
  HIGHEST WIND SPEED    14   HIGHEST WIND DIRECTION     S (170)
  HIGHEST GUST SPEED    23   HIGHEST GUST DIRECTION     S (180)
  AVERAGE WIND SPEED     5.8


SKY COVER
  AVERAGE SKY COVER 0.1


WEATHER CONDITIONS
 THE FOLLOWING WEATHER WAS RECORDED YESTERDAY.
  NO SIGNIFICANT WEATHER WAS OBSERVED.


RELATIVE HUMIDITY (PERCENT)
 HIGHEST    60           800 PM
 LOWEST     34           200 PM
 AVERAGE    47

..........................................................


THE CENTRAL PARK NY CLIMATE NORMALS FOR TODAY
                         NORMAL    RECORD    YEAR
 MAXIMUM TEMPERATURE (F)   44        75      1930
 MINIMUM TEMPERATURE (F)   31         1      1914
                                             1894


SUNRISE AND SUNSET
FEBRUARY 25 2015......SUNRISE   636 AM EST   SUNSET   542 PM EST
FEBRUARY 26 2015......SUNRISE   635 AM EST   SUNSET   543 PM EST


-  INDICATES NEGATIVE NUMBERS.
R  INDICATES RECORD WAS SET OR TIED.
MM INDICATES DATA IS MISSING.
T  INDICATES TRACE AMOUNT.




$$
