000
CDUS41 KOKX 062033
CLINYC


CLIMATE REPORT
NATIONAL WEATHER SERVICE NEW YORK NY
433 PM EDT SUN APR 6 2014


...................................

...THE CENTRAL PARK NY CLIMATE SUMMARY FOR APRIL 6 2014...
VALID TODAY AS OF 0400 PM LOCAL TIME.

CLIMATE NORMAL PERIOD 1981 TO 2010
CLIMATE RECORD PERIOD 1869 TO 2014


WEATHER ITEM   OBSERVED TIME   RECORD YEAR NORMAL DEPARTURE LAST
                VALUE   (LST)  VALUE       VALUE  FROM      YEAR
                                                  NORMAL
..................................................................
TEMPERATURE (F)
 TODAY
  MAXIMUM         59    256 PM  79    1947  58      1       52
                                      1921
                                      1912
  MINIMUM         36    633 AM  21    1982  42     -6       35
  AVERAGE         48                        50     -2       44

PRECIPITATION (IN)
  TODAY            0.00          2.52 1886   0.15  -0.15     0.00
  MONTH TO DATE    0.28                      0.95  -0.67      T
  SINCE MAR 1      3.95                      5.31  -1.36     2.90
  SINCE JAN 1     12.22                     12.05   0.17     9.91

SNOWFALL (IN)
  TODAY            0.0           9.6  1982   0.0    0.0      0.0
  MONTH TO DATE    0.0                       0.2   -0.2      0.0
  SINCE OCT 1     57.4                      25.4   32.0     26.1
  SINCE JUL 1     57.4                      25.4   32.0     26.1
  SNOW DEPTH       0

DEGREE DAYS
 HEATING
  TODAY           17                        16      1       21
  MONTH TO DATE   96                        99     -3      122
  SINCE MAR 1    938                       799    139      885
  SINCE JUL 1   4608                      4321    287     4258

 COOLING
  TODAY            0                         0      0        0
  MONTH TO DATE    0                         0      0        0
  SINCE MAR 1      0                         1     -1        0
  SINCE JAN 1      0                         1     -1        0
..................................................................


WIND (MPH)
  HIGHEST WIND SPEED    13   HIGHEST WIND DIRECTION     W (280)
  HIGHEST GUST SPEED    18   HIGHEST GUST DIRECTION    NW (310)
  AVERAGE WIND SPEED     5.0


SKY COVER
  AVERAGE SKY COVER 0.0


WEATHER CONDITIONS
 THE FOLLOWING WEATHER WAS RECORDED TODAY.
  NO SIGNIFICANT WEATHER WAS OBSERVED.


RELATIVE HUMIDITY (PERCENT)
 HIGHEST    56           600 AM
 LOWEST     19           300 PM
 AVERAGE    38

..........................................................


THE CENTRAL PARK NY CLIMATE NORMALS FOR TOMORROW
                         NORMAL    RECORD    YEAR
 MAXIMUM TEMPERATURE (F)   58        92      2010
 MINIMUM TEMPERATURE (F)   42        21      1982


SUNRISE AND SUNSET
APRIL  6 2014.........SUNRISE   631 AM EDT   SUNSET   726 PM EDT
APRIL  7 2014.........SUNRISE   630 AM EDT   SUNSET   727 PM EDT


-  INDICATES NEGATIVE NUMBERS.
R  INDICATES RECORD WAS SET OR TIED.
MM INDICATES DATA IS MISSING.
T  INDICATES TRACE AMOUNT.




$$
