921
CDUS41 KOKX 260617
CLINYC


CLIMATE REPORT
NATIONAL WEATHER SERVICE NEW YORK NY
217 AM EDT TUE APR 26 2016


...................................

...THE CENTRAL PARK NY CLIMATE SUMMARY FOR APRIL 25 2016...

CLIMATE NORMAL PERIOD 1981 TO 2010
CLIMATE RECORD PERIOD 1869 TO 2016


WEATHER ITEM   OBSERVED TIME   RECORD YEAR NORMAL DEPARTURE LAST
                VALUE   (LST)  VALUE       VALUE  FROM      YEAR
                                                  NORMAL
..................................................................
TEMPERATURE (F)
 YESTERDAY
  MAXIMUM         69    312 PM  91    1915  65      4       62
  MINIMUM         50    109 AM  29    1919  48      2       38
  AVERAGE         60                        56      4       50

PRECIPITATION (IN)
  YESTERDAY        0.00          1.68 1945   0.14  -0.14     0.00
  MONTH TO DATE    1.32                      3.80  -2.48     2.08
  SINCE MAR 1      2.49                      8.16  -5.67     6.80
  SINCE JAN 1     11.30                     14.90  -3.60    14.07

SNOWFALL (IN)
  YESTERDAY        0.0           3.0  1875   0.0    0.0      0.0
  MONTH TO DATE    T                         0.6   -0.6      0.0
  SINCE OCT 1     32.1                      25.8    6.3     50.3
  SINCE JUL 1     32.1                      25.8    6.3     50.3
  SNOW DEPTH       0

DEGREE DAYS
 HEATING
  YESTERDAY        5                         9     -4       15
  MONTH TO DATE  300                       328    -28      288
  SINCE MAR 1    798                      1028   -230     1114
  SINCE JUL 1   3545                      4550  -1005     4873

 COOLING
  YESTERDAY        0                         1     -1        0
  MONTH TO DATE   13                         4      9        5
  SINCE MAR 1     19                         5     14        5
  SINCE JAN 1     19                         5     14        5
..................................................................


WIND (MPH)
  HIGHEST WIND SPEED     9   HIGHEST WIND DIRECTION    SE (150)
  HIGHEST GUST SPEED    14   HIGHEST GUST DIRECTION     E (100)
  AVERAGE WIND SPEED     4.0


SKY COVER
  AVERAGE SKY COVER 0.3


WEATHER CONDITIONS
 THE FOLLOWING WEATHER WAS RECORDED YESTERDAY.
  NO SIGNIFICANT WEATHER WAS OBSERVED.


RELATIVE HUMIDITY (PERCENT)
 HIGHEST    68          1200 AM
 LOWEST     30          1100 AM
 AVERAGE    49

..........................................................


THE CENTRAL PARK NY CLIMATE NORMALS FOR TODAY
                         NORMAL    RECORD    YEAR
 MAXIMUM TEMPERATURE (F)   65        92      2009
 MINIMUM TEMPERATURE (F)   48        31      1919


SUNRISE AND SUNSET
APRIL 26 2016.........SUNRISE   600 AM EDT   SUNSET   747 PM EDT
APRIL 27 2016.........SUNRISE   559 AM EDT   SUNSET   748 PM EDT


-  INDICATES NEGATIVE NUMBERS.
R  INDICATES RECORD WAS SET OR TIED.
MM INDICATES DATA IS MISSING.
T  INDICATES TRACE AMOUNT.




$$
