000
CDUS41 KOKX 190640
CLINYC


CLIMATE REPORT
NATIONAL WEATHER SERVICE NEW YORK NY
138 AM EST THU FEB 19 2015


...................................

...THE CENTRAL PARK NY CLIMATE SUMMARY FOR FEBRUARY 18 2015...

CLIMATE NORMAL PERIOD 1981 TO 2010
CLIMATE RECORD PERIOD 1869 TO 2015


WEATHER ITEM   OBSERVED TIME   RECORD YEAR NORMAL DEPARTURE LAST
                VALUE   (LST)  VALUE       VALUE  FROM      YEAR
                                                  NORMAL
..................................................................
TEMPERATURE (F)
 YESTERDAY
  MAXIMUM         33    232 PM  68    1981  42     -9       39
  MINIMUM         19    833 AM   0    1979  29    -10       26
  AVERAGE         26                        36    -10       33

PRECIPITATION (IN)
  YESTERDAY        T             1.50 1887   0.11  -0.11     0.16
  MONTH TO DATE    1.33                      1.94  -0.61     5.07
  SINCE DEC 1     12.60                      9.59   3.01    12.71
  SINCE JAN 1      6.56                      5.59   0.97     7.86

SNOWFALL (IN)
  YESTERDAY        T             3.5  1928   0.3   -0.3      1.5
  MONTH TO DATE    7.9                       6.0    1.9     28.8
  SINCE OCT 1     24.4                      18.1    6.3     57.1
  SINCE JUL 1     24.4                      18.1    6.3     57.1
  SNOW DEPTH       9

DEGREE DAYS
 HEATING
  YESTERDAY       39                        29     10       32
  MONTH TO DATE  721                       551    170      632
  SINCE DEC 1   2552                      2407    145     2567
  SINCE JUL 1   3337                      3240     97     3375

 COOLING
  YESTERDAY        0                         0      0        0
  MONTH TO DATE    0                         0      0        0
  SINCE DEC 1      0                         0      0        1
  SINCE JAN 1      0                         0      0        0
..................................................................


WIND (MPH)
  HIGHEST WIND SPEED    15   HIGHEST WIND DIRECTION     W (250)
  HIGHEST GUST SPEED    21   HIGHEST GUST DIRECTION     W (260)
  AVERAGE WIND SPEED     4.2


SKY COVER
  AVERAGE SKY COVER 0.3


WEATHER CONDITIONS
 THE FOLLOWING WEATHER WAS RECORDED YESTERDAY.
  LIGHT SNOW
  HAZE


RELATIVE HUMIDITY (PERCENT)
 HIGHEST    67           500 AM
 LOWEST     43          1200 PM
 AVERAGE    55

..........................................................


THE CENTRAL PARK NY CLIMATE NORMALS FOR TODAY
                         NORMAL    RECORD    YEAR
 MAXIMUM TEMPERATURE (F)   42        66      1997
 MINIMUM TEMPERATURE (F)   30         1      1936


SUNRISE AND SUNSET
FEBRUARY 19 2015......SUNRISE   645 AM EST   SUNSET   535 PM EST
FEBRUARY 20 2015......SUNRISE   643 AM EST   SUNSET   536 PM EST


-  INDICATES NEGATIVE NUMBERS.
R  INDICATES RECORD WAS SET OR TIED.
MM INDICATES DATA IS MISSING.
T  INDICATES TRACE AMOUNT.




$$
