000
CDUS41 KOKX 140619
CLINYC


CLIMATE REPORT
NATIONAL WEATHER SERVICE NEW YORK NY
219 AM EDT THU JUL 14 2016


...................................

...THE CENTRAL PARK NY CLIMATE SUMMARY FOR JULY 13 2016...

CLIMATE NORMAL PERIOD 1981 TO 2010
CLIMATE RECORD PERIOD 1869 TO 2016


WEATHER ITEM   OBSERVED TIME   RECORD YEAR NORMAL DEPARTURE LAST
                VALUE   (LST)  VALUE       VALUE  FROM      YEAR
                                                  NORMAL
..................................................................
TEMPERATURE (F)
 YESTERDAY
  MAXIMUM         85   1240 PM 101    1966  84      1       88
  MINIMUM         71    451 AM  54    1888  69      2       73
  AVERAGE         78                        77      1       81

PRECIPITATION (IN)
  YESTERDAY        0.00          3.16 1972   0.17  -0.17     0.00
  MONTH TO DATE    2.63                      1.78   0.85     0.81
  SINCE JUN 1      5.23                      6.19  -0.96     5.60
  SINCE JAN 1     20.57                     25.98  -5.41    21.53

SNOWFALL (IN)
  YESTERDAY        0.0           0.0  2002   0.0    0.0      0.0
                                      2001
  MONTH TO DATE    0.0                       0.0    0.0      0.0
  SINCE OCT 1     32.8                      25.8    7.0     50.3
  SINCE JUL 1      0.0                       0.0    0.0      0.0
  SNOW DEPTH       0

DEGREE DAYS
 HEATING
  YESTERDAY        0                         0      0        0
  MONTH TO DATE    0                         0      0        0
  SINCE JUN 1      7                        19    -12       33
  SINCE JUL 1      0                         0      0        0

 COOLING
  YESTERDAY       13                        12      1       16
  MONTH TO DATE  133                       144    -11      164
  SINCE JUN 1    365                       356      9      392
  SINCE JAN 1    484                       425     59      551
..................................................................


WIND (MPH)
  HIGHEST WIND SPEED    10   HIGHEST WIND DIRECTION    SW (230)
  HIGHEST GUST SPEED    20   HIGHEST GUST DIRECTION     W (250)
  AVERAGE WIND SPEED     4.6


SKY COVER
  AVERAGE SKY COVER 0.3


WEATHER CONDITIONS
 THE FOLLOWING WEATHER WAS RECORDED YESTERDAY.
  NO SIGNIFICANT WEATHER WAS OBSERVED.


RELATIVE HUMIDITY (PERCENT)
 HIGHEST    82          1000 PM
 LOWEST     62           300 PM
 AVERAGE    72

..........................................................


THE CENTRAL PARK NY CLIMATE NORMALS FOR TODAY
                         NORMAL    RECORD    YEAR
 MAXIMUM TEMPERATURE (F)   84       100      1954
 MINIMUM TEMPERATURE (F)   69        58      1926
                                             1888
                                             1877


SUNRISE AND SUNSET
JULY 14 2016..........SUNRISE   537 AM EDT   SUNSET   826 PM EDT
JULY 15 2016..........SUNRISE   538 AM EDT   SUNSET   826 PM EDT


-  INDICATES NEGATIVE NUMBERS.
R  INDICATES RECORD WAS SET OR TIED.
MM INDICATES DATA IS MISSING.
T  INDICATES TRACE AMOUNT.




$$
