000
CDUS41 KOKX 072048
CLINYC


CLIMATE REPORT
NATIONAL WEATHER SERVICE NEW YORK NY
448 PM EDT MON AUG 7 2017


...................................

...THE CENTRAL PARK NY CLIMATE SUMMARY FOR AUGUST 7 2017...
VALID TODAY AS OF 0400 PM LOCAL TIME.

CLIMATE NORMAL PERIOD 1981 TO 2010
CLIMATE RECORD PERIOD 1869 TO 2017


WEATHER ITEM   OBSERVED TIME   RECORD YEAR NORMAL DEPARTURE LAST
                VALUE   (LST)  VALUE       VALUE  FROM      YEAR
                                                  NORMAL
..................................................................
TEMPERATURE (F)
 TODAY
  MAXIMUM         71    653 AM 104    1918  84    -13       86
  MINIMUM         64    255 PM  57    1994  69     -5       70
  AVERAGE         68                        76     -8       78

PRECIPITATION (IN)
  TODAY            0.53          2.18 1921   0.15   0.38     0.00
  MONTH TO DATE    1.07                      1.12  -0.05     0.05
  SINCE JUN 1     10.02                     10.13  -0.11     9.67
  SINCE JAN 1     32.80                     29.92   2.88    25.01

SNOWFALL (IN)
  TODAY            0.0           0.0  2002   0.0    0.0      0.0
                                      2001
  MONTH TO DATE    0.0                       0.0    0.0      0.0
  SINCE OCT 1     30.2                      25.8    4.4     32.8
  SINCE JUL 1      0.0                       0.0    0.0      0.0
  SNOW DEPTH       0

DEGREE DAYS
 HEATING
  TODAY            0                         0      0        0
  MONTH TO DATE    0                         0      0        0
  SINCE JUN 1     24                        19      5        7
  SINCE JUL 1      0                         0      0        0

 COOLING
  TODAY            3                        11     -8       13
  MONTH TO DATE   72                        78     -6       75
  SINCE JUN 1    686                       645     41      739
  SINCE JAN 1    775                       714     61      858
..................................................................


WIND (MPH)
  HIGHEST WIND SPEED     8   HIGHEST WIND DIRECTION     W (270)
  HIGHEST GUST SPEED    13   HIGHEST GUST DIRECTION     W (250)
  AVERAGE WIND SPEED     1.9


SKY COVER
  AVERAGE SKY COVER 0.8


WEATHER CONDITIONS
 THE FOLLOWING WEATHER WAS RECORDED TODAY.
  HEAVY RAIN
  RAIN
  LIGHT RAIN
  FOG


RELATIVE HUMIDITY (PERCENT)
 HIGHEST   100           300 PM
 LOWEST     57          1200 AM
 AVERAGE    79

..........................................................


THE CENTRAL PARK NY CLIMATE NORMALS FOR TOMORROW
                         NORMAL    RECORD    YEAR
 MAXIMUM TEMPERATURE (F)   84        99      2001
 MINIMUM TEMPERATURE (F)   69        54      1903


SUNRISE AND SUNSET
AUGUST  7 2017........SUNRISE   558 AM EDT   SUNSET   804 PM EDT
AUGUST  8 2017........SUNRISE   559 AM EDT   SUNSET   803 PM EDT


-  INDICATES NEGATIVE NUMBERS.
R  INDICATES RECORD WAS SET OR TIED.
MM INDICATES DATA IS MISSING.
T  INDICATES TRACE AMOUNT.




$$
