000
CDUS41 KOKX 221405
CLINYC


CLIMATE REPORT
NATIONAL WEATHER SERVICE NEW YORK NY
905 AM EST TUE NOV 22 2016


...................................

...THE CENTRAL PARK NY CLIMATE SUMMARY FOR NOVEMBER 21 2016...

CLIMATE NORMAL PERIOD 1981 TO 2010
CLIMATE RECORD PERIOD 1869 TO 2016


WEATHER ITEM   OBSERVED TIME   RECORD YEAR NORMAL DEPARTURE LAST
                VALUE   (LST)  VALUE       VALUE  FROM      YEAR
                                                  NORMAL
..................................................................
TEMPERATURE (F)
 YESTERDAY
  MAXIMUM         41    232 PM  74    1900  52    -11       53
  MINIMUM         36    743 AM  16    1879  40     -4       42
  AVERAGE         39                        46     -7       48

PRECIPITATION (IN)
  YESTERDAY        0.00          1.33 1944   0.14  -0.14     0.00
  MONTH TO DATE    2.43                      2.77  -0.34     1.96
  SINCE SEP 1      9.37                     11.45  -2.08     9.15
  SINCE JAN 1     36.30                     44.69  -8.39    36.20

SNOWFALL (IN)
  YESTERDAY        0.0           0.8  1937   0.0    0.0      0.0
  MONTH TO DATE    T                         0.1   -0.1      0.0
  SINCE OCT 1      T                         0.1   -0.1      0.0
  SINCE JUL 1      T                         0.1   -0.1      0.0
  SNOW DEPTH       0

DEGREE DAYS
 HEATING
  YESTERDAY       26                        19      7       17
  MONTH TO DATE  285                       333    -48      197
  SINCE SEP 1    519                       644   -125      421
  SINCE JUL 1    519                       646   -127      421

 COOLING
  YESTERDAY        0                         0      0        0
  MONTH TO DATE    0                         0      0        5
  SINCE SEP 1    257                       150    107      313
  SINCE JAN 1   1489                      1104    385     1578
..................................................................


WIND (MPH)
  HIGHEST WIND SPEED    22   HIGHEST WIND DIRECTION     W (280)
  HIGHEST GUST SPEED    39   HIGHEST GUST DIRECTION     W (290)
  AVERAGE WIND SPEED    13.1


SKY COVER
  AVERAGE SKY COVER 0.9


WEATHER CONDITIONS
 THE FOLLOWING WEATHER WAS RECORDED YESTERDAY.
  NO SIGNIFICANT WEATHER WAS OBSERVED.


RELATIVE HUMIDITY (PERCENT)
 HIGHEST    52           300 AM
 LOWEST     37           900 PM
 AVERAGE    45

..........................................................


THE CENTRAL PARK NY CLIMATE NORMALS FOR TODAY
                         NORMAL    RECORD    YEAR
 MAXIMUM TEMPERATURE (F)   52        72      1931
 MINIMUM TEMPERATURE (F)   40        13      1880


SUNRISE AND SUNSET
NOVEMBER 22 2016......SUNRISE   651 AM EST   SUNSET   432 PM EST
NOVEMBER 23 2016......SUNRISE   653 AM EST   SUNSET   432 PM EST


-  INDICATES NEGATIVE NUMBERS.
R  INDICATES RECORD WAS SET OR TIED.
MM INDICATES DATA IS MISSING.
T  INDICATES TRACE AMOUNT.




$$
