943
CDUS41 KOKX 150616
CLINYC


CLIMATE REPORT
NATIONAL WEATHER SERVICE NEW YORK NY
216 AM EDT MON MAY 15 2017


...................................

...THE CENTRAL PARK NY CLIMATE SUMMARY FOR MAY 14 2017...

CLIMATE NORMAL PERIOD 1981 TO 2010
CLIMATE RECORD PERIOD 1869 TO 2017


WEATHER ITEM   OBSERVED TIME   RECORD YEAR NORMAL DEPARTURE LAST
                VALUE   (LST)  VALUE       VALUE  FROM      YEAR
                                                  NORMAL
..................................................................
TEMPERATURE (F)
 YESTERDAY
  MAXIMUM         67    127 PM  88    1900  70     -3       73
  MINIMUM         46    600 AM  40    1878  53     -7       56
  AVERAGE         57                        62     -5       65

PRECIPITATION (IN)
  YESTERDAY        0.02          3.38 1978   0.12  -0.10      T
  MONTH TO DATE    4.84                      1.77   3.07     1.77
  SINCE MAR 1     13.93                     10.63   3.30     4.55
  SINCE JAN 1     21.24                     17.37   3.87    13.36

SNOWFALL (IN)
  YESTERDAY        0.0           0.0  2002   0.0    0.0      0.0
                                      2001
  MONTH TO DATE    0.0                       0.0    0.0      0.0
  SINCE OCT 1     30.2                      25.8    4.4     32.8
  SINCE JUL 1     30.2                      25.8    4.4     32.8
  SNOW DEPTH       0

DEGREE DAYS
 HEATING
  YESTERDAY        8                         5      3        0
  MONTH TO DATE  120                        85     35      117
  SINCE MAR 1   1174                      1156     18      970
  SINCE JUL 1   4157                      4678   -521     3717

 COOLING
  YESTERDAY        0                         1     -1        0
  MONTH TO DATE    4                        14    -10        3
  SINCE MAR 1     38                        26     12       22
  SINCE JAN 1     38                        26     12       22
..................................................................


WIND (MPH)
  HIGHEST WIND SPEED    15   HIGHEST WIND DIRECTION    NW (310)
  HIGHEST GUST SPEED    30   HIGHEST GUST DIRECTION     W (290)
  AVERAGE WIND SPEED     5.3


SKY COVER
  AVERAGE SKY COVER 0.6


WEATHER CONDITIONS
 THE FOLLOWING WEATHER WAS RECORDED YESTERDAY.
  RAIN
  LIGHT RAIN


RELATIVE HUMIDITY (PERCENT)
 HIGHEST    93           100 AM
 LOWEST     44           300 PM
 AVERAGE    69

..........................................................


THE CENTRAL PARK NY CLIMATE NORMALS FOR TODAY
                         NORMAL    RECORD    YEAR
 MAXIMUM TEMPERATURE (F)   71        90      1900
 MINIMUM TEMPERATURE (F)   54        42      1947
                                             1920


SUNRISE AND SUNSET
MAY 15 2017...........SUNRISE   538 AM EDT   SUNSET   807 PM EDT
MAY 16 2017...........SUNRISE   537 AM EDT   SUNSET   808 PM EDT


-  INDICATES NEGATIVE NUMBERS.
R  INDICATES RECORD WAS SET OR TIED.
MM INDICATES DATA IS MISSING.
T  INDICATES TRACE AMOUNT.




$$
