000
CDUS41 KOKX 202032
CLINYC


CLIMATE REPORT
NATIONAL WEATHER SERVICE NEW YORK NY
432 PM EDT WED JUL 20 2016


...................................

...THE CENTRAL PARK NY CLIMATE SUMMARY FOR JULY 20 2016...
VALID TODAY AS OF 0400 PM LOCAL TIME.

CLIMATE NORMAL PERIOD 1981 TO 2010
CLIMATE RECORD PERIOD 1869 TO 2016


WEATHER ITEM   OBSERVED TIME   RECORD YEAR NORMAL DEPARTURE LAST
                VALUE   (LST)  VALUE       VALUE  FROM      YEAR
                                                  NORMAL
..................................................................
TEMPERATURE (F)
 TODAY
  MAXIMUM         85    201 PM 101    1980  84      1       94
  MINIMUM         68    539 AM  55    1890  69     -1       82
  AVERAGE         77                        77      0       88

PRECIPITATION (IN)
  TODAY            0.00          1.97 1889   0.15  -0.15     0.00
  MONTH TO DATE    3.60                      2.86   0.74     1.67
  SINCE JUN 1      6.20                      7.27  -1.07     6.46
  SINCE JAN 1     21.54                     27.06  -5.52    22.39

SNOWFALL (IN)
  TODAY            0.0           0.0  2002   0.0    0.0      0.0
                                      2001
  MONTH TO DATE    0.0                       0.0    0.0      0.0
  SINCE OCT 1     32.8                      25.8    7.0     50.3
  SINCE JUL 1      0.0                       0.0    0.0      0.0
  SNOW DEPTH       0

DEGREE DAYS
 HEATING
  TODAY            0                         0      0        0
  MONTH TO DATE    0                         0      0        0
  SINCE JUN 1      7                        19    -12       33
  SINCE JUL 1      0                         0      0        0

 COOLING
  TODAY           12                        12      0       23
  MONTH TO DATE  246                       228     18      262
  SINCE JUN 1    478                       440     38      490
  SINCE JAN 1    597                       509     88      649
..................................................................


WIND (MPH)
  HIGHEST WIND SPEED    10   HIGHEST WIND DIRECTION     E (80)
  HIGHEST GUST SPEED    14   HIGHEST GUST DIRECTION     E (80)
  AVERAGE WIND SPEED     3.6


SKY COVER
  AVERAGE SKY COVER 0.3


WEATHER CONDITIONS
 THE FOLLOWING WEATHER WAS RECORDED TODAY.
  NO SIGNIFICANT WEATHER WAS OBSERVED.


RELATIVE HUMIDITY (PERCENT)
 HIGHEST    57           700 AM
 LOWEST     33          1200 PM
 AVERAGE    45

..........................................................


THE CENTRAL PARK NY CLIMATE NORMALS FOR TOMORROW
                         NORMAL    RECORD    YEAR
 MAXIMUM TEMPERATURE (F)   84       104      1977
 MINIMUM TEMPERATURE (F)   69        55      1890


SUNRISE AND SUNSET
JULY 20 2016..........SUNRISE   542 AM EDT   SUNSET   822 PM EDT
JULY 21 2016..........SUNRISE   543 AM EDT   SUNSET   821 PM EDT


-  INDICATES NEGATIVE NUMBERS.
R  INDICATES RECORD WAS SET OR TIED.
MM INDICATES DATA IS MISSING.
T  INDICATES TRACE AMOUNT.




$$
