000
CDUS41 KOKX 222039
CLINYC


CLIMATE REPORT
NATIONAL WEATHER SERVICE NEW YORK NY
439 PM EDT MON JUN 22 2015


...................................

...THE CENTRAL PARK NY CLIMATE SUMMARY FOR JUNE 22 2015...
VALID TODAY AS OF 0400 PM LOCAL TIME.

CLIMATE NORMAL PERIOD 1981 TO 2010
CLIMATE RECORD PERIOD 1869 TO 2015


WEATHER ITEM   OBSERVED TIME   RECORD YEAR NORMAL DEPARTURE LAST
                VALUE   (LST)  VALUE       VALUE  FROM      YEAR
                                                  NORMAL
..................................................................
TEMPERATURE (F)
 TODAY
  MAXIMUM         87    254 PM  98    1988  81      6       79
  MINIMUM         70    438 AM  52    1940  66      4       64
                                      1897
  AVERAGE         79                        73      6       72

PRECIPITATION (IN)
  TODAY            0.00          1.96 1887   0.13  -0.13     0.00
  MONTH TO DATE    3.32                      3.38  -0.06     4.11
  SINCE JUN 1      3.32                      3.38  -0.06     4.11
  SINCE JAN 1     19.25                     23.17  -3.92    28.27

SNOWFALL (IN)
  TODAY            0.0           0.0  2002   0.0    0.0      0.0
                                      2001
  MONTH TO DATE    0.0                       0.0    0.0      0.0
  SINCE OCT 1     50.3                      25.8   24.5     57.4
  SINCE JUL 1     50.3                      25.8   24.5     57.4
  SNOW DEPTH       0

DEGREE DAYS
 HEATING
  TODAY            0                         0      0        0
  MONTH TO DATE   33                        17     16        0
  SINCE JUN 1     33                        17     16        0
  SINCE JUL 1   4974                      4748    226     4962

 COOLING
  TODAY           14                         9      5        7
  MONTH TO DATE  162                       136     26      143
  SINCE JUN 1    162                       136     26      143
  SINCE JAN 1    321                       205    116      197
..................................................................


WIND (MPH)
  HIGHEST WIND SPEED    13   HIGHEST WIND DIRECTION     W (260)
  HIGHEST GUST SPEED    19   HIGHEST GUST DIRECTION     W (260)
  AVERAGE WIND SPEED     5.7


SKY COVER
  AVERAGE SKY COVER 0.0


WEATHER CONDITIONS
 THE FOLLOWING WEATHER WAS RECORDED TODAY.
  NO SIGNIFICANT WEATHER WAS OBSERVED.


RELATIVE HUMIDITY (PERCENT)
 HIGHEST    87          1200 AM
 LOWEST     37           200 PM
 AVERAGE    62

..........................................................


THE CENTRAL PARK NY CLIMATE NORMALS FOR TOMORROW
                         NORMAL    RECORD    YEAR
 MAXIMUM TEMPERATURE (F)   81        96      1888
 MINIMUM TEMPERATURE (F)   66        49      1918


SUNRISE AND SUNSET
JUNE 22 2015..........SUNRISE   525 AM EDT   SUNSET   831 PM EDT
JUNE 23 2015..........SUNRISE   525 AM EDT   SUNSET   831 PM EDT


-  INDICATES NEGATIVE NUMBERS.
R  INDICATES RECORD WAS SET OR TIED.
MM INDICATES DATA IS MISSING.
T  INDICATES TRACE AMOUNT.




$$
