000
CDUS41 KOKX 112032
CLINYC


CLIMATE REPORT
NATIONAL WEATHER SERVICE NEW YORK NY
432 PM EDT SUN JUN 11 2017


...................................

...THE CENTRAL PARK NY CLIMATE SUMMARY FOR JUNE 11 2017...
VALID TODAY AS OF 0400 PM LOCAL TIME.

CLIMATE NORMAL PERIOD 1981 TO 2010
CLIMATE RECORD PERIOD 1869 TO 2017


WEATHER ITEM   OBSERVED TIME   RECORD YEAR NORMAL DEPARTURE LAST
                VALUE   (LST)  VALUE       VALUE  FROM      YEAR
                                                  NORMAL
..................................................................
TEMPERATURE (F)
 TODAY
  MAXIMUM         90    259 PM  95    1973  78     12       88
  MINIMUM         72    506 AM  46    1972  62     10       59
  AVERAGE         81                        70     11       74

PRECIPITATION (IN)
  TODAY            0.00          1.14 1911   0.16  -0.16     0.00
  MONTH TO DATE    0.19                      1.76  -1.57     1.80
  SINCE JUN 1      0.19                      1.76  -1.57     1.80
  SINCE JAN 1     22.97                     21.55   1.42    17.14

SNOWFALL (IN)
  TODAY            0.0           0.0  2002   0.0    0.0      0.0
                                      2001
  MONTH TO DATE    0.0                       0.0    0.0      0.0
  SINCE OCT 1     30.2                      25.8    4.4     32.8
  SINCE JUL 1     30.2                      25.8    4.4     32.8
  SNOW DEPTH       0

DEGREE DAYS
 HEATING
  TODAY            0                         1     -1        0
  MONTH TO DATE   24                        14     10        7
  SINCE JUN 1     24                        14     10        7
  SINCE JUL 1   4226                      4745   -519     3768

 COOLING
  TODAY           16                         6     10        9
  MONTH TO DATE   35                        55    -20       60
  SINCE JUN 1     35                        55    -20       60
  SINCE JAN 1    124                       124      0      179
..................................................................


WIND (MPH)
  HIGHEST WIND SPEED    13   HIGHEST WIND DIRECTION     W (280)
  HIGHEST GUST SPEED    21   HIGHEST GUST DIRECTION     W (250)
  AVERAGE WIND SPEED     4.1


SKY COVER
  AVERAGE SKY COVER 0.0


WEATHER CONDITIONS
 THE FOLLOWING WEATHER WAS RECORDED TODAY.
  NO SIGNIFICANT WEATHER WAS OBSERVED.


RELATIVE HUMIDITY (PERCENT)
 HIGHEST    68           500 AM
 LOWEST     37          1200 PM
 AVERAGE    53

..........................................................


THE CENTRAL PARK NY CLIMATE NORMALS FOR TOMORROW
                         NORMAL    RECORD    YEAR
 MAXIMUM TEMPERATURE (F)   78        93      1973
                                             1933
 MINIMUM TEMPERATURE (F)   63        48      1979


SUNRISE AND SUNSET
JUNE 11 2017..........SUNRISE   524 AM EDT   SUNSET   827 PM EDT
JUNE 12 2017..........SUNRISE   524 AM EDT   SUNSET   828 PM EDT


-  INDICATES NEGATIVE NUMBERS.
R  INDICATES RECORD WAS SET OR TIED.
MM INDICATES DATA IS MISSING.
T  INDICATES TRACE AMOUNT.




$$
