000
CDUS41 KOKX 300617
CLINYC


CLIMATE REPORT
NATIONAL WEATHER SERVICE NEW YORK NY
117 AM EST SAT JAN 30 2016


...................................

...THE CENTRAL PARK NY CLIMATE SUMMARY FOR JANUARY 29 2016...

CLIMATE NORMAL PERIOD 1981 TO 2010
CLIMATE RECORD PERIOD 1869 TO 2016


WEATHER ITEM   OBSERVED TIME   RECORD YEAR NORMAL DEPARTURE LAST
                VALUE   (LST)  VALUE       VALUE  FROM      YEAR
                                                  NORMAL
..................................................................
TEMPERATURE (F)
 YESTERDAY
  MAXIMUM         41    402 PM  69    2002  39      2       36
  MINIMUM         30   1159 PM   0    1873  27      3       19
  AVERAGE         36                        33      3       28

PRECIPITATION (IN)
  YESTERDAY        0.00          1.03 1990   0.11  -0.11     0.02
  MONTH TO DATE    4.41                      3.42   0.99     5.17
  SINCE DEC 1      9.13                      7.42   1.71    11.21
  SINCE JAN 1      4.41                      3.42   0.99     5.17

SNOWFALL (IN)
  YESTERDAY        0.0           4.7  1904   0.3   -0.3       T
  MONTH TO DATE   27.2                       6.5   20.7     15.9
  SINCE OCT 1     27.2                      11.6   15.6     17.1
  SINCE JUL 1     27.2                      11.6   15.6     17.1
  SNOW DEPTH       0

DEGREE DAYS
 HEATING
  YESTERDAY       29                        32     -3       37
  MONTH TO DATE  890                       943    -53      999
  SINCE DEC 1   1324                      1795   -471     1750
  SINCE JUL 1   1912                      2628   -716     2535

 COOLING
  YESTERDAY        0                         0      0        0
  MONTH TO DATE    0                         0      0        0
  SINCE DEC 1      3                         0      3        0
  SINCE JAN 1      0                         0      0        0
..................................................................


WIND (MPH)
  HIGHEST WIND SPEED    17   HIGHEST WIND DIRECTION    NW (310)
  HIGHEST GUST SPEED    32   HIGHEST GUST DIRECTION    NW (320)
  AVERAGE WIND SPEED     7.9


SKY COVER
  AVERAGE SKY COVER 0.5


WEATHER CONDITIONS
 THE FOLLOWING WEATHER WAS RECORDED YESTERDAY.
  NO SIGNIFICANT WEATHER WAS OBSERVED.


RELATIVE HUMIDITY (PERCENT)
 HIGHEST    59           100 PM
 LOWEST     40           600 PM
 AVERAGE    50

..........................................................


THE CENTRAL PARK NY CLIMATE NORMALS FOR TODAY
                         NORMAL    RECORD    YEAR
 MAXIMUM TEMPERATURE (F)   39        64      2006
 MINIMUM TEMPERATURE (F)   27         2      1873


SUNRISE AND SUNSET
JANUARY 30 2016.......SUNRISE   708 AM EST   SUNSET   510 PM EST
JANUARY 31 2016.......SUNRISE   707 AM EST   SUNSET   512 PM EST


-  INDICATES NEGATIVE NUMBERS.
R  INDICATES RECORD WAS SET OR TIED.
MM INDICATES DATA IS MISSING.
T  INDICATES TRACE AMOUNT.




$$
